CRAN Package Check Results for Package imputeMDR

Last updated on 2015-07-30 09:47:29.

Flavor Version Tinstall Tcheck Ttotal Status Flags
r-devel-linux-x86_64-debian-clang 1.1.2 0.88 9.16 10.03 NOTE
r-devel-linux-x86_64-debian-gcc 1.1.2 0.86 8.82 9.69 NOTE
r-devel-linux-x86_64-fedora-clang 1.1.2 19.09 NOTE
r-devel-linux-x86_64-fedora-gcc 1.1.2 17.30 NOTE
r-devel-osx-x86_64-clang 1.1.2 18.62 NOTE
r-devel-windows-ix86+x86_64 1.1.2 5.00 34.00 39.00 NOTE
r-patched-linux-x86_64 1.1.2 0.91 9.29 10.20 NOTE
r-patched-solaris-sparc 1.1.2 124.00 NOTE
r-patched-solaris-x86 1.1.2 28.40 NOTE
r-release-linux-x86_64 1.1.2 0.91 8.96 9.86 NOTE
r-release-osx-x86_64-mavericks 1.1.2 NOTE
r-release-windows-ix86+x86_64 1.1.2 5.00 19.00 24.00 NOTE
r-oldrel-windows-ix86+x86_64 1.1.2 9.00 20.00 29.00 OK

Check Details

Version: 1.1.2
Check: DESCRIPTION meta-information
Result: NOTE
    Malformed Description field: should contain one or more complete sentences.
Flavors: r-devel-linux-x86_64-debian-clang, r-devel-linux-x86_64-debian-gcc, r-devel-linux-x86_64-fedora-clang, r-devel-linux-x86_64-fedora-gcc, r-devel-osx-x86_64-clang, r-devel-windows-ix86+x86_64, r-patched-linux-x86_64, r-patched-solaris-sparc, r-patched-solaris-x86, r-release-linux-x86_64, r-release-osx-x86_64-mavericks, r-release-windows-ix86+x86_64

Version: 1.1.2
Check: R code for possible problems
Result: NOTE
    impute.mdr: no visible global function definition for ‘combn’
    Undefined global functions or variables:
     combn
    Consider adding
     importFrom("utils", "combn")
    to your NAMESPACE.
Flavors: r-devel-linux-x86_64-debian-clang, r-devel-linux-x86_64-debian-gcc, r-devel-linux-x86_64-fedora-clang, r-devel-linux-x86_64-fedora-gcc, r-devel-windows-ix86+x86_64

Version: 1.1.2
Check: Rd line widths
Result: NOTE
    Rd file 'impute.mdr.Rd':
     \usage lines wider than 90 characters:
     impute.mdr(dataset, colresp, cs, combi, cv.fold = 10, na.method = 0, max_iter = 30, randomize = FALSE)
    
    These lines will be truncated in the PDF manual.
Flavors: r-devel-linux-x86_64-debian-clang, r-devel-linux-x86_64-debian-gcc, r-devel-linux-x86_64-fedora-clang, r-devel-linux-x86_64-fedora-gcc, r-patched-linux-x86_64, r-release-linux-x86_64