CRAN Package Check Results for Package imputeMDR

Last updated on 2014-08-29 11:54:52.

Flavor Version Tinstall Tcheck Ttotal Status Flags
r-devel-linux-x86_64-debian-clang 1.1.2 0.76 8.75 9.51 OK
r-devel-linux-x86_64-debian-gcc 1.1.2 0.82 8.84 9.66 OK
r-devel-linux-x86_64-fedora-clang 1.1.2 20.74 NOTE
r-devel-linux-x86_64-fedora-gcc 1.1.2 18.34 NOTE
r-devel-osx-x86_64-clang 1.1.2 23.90 OK
r-devel-windows-ix86+x86_64 1.1.2 5.00 18.00 23.00 OK
r-patched-linux-x86_64 1.1.2 0.89 9.33 10.22 OK
r-patched-solaris-sparc 1.1.2 117.60 OK
r-patched-solaris-x86 1.1.2 30.20 OK
r-release-linux-ix86 1.1.2 1.45 15.54 17.00 OK
r-release-linux-x86_64 1.1.2 0.87 9.09 9.96 OK
r-release-osx-x86_64-mavericks 1.1.2 OK
r-release-windows-ix86+x86_64 1.1.2 8.00 26.00 34.00 OK
r-oldrel-windows-ix86+x86_64 1.1.2 5.00 21.00 26.00 OK

Check Details

Version: 1.1.2
Check: Rd line widths
Result: NOTE
    Rd file 'impute.mdr.Rd':
     \usage lines wider than 90 characters:
     impute.mdr(dataset, colresp, cs, combi, cv.fold = 10, na.method = 0, max_iter = 30, randomize = FALSE)
    
    These lines will be truncated in the PDF manual.
Flavors: r-devel-linux-x86_64-fedora-clang, r-devel-linux-x86_64-fedora-gcc