CRAN Package Check Results for Package imputeMDR

Last updated on 2017-03-23 23:50:48.

Flavor Version Tinstall Tcheck Ttotal Status Flags
r-devel-linux-x86_64-debian-clang 1.1.2 1.21 11.62 12.83 NOTE
r-devel-linux-x86_64-debian-gcc 1.1.2 1.03 11.52 12.55 NOTE
r-devel-linux-x86_64-fedora-clang 1.1.2 19.75 NOTE --no-stop-on-test-error
r-devel-linux-x86_64-fedora-gcc 1.1.2 18.99 NOTE --no-stop-on-test-error
r-devel-macos-x86_64-clang 1.1.2 18.44 NOTE --no-stop-on-test-error
r-devel-windows-ix86+x86_64 1.1.2 5.00 27.00 32.00 NOTE
r-patched-linux-x86_64 1.1.2 1.00 9.53 10.52 NOTE
r-patched-solaris-sparc 1.1.2 122.20 NOTE
r-patched-solaris-x86 1.1.2 29.30 NOTE
r-release-linux-x86_64 1.1.2 0.90 9.98 10.88 NOTE
r-release-osx-x86_64-mavericks 1.1.2 NOTE
r-release-windows-ix86+x86_64 1.1.2 5.00 26.00 31.00 NOTE
r-oldrel-windows-ix86+x86_64 1.1.2 5.00 25.00 30.00 NOTE

Check Details

Version: 1.1.2
Check: DESCRIPTION meta-information
Result: NOTE
    Malformed Description field: should contain one or more complete sentences.
Flavors: r-devel-linux-x86_64-debian-clang, r-devel-linux-x86_64-debian-gcc, r-devel-windows-ix86+x86_64, r-patched-linux-x86_64, r-patched-solaris-sparc, r-patched-solaris-x86, r-release-linux-x86_64, r-release-osx-x86_64-mavericks, r-release-windows-ix86+x86_64, r-oldrel-windows-ix86+x86_64

Version: 1.1.2
Check: R code for possible problems
Result: NOTE
    impute.mdr: no visible global function definition for ‘combn’
    Undefined global functions or variables:
     combn
    Consider adding
     importFrom("utils", "combn")
    to your NAMESPACE file.
Flavors: r-devel-linux-x86_64-debian-clang, r-devel-linux-x86_64-debian-gcc, r-devel-windows-ix86+x86_64, r-patched-linux-x86_64, r-patched-solaris-sparc, r-patched-solaris-x86, r-release-linux-x86_64, r-release-osx-x86_64-mavericks, r-release-windows-ix86+x86_64

Version: 1.1.2
Check: Rd line widths
Result: NOTE
    Rd file 'impute.mdr.Rd':
     \usage lines wider than 90 characters:
     impute.mdr(dataset, colresp, cs, combi, cv.fold = 10, na.method = 0, max_iter = 30, randomize = FALSE)
    
    These lines will be truncated in the PDF manual.
Flavors: r-devel-linux-x86_64-debian-clang, r-devel-linux-x86_64-debian-gcc, r-patched-linux-x86_64, r-release-linux-x86_64

Version: 1.1.2
Check: compiled code
Result: NOTE
    File ‘imputeMDR/libs/imputeMDR.so’:
     Found no calls to: ‘R_registerRoutines’, ‘R_useDynamicSymbols’
    
    It is good practice to register native routines and to disable symbol
    search.
    
    See ‘Writing portable packages’ in the ‘Writing R Extensions’ manual.
Flavors: r-devel-linux-x86_64-debian-clang, r-devel-linux-x86_64-debian-gcc

Version: 1.1.2
Flags: --no-stop-on-test-error
Check: DESCRIPTION meta-information
Result: NOTE
    Malformed Description field: should contain one or more complete sentences.
Flavors: r-devel-linux-x86_64-fedora-clang, r-devel-linux-x86_64-fedora-gcc, r-devel-macos-x86_64-clang

Version: 1.1.2
Flags: --no-stop-on-test-error
Check: R code for possible problems
Result: NOTE
    impute.mdr: no visible global function definition for ‘combn’
    Undefined global functions or variables:
     combn
    Consider adding
     importFrom("utils", "combn")
    to your NAMESPACE file.
Flavors: r-devel-linux-x86_64-fedora-clang, r-devel-linux-x86_64-fedora-gcc, r-devel-macos-x86_64-clang

Version: 1.1.2
Flags: --no-stop-on-test-error
Check: Rd line widths
Result: NOTE
    Rd file 'impute.mdr.Rd':
     \usage lines wider than 90 characters:
     impute.mdr(dataset, colresp, cs, combi, cv.fold = 10, na.method = 0, max_iter = 30, randomize = FALSE)
    
    These lines will be truncated in the PDF manual.
Flavors: r-devel-linux-x86_64-fedora-clang, r-devel-linux-x86_64-fedora-gcc

Version: 1.1.2
Flags: --no-stop-on-test-error
Check: compiled code
Result: NOTE
    File ‘imputeMDR/libs/imputeMDR.so’:
     Found no calls to: ‘R_registerRoutines’, ‘R_useDynamicSymbols’
    
    It is good practice to register native routines and to disable symbol
    search.
    
    See ‘Writing portable packages’ in the ‘Writing R Extensions’ manual.
Flavors: r-devel-linux-x86_64-fedora-clang, r-devel-linux-x86_64-fedora-gcc, r-devel-macos-x86_64-clang