CRAN Package Check Results for Package imputeMDR

Last updated on 2017-08-16 16:46:37.

Flavor Version Tinstall Tcheck Ttotal Status Flags
r-devel-linux-x86_64-debian-clang 1.1.2 1.09 11.47 12.55 NOTE
r-devel-linux-x86_64-debian-gcc 1.1.2 1.06 11.19 12.25 NOTE
r-devel-linux-x86_64-fedora-clang 1.1.2 20.02 NOTE
r-devel-linux-x86_64-fedora-gcc 1.1.2 19.25 NOTE
r-devel-windows-ix86+x86_64 1.1.2 8.00 36.00 44.00 NOTE
r-patched-linux-x86_64 1.1.2 1.21 11.00 12.21 NOTE
r-patched-solaris-x86 1.1.2 29.40 NOTE
r-release-linux-x86_64 1.1.2 0.99 11.21 12.21 NOTE
r-release-windows-ix86+x86_64 1.1.2 6.00 27.00 33.00 NOTE
r-release-osx-x86_64 1.1.2 NOTE
r-oldrel-windows-ix86+x86_64 1.1.2 5.00 26.00 31.00 NOTE
r-oldrel-osx-x86_64 1.1.2 NOTE

Check Details

Version: 1.1.2
Check: DESCRIPTION meta-information
Result: NOTE
    Malformed Description field: should contain one or more complete sentences.
Flavors: r-devel-linux-x86_64-debian-clang, r-devel-linux-x86_64-debian-gcc, r-devel-linux-x86_64-fedora-clang, r-devel-linux-x86_64-fedora-gcc, r-devel-windows-ix86+x86_64, r-patched-linux-x86_64, r-patched-solaris-x86, r-release-linux-x86_64, r-release-windows-ix86+x86_64, r-release-osx-x86_64, r-oldrel-windows-ix86+x86_64, r-oldrel-osx-x86_64

Version: 1.1.2
Check: R code for possible problems
Result: NOTE
    impute.mdr: no visible global function definition for ‘combn’
    Undefined global functions or variables:
     combn
    Consider adding
     importFrom("utils", "combn")
    to your NAMESPACE file.
Flavors: r-devel-linux-x86_64-debian-clang, r-devel-linux-x86_64-debian-gcc, r-devel-linux-x86_64-fedora-clang, r-devel-linux-x86_64-fedora-gcc, r-devel-windows-ix86+x86_64, r-patched-linux-x86_64, r-patched-solaris-x86, r-release-linux-x86_64, r-release-windows-ix86+x86_64, r-release-osx-x86_64, r-oldrel-windows-ix86+x86_64, r-oldrel-osx-x86_64

Version: 1.1.2
Check: Rd line widths
Result: NOTE
    Rd file 'impute.mdr.Rd':
     \usage lines wider than 90 characters:
     impute.mdr(dataset, colresp, cs, combi, cv.fold = 10, na.method = 0, max_iter = 30, randomize = FALSE)
    
    These lines will be truncated in the PDF manual.
Flavors: r-devel-linux-x86_64-debian-clang, r-devel-linux-x86_64-debian-gcc, r-devel-linux-x86_64-fedora-clang, r-devel-linux-x86_64-fedora-gcc, r-patched-linux-x86_64, r-release-linux-x86_64

Version: 1.1.2
Check: compiled code
Result: NOTE
    File ‘imputeMDR/libs/imputeMDR.so’:
     Found no calls to: ‘R_registerRoutines’, ‘R_useDynamicSymbols’
    
    It is good practice to register native routines and to disable symbol
    search.
    
    See ‘Writing portable packages’ in the ‘Writing R Extensions’ manual.
Flavors: r-devel-linux-x86_64-debian-clang, r-devel-linux-x86_64-debian-gcc, r-devel-linux-x86_64-fedora-clang, r-devel-linux-x86_64-fedora-gcc, r-patched-linux-x86_64, r-release-linux-x86_64