CRAN Package Check Results for Package imputeMDR

Last updated on 2014-04-19 08:50:14.

Flavor Version Tinstall Tcheck Ttotal Status Flags
r-devel-linux-x86_64-debian-clang 1.1.2 0.84 9.72 10.56 OK
r-devel-linux-x86_64-debian-gcc 1.1.2 0.89 9.57 10.46 OK
r-devel-linux-x86_64-fedora-clang 1.1.2 19.81 NOTE
r-devel-linux-x86_64-fedora-gcc 1.1.2 18.43 NOTE
r-devel-macosx-x86_64-clang 1.1.2 22.73 OK
r-devel-macosx-x86_64-gcc 1.1.2 OK
r-devel-windows-ix86+x86_64 1.1.2 6.00 19.00 25.00 OK
r-patched-linux-x86_64 1.1.2 0.88 9.52 10.40 OK
r-patched-solaris-sparc 1.1.2 116.40 OK
r-patched-solaris-x86 1.1.2 30.60 OK
r-release-linux-ix86 1.1.2 3.00 22.00 25.00 OK
r-release-linux-x86_64 1.1.2 0.86 9.48 10.34 OK
r-release-windows-ix86+x86_64 1.1.2 12.00 26.00 38.00 OK
r-oldrel-windows-ix86+x86_64 1.1.2 5.00 21.00 26.00 OK

Check Details

Version: 1.1.2
Check: Rd line widths
Result: NOTE
    Rd file 'impute.mdr.Rd':
     \usage lines wider than 90 characters:
     impute.mdr(dataset, colresp, cs, combi, cv.fold = 10, na.method = 0, max_iter = 30, randomize = FALSE)
    
    These lines will be truncated in the PDF manual.
Flavors: r-devel-linux-x86_64-fedora-clang, r-devel-linux-x86_64-fedora-gcc