CRAN Package Check Results for Package imputeMDR

Last updated on 2016-07-28 00:47:58.

Flavor Version Tinstall Tcheck Ttotal Status Flags
r-devel-linux-x86_64-debian-clang 1.1.2 1.29 11.35 12.64 NOTE
r-devel-linux-x86_64-debian-gcc 1.1.2 1.10 10.71 11.81 NOTE
r-devel-linux-x86_64-fedora-clang 1.1.2 16.30 NOTE
r-devel-linux-x86_64-fedora-gcc 1.1.2 15.34 NOTE
r-devel-osx-x86_64-clang 1.1.2 16.04 NOTE
r-devel-windows-ix86+x86_64 1.1.2 4.00 26.00 30.00 NOTE
r-patched-linux-x86_64 1.1.2 1.12 10.69 11.81 NOTE
r-patched-solaris-sparc 1.1.2 94.90 NOTE
r-patched-solaris-x86 1.1.2 22.20 NOTE
r-release-linux-x86_64 1.1.2 1.06 10.89 11.95 NOTE
r-release-osx-x86_64-mavericks 1.1.2 NOTE
r-release-windows-ix86+x86_64 1.1.2 5.00 38.00 43.00 NOTE
r-oldrel-windows-ix86+x86_64 1.1.2 5.00 19.00 24.00 NOTE

Check Details

Version: 1.1.2
Check: DESCRIPTION meta-information
Result: NOTE
    Malformed Description field: should contain one or more complete sentences.
Flavors: r-devel-linux-x86_64-debian-clang, r-devel-linux-x86_64-debian-gcc, r-devel-linux-x86_64-fedora-clang, r-devel-linux-x86_64-fedora-gcc, r-devel-osx-x86_64-clang, r-devel-windows-ix86+x86_64, r-patched-linux-x86_64, r-patched-solaris-sparc, r-patched-solaris-x86, r-release-linux-x86_64, r-release-osx-x86_64-mavericks, r-release-windows-ix86+x86_64, r-oldrel-windows-ix86+x86_64

Version: 1.1.2
Check: R code for possible problems
Result: NOTE
    impute.mdr: no visible global function definition for ‘combn’
    Undefined global functions or variables:
     combn
    Consider adding
     importFrom("utils", "combn")
    to your NAMESPACE file.
Flavors: r-devel-linux-x86_64-debian-clang, r-devel-linux-x86_64-debian-gcc, r-devel-linux-x86_64-fedora-clang, r-devel-linux-x86_64-fedora-gcc, r-devel-osx-x86_64-clang, r-devel-windows-ix86+x86_64, r-patched-linux-x86_64, r-patched-solaris-sparc, r-patched-solaris-x86, r-release-linux-x86_64, r-release-osx-x86_64-mavericks, r-release-windows-ix86+x86_64

Version: 1.1.2
Check: Rd line widths
Result: NOTE
    Rd file 'impute.mdr.Rd':
     \usage lines wider than 90 characters:
     impute.mdr(dataset, colresp, cs, combi, cv.fold = 10, na.method = 0, max_iter = 30, randomize = FALSE)
    
    These lines will be truncated in the PDF manual.
Flavors: r-devel-linux-x86_64-debian-clang, r-devel-linux-x86_64-debian-gcc, r-devel-linux-x86_64-fedora-clang, r-devel-linux-x86_64-fedora-gcc, r-patched-linux-x86_64, r-release-linux-x86_64