CRAN Package Check Results for Package imputeMDR

Last updated on 2014-07-30 01:47:50.

Flavor Version Tinstall Tcheck Ttotal Status Flags
r-devel-linux-x86_64-debian-clang 1.1.2 0.77 9.22 9.99 OK
r-devel-linux-x86_64-debian-gcc 1.1.2 0.87 8.93 9.80 OK
r-devel-linux-x86_64-fedora-clang 1.1.2 20.45 NOTE
r-devel-linux-x86_64-fedora-gcc 1.1.2 18.47 NOTE
r-devel-osx-x86_64-clang 1.1.2 24.15 OK
r-devel-windows-ix86+x86_64 1.1.2 5.00 18.00 23.00 OK
r-patched-linux-x86_64 1.1.2 0.84 9.09 9.94 OK
r-patched-solaris-sparc 1.1.2 116.40 OK
r-patched-solaris-x86 1.1.2 29.80 OK
r-release-linux-ix86 1.1.2 1.30 15.16 16.46 OK
r-release-linux-x86_64 1.1.2 0.88 9.23 10.11 OK
r-release-osx-x86_64-mavericks 1.1.2 OK
r-release-windows-ix86+x86_64 1.1.2 8.00 26.00 34.00 OK
r-oldrel-windows-ix86+x86_64 1.1.2 5.00 21.00 26.00 OK

Check Details

Version: 1.1.2
Check: Rd line widths
Result: NOTE
    Rd file 'impute.mdr.Rd':
     \usage lines wider than 90 characters:
     impute.mdr(dataset, colresp, cs, combi, cv.fold = 10, na.method = 0, max_iter = 30, randomize = FALSE)
    
    These lines will be truncated in the PDF manual.
Flavors: r-devel-linux-x86_64-fedora-clang, r-devel-linux-x86_64-fedora-gcc