CRAN Package Check Results for Package imputeMDR

Last updated on 2015-01-30 18:51:29.

Flavor Version Tinstall Tcheck Ttotal Status Flags
r-devel-linux-x86_64-debian-clang 1.1.2 0.84 8.87 9.72 NOTE
r-devel-linux-x86_64-debian-gcc 1.1.2 0.92 8.95 9.87 NOTE
r-devel-linux-x86_64-fedora-clang 1.1.2 21.50 NOTE
r-devel-linux-x86_64-fedora-gcc 1.1.2 20.85 NOTE
r-devel-osx-x86_64-clang 1.1.2 26.14 OK
r-devel-windows-ix86+x86_64 1.1.2 6.00 21.00 27.00 OK
r-patched-linux-x86_64 1.1.2 1.02 9.97 10.98 NOTE
r-patched-solaris-sparc 1.1.2 124.90 OK
r-patched-solaris-x86 1.1.2 32.50 OK
r-release-linux-ix86 1.1.2 1.32 15.50 16.82 OK
r-release-linux-x86_64 1.1.2 1.03 9.90 10.94 NOTE
r-release-osx-x86_64-mavericks 1.1.2 OK
r-release-windows-ix86+x86_64 1.1.2 5.00 26.00 31.00 OK
r-oldrel-windows-ix86+x86_64 1.1.2 5.00 21.00 26.00 OK

Check Details

Version: 1.1.2
Check: Rd line widths
Result: NOTE
    Rd file 'impute.mdr.Rd':
     \usage lines wider than 90 characters:
     impute.mdr(dataset, colresp, cs, combi, cv.fold = 10, na.method = 0, max_iter = 30, randomize = FALSE)
    
    These lines will be truncated in the PDF manual.
Flavors: r-devel-linux-x86_64-debian-clang, r-devel-linux-x86_64-debian-gcc, r-devel-linux-x86_64-fedora-clang, r-devel-linux-x86_64-fedora-gcc, r-patched-linux-x86_64, r-release-linux-x86_64