CRAN Package Check Results for Package imputeMDR

Last updated on 2015-04-26 03:47:32.

Flavor Version Tinstall Tcheck Ttotal Status Flags
r-devel-linux-x86_64-debian-clang 1.1.2 0.93 9.44 10.37 NOTE
r-devel-linux-x86_64-debian-gcc 1.1.2 0.90 9.34 10.24 NOTE
r-devel-linux-x86_64-fedora-clang 1.1.2 19.40 NOTE
r-devel-linux-x86_64-fedora-gcc 1.1.2 18.39 NOTE
r-devel-osx-x86_64-clang 1.1.2 24.63 NOTE
r-devel-windows-ix86+x86_64 1.1.2 5.00 20.00 25.00 NOTE
r-patched-linux-x86_64 1.1.2 0.92 9.24 10.16 NOTE
r-patched-solaris-sparc 1.1.2 127.80 NOTE
r-patched-solaris-x86 1.1.2 28.00 NOTE
r-release-linux-x86_64 1.1.2 0.89 9.10 9.99 NOTE
r-release-osx-x86_64-mavericks 1.1.2 NOTE
r-release-osx-x86_64-snowleopard 1.1.2 NOTE
r-release-windows-ix86+x86_64 1.1.2 4.00 20.00 24.00 NOTE
r-oldrel-windows-ix86+x86_64 1.1.2 9.00 20.00 29.00 OK

Check Details

Version: 1.1.2
Check: DESCRIPTION meta-information
Result: NOTE
    Malformed Description field: should contain one or more complete sentences.
Flavors: r-devel-windows-ix86+x86_64, r-release-windows-ix86+x86_64