CRAN Package Check Results for Package imputeMDR

Last updated on 2014-11-22 05:48:24.

Flavor Version Tinstall Tcheck Ttotal Status Flags
r-devel-linux-x86_64-debian-clang 1.1.2 0.91 9.96 10.87 NOTE
r-devel-linux-x86_64-debian-gcc 1.1.2 0.91 9.39 10.30 NOTE
r-devel-linux-x86_64-fedora-clang 1.1.2 22.16 NOTE
r-devel-linux-x86_64-fedora-gcc 1.1.2 20.57 NOTE
r-devel-osx-x86_64-clang 1.1.2 26.47 OK
r-devel-windows-ix86+x86_64 1.1.2 5.00 19.00 24.00 OK
r-patched-linux-x86_64 1.1.2 0.96 9.62 10.58 NOTE
r-patched-solaris-sparc 1.1.2 117.60 OK
r-patched-solaris-x86 1.1.2 31.00 OK
r-release-linux-ix86 1.1.2 1.34 15.65 16.99 OK
r-release-linux-x86_64 1.1.2 0.93 9.92 10.85 NOTE
r-release-osx-x86_64-mavericks 1.1.2 OK
r-release-windows-ix86+x86_64 1.1.2 5.00 26.00 31.00 OK
r-oldrel-windows-ix86+x86_64 1.1.2 5.00 21.00 26.00 OK

Check Details

Version: 1.1.2
Check: Rd line widths
Result: NOTE
    Rd file 'impute.mdr.Rd':
     \usage lines wider than 90 characters:
     impute.mdr(dataset, colresp, cs, combi, cv.fold = 10, na.method = 0, max_iter = 30, randomize = FALSE)
    
    These lines will be truncated in the PDF manual.
Flavors: r-devel-linux-x86_64-debian-clang, r-devel-linux-x86_64-debian-gcc, r-devel-linux-x86_64-fedora-clang, r-devel-linux-x86_64-fedora-gcc, r-patched-linux-x86_64, r-release-linux-x86_64