CRAN Package Check Results for Package imputeMDR

Last updated on 2015-03-27 17:50:22.

Flavor Version Tinstall Tcheck Ttotal Status Flags
r-devel-linux-x86_64-debian-clang 1.1.2 0.87 9.78 10.65 NOTE
r-devel-linux-x86_64-debian-gcc 1.1.2 0.86 9.21 10.07 NOTE
r-devel-linux-x86_64-fedora-clang 1.1.2 19.67 NOTE
r-devel-linux-x86_64-fedora-gcc 1.1.2 17.74 NOTE
r-devel-osx-x86_64-clang 1.1.2 28.02 NOTE
r-prerel-windows-ix86+x86_64 1.1.2 5.00 19.00 24.00 NOTE
r-prerel-linux-x86_64 1.1.2 0.86 9.94 10.80 NOTE
r-prerel-solaris-sparc 1.1.2 127.80 NOTE
r-prerel-solaris-x86 1.1.2 27.30 NOTE
r-release-linux-x86_64 1.1.2 0.97 10.30 11.26 NOTE
r-release-osx-x86_64-mavericks 1.1.2 OK
r-release-windows-ix86+x86_64 1.1.2 9.00 20.00 29.00 OK
r-oldrel-windows-ix86+x86_64 1.1.2 5.00 21.00 26.00 OK

Check Details

Version: 1.1.2
Check: DESCRIPTION meta-information
Result: NOTE
    Malformed Description field: should contain one or more complete sentences.
Flavors: r-devel-linux-x86_64-debian-clang, r-devel-linux-x86_64-debian-gcc, r-devel-linux-x86_64-fedora-clang, r-devel-linux-x86_64-fedora-gcc, r-devel-osx-x86_64-clang, r-prerel-windows-ix86+x86_64, r-prerel-linux-x86_64, r-prerel-solaris-sparc, r-prerel-solaris-x86

Version: 1.1.2
Check: Rd line widths
Result: NOTE
    Rd file 'impute.mdr.Rd':
     \usage lines wider than 90 characters:
     impute.mdr(dataset, colresp, cs, combi, cv.fold = 10, na.method = 0, max_iter = 30, randomize = FALSE)
    
    These lines will be truncated in the PDF manual.
Flavors: r-devel-linux-x86_64-debian-clang, r-devel-linux-x86_64-debian-gcc, r-devel-linux-x86_64-fedora-clang, r-devel-linux-x86_64-fedora-gcc, r-prerel-linux-x86_64, r-release-linux-x86_64