CRAN Package Check Results for Package imputeMissings

Last updated on 2022-08-11 07:51:47 CEST.

Flavor Version Tinstall Tcheck Ttotal Status Flags
r-devel-linux-x86_64-debian-clang 0.0.3 1.45 21.29 22.74 NOTE
r-devel-linux-x86_64-debian-gcc 0.0.3 1.63 16.91 18.54 NOTE
r-devel-linux-x86_64-fedora-clang 0.0.3 40.03 NOTE
r-devel-linux-x86_64-fedora-gcc 0.0.3 39.14 NOTE
r-devel-windows-x86_64 0.0.3 9.00 45.00 54.00 NOTE
r-patched-linux-x86_64 0.0.3 1.82 20.29 22.11 NOTE
r-release-linux-x86_64 0.0.3 NOTE
r-release-macos-arm64 0.0.3 15.00 NOTE
r-release-macos-x86_64 0.0.3 20.00 NOTE
r-release-windows-x86_64 0.0.3 17.00 45.00 62.00 NOTE
r-oldrel-macos-arm64 0.0.3 18.00 NOTE
r-oldrel-macos-x86_64 0.0.3 26.00 NOTE
r-oldrel-windows-ix86+x86_64 0.0.3 5.00 38.00 43.00 NOTE

Check Details

Version: 0.0.3
Check: LazyData
Result: NOTE
     'LazyData' is specified without a 'data' directory
Flavors: r-devel-linux-x86_64-debian-clang, r-devel-linux-x86_64-debian-gcc, r-devel-linux-x86_64-fedora-clang, r-devel-linux-x86_64-fedora-gcc, r-devel-windows-x86_64, r-patched-linux-x86_64, r-release-linux-x86_64, r-release-macos-arm64, r-release-macos-x86_64, r-release-windows-x86_64, r-oldrel-macos-arm64, r-oldrel-macos-x86_64, r-oldrel-windows-ix86+x86_64