CRAN Package Check Results for Package imputeYn

Last updated on 2014-07-24 03:48:49.

Flavor Version Tinstall Tcheck Ttotal Status Flags
r-devel-linux-x86_64-debian-clang 1.1 1.02 16.40 17.42 NOTE
r-devel-linux-x86_64-debian-gcc 1.1 1.02 16.94 17.96 NOTE
r-devel-linux-x86_64-fedora-clang 1.1 37.21 NOTE
r-devel-linux-x86_64-fedora-gcc 1.1 35.20 NOTE
r-devel-osx-x86_64-clang 1.1 35.31 NOTE
r-devel-windows-ix86+x86_64 1.1 4.00 30.00 34.00 NOTE
r-patched-linux-x86_64 1.1 1.03 16.11 17.14 NOTE
r-patched-solaris-sparc 1.1 206.10 NOTE
r-patched-solaris-x86 1.1 48.80 NOTE
r-release-linux-ix86 1.1 1.49 23.56 25.05 NOTE
r-release-linux-x86_64 1.1 1.05 16.76 17.81 NOTE
r-release-osx-x86_64-mavericks 1.1 NOTE
r-release-osx-x86_64-snowleopard 1.1 NOTE
r-release-windows-ix86+x86_64 1.1 4.00 27.00 31.00 NOTE
r-oldrel-windows-ix86+x86_64 1.1 4.00 29.00 33.00 NOTE

Check Details

Version: 1.1
Check: dependencies in R code
Result: NOTE
    Packages in Depends field not imported from:
     ‘emplik’ ‘mvtnorm’ ‘quadprog’
     These packages need to be imported from (in the NAMESPACE file)
     for when this namespace is loaded but not attached.
    See the information on DESCRIPTION files in the chapter ‘Creating R
    packages’ of the ‘Writing R Extensions’ manual.
Flavors: r-devel-linux-x86_64-debian-clang, r-devel-linux-x86_64-debian-gcc, r-devel-linux-x86_64-fedora-clang, r-devel-linux-x86_64-fedora-gcc, r-devel-osx-x86_64-clang, r-devel-windows-ix86+x86_64, r-patched-linux-x86_64, r-patched-solaris-sparc, r-patched-solaris-x86, r-release-linux-ix86, r-release-linux-x86_64, r-release-osx-x86_64-mavericks, r-release-windows-ix86+x86_64, r-oldrel-windows-ix86+x86_64

Version: 1.1
Check: R code for possible problems
Result: NOTE
    lss.mod: no visible binding for global variable ‘response’
Flavors: r-devel-linux-x86_64-debian-clang, r-devel-linux-x86_64-debian-gcc, r-devel-linux-x86_64-fedora-clang, r-devel-linux-x86_64-fedora-gcc, r-devel-osx-x86_64-clang, r-devel-windows-ix86+x86_64, r-patched-linux-x86_64, r-patched-solaris-sparc, r-patched-solaris-x86, r-release-linux-ix86, r-release-linux-x86_64, r-release-osx-x86_64-mavericks, r-release-osx-x86_64-snowleopard, r-release-windows-ix86+x86_64, r-oldrel-windows-ix86+x86_64