CRAN Package Check Results for Package imputeYn

Last updated on 2015-01-26 11:48:52.

Flavor Version Tinstall Tcheck Ttotal Status Flags
r-devel-linux-x86_64-debian-clang 1.2 0.95 16.31 17.26 WARN
r-devel-linux-x86_64-debian-gcc 1.2 0.94 15.70 16.64 WARN
r-devel-linux-x86_64-fedora-clang 1.2 43.21 WARN
r-devel-linux-x86_64-fedora-gcc 1.2 42.16 WARN
r-devel-osx-x86_64-clang 1.2 44.17 WARN
r-devel-windows-ix86+x86_64 1.2 6.00 34.00 40.00 WARN
r-patched-linux-x86_64 1.2 1.08 19.65 20.73 WARN
r-patched-solaris-sparc 1.2 247.70 WARN
r-patched-solaris-x86 1.2 56.30 WARN
r-release-linux-ix86 1.2 1.48 25.42 26.90 OK
r-release-linux-x86_64 1.2 1.10 19.49 20.59 OK
r-release-osx-x86_64-mavericks 1.2 WARN
r-release-osx-x86_64-snowleopard 1.2 OK
r-release-windows-ix86+x86_64 1.2 6.00 34.00 40.00 OK
r-oldrel-windows-ix86+x86_64 1.2 9.00 39.00 48.00 OK

Check Details

Version: 1.2
Check: for unstated dependencies in examples
Result: WARN
    'data(package=)' call not declared from: ‘boot’
Flavors: r-devel-linux-x86_64-debian-clang, r-devel-linux-x86_64-debian-gcc, r-devel-linux-x86_64-fedora-clang, r-devel-linux-x86_64-fedora-gcc, r-devel-osx-x86_64-clang, r-devel-windows-ix86+x86_64, r-patched-linux-x86_64, r-patched-solaris-sparc, r-patched-solaris-x86, r-release-osx-x86_64-mavericks

Version: 1.2
Check: S3 generic/method consistency
Result: NOTE
    Found the following apparent S3 methods exported but not registered:
     print.imputeYn
    See section ‘Registering S3 methods’ in the ‘Writing R Extensions’
    manual.
Flavors: r-devel-linux-x86_64-fedora-clang, r-devel-linux-x86_64-fedora-gcc, r-devel-osx-x86_64-clang