CRAN Package Check Results for Package imputeYn

Last updated on 2014-10-01 17:48:23.

Flavor Version Tinstall Tcheck Ttotal Status Flags
r-devel-linux-x86_64-debian-clang 1.1 0.97 16.52 17.49 NOTE
r-devel-linux-x86_64-debian-gcc 1.1 0.97 16.45 17.42 NOTE
r-devel-linux-x86_64-fedora-clang 1.1 36.26 NOTE
r-devel-linux-x86_64-fedora-gcc 1.1 33.25 NOTE
r-devel-osx-x86_64-clang 1.1 35.48 NOTE
r-devel-windows-ix86+x86_64 1.1 4.00 25.00 29.00 NOTE
r-patched-linux-x86_64 1.1 1.04 18.69 19.73 NOTE
r-patched-solaris-sparc 1.1 206.10 NOTE
r-patched-solaris-x86 1.1 50.70 NOTE
r-release-linux-ix86 1.1 1.50 23.84 25.34 NOTE
r-release-linux-x86_64 1.1 1.09 17.37 18.46 NOTE
r-release-osx-x86_64-mavericks 1.1 NOTE
r-release-osx-x86_64-snowleopard 1.1 NOTE
r-release-windows-ix86+x86_64 1.1 4.00 28.00 32.00 NOTE
r-oldrel-windows-ix86+x86_64 1.1 4.00 30.00 34.00 NOTE

Check Details

Version: 1.1
Check: dependencies in R code
Result: NOTE
    Packages in Depends field not imported from:
     ‘emplik’ ‘mvtnorm’ ‘quadprog’
     These packages need to be imported from (in the NAMESPACE file)
     for when this namespace is loaded but not attached.
    See the information on DESCRIPTION files in the chapter ‘Creating R
    packages’ of the ‘Writing R Extensions’ manual.
Flavors: r-devel-linux-x86_64-debian-clang, r-devel-linux-x86_64-debian-gcc, r-devel-linux-x86_64-fedora-clang, r-devel-linux-x86_64-fedora-gcc, r-devel-osx-x86_64-clang, r-devel-windows-ix86+x86_64, r-patched-linux-x86_64, r-patched-solaris-sparc, r-patched-solaris-x86, r-release-linux-ix86, r-release-linux-x86_64, r-release-osx-x86_64-mavericks, r-release-windows-ix86+x86_64, r-oldrel-windows-ix86+x86_64

Version: 1.1
Check: R code for possible problems
Result: NOTE
    aft.qp: no visible global function definition for ‘solve.QP’
    imputeYn : condMean: no visible global function definition for ‘WKM’
    imputeYn : condMedian: no visible global function definition for ‘WKM’
    imputeYn : RcondMean: no visible global function definition for ‘WKM’
    imputeYn : RcondMedian: no visible global function definition for ‘WKM’
    imputeYn : pred.diff: no visible global function definition for
     ‘survfit’
    imputeYn.extra : it.pred.diff : pred.diff: no visible global function
     definition for ‘survfit’
    imputeYn.extra : it.pred.diff: no visible global function definition
     for ‘survfit’
    imputeYn.extra : km.trend.pred: no visible global function definition
     for ‘survfit’
    lss.mod: no visible binding for global variable ‘response’
Flavors: r-devel-linux-x86_64-debian-clang, r-devel-linux-x86_64-debian-gcc, r-devel-linux-x86_64-fedora-clang, r-devel-linux-x86_64-fedora-gcc, r-devel-osx-x86_64-clang, r-devel-windows-ix86+x86_64

Version: 1.1
Check: R code for possible problems
Result: NOTE
    lss.mod: no visible binding for global variable ‘response’
Flavors: r-patched-linux-x86_64, r-patched-solaris-sparc, r-patched-solaris-x86, r-release-linux-ix86, r-release-linux-x86_64, r-release-osx-x86_64-mavericks, r-release-osx-x86_64-snowleopard, r-release-windows-ix86+x86_64, r-oldrel-windows-ix86+x86_64