CRAN Package Check Results for Package imputeYn

Last updated on 2015-03-05 17:49:07.

Flavor Version Tinstall Tcheck Ttotal Status Flags
r-devel-linux-x86_64-debian-clang 1.2 0.92 16.06 16.98 WARN
r-devel-linux-x86_64-debian-gcc 1.2 0.87 15.70 16.57 WARN
r-devel-linux-x86_64-fedora-clang 1.2 32.68 WARN
r-devel-linux-x86_64-fedora-gcc 1.2 31.22 WARN
r-devel-osx-x86_64-clang 1.2 36.10 WARN
r-devel-windows-ix86+x86_64 1.2 3.00 27.00 30.00 WARN
r-patched-linux-x86_64 1.2 1.28 20.12 21.39 WARN
r-patched-solaris-sparc 1.2 252.20 WARN
r-patched-solaris-x86 1.2 56.70 WARN
r-release-linux-ix86 1.2 1.88 25.59 27.47 OK
r-release-linux-x86_64 1.2 1.28 20.02 21.30 OK
r-release-osx-x86_64-mavericks 1.2 WARN
r-release-osx-x86_64-snowleopard 1.2 OK
r-release-windows-ix86+x86_64 1.2 5.00 33.00 38.00 OK
r-oldrel-windows-ix86+x86_64 1.2 5.00 34.00 39.00 OK

Check Details

Version: 1.2
Check: DESCRIPTION meta-information
Result: NOTE
    Malformed Description field: should contain one or more complete sentences.
Flavors: r-devel-linux-x86_64-debian-clang, r-devel-linux-x86_64-debian-gcc, r-devel-linux-x86_64-fedora-clang, r-devel-linux-x86_64-fedora-gcc, r-devel-osx-x86_64-clang, r-devel-windows-ix86+x86_64

Version: 1.2
Check: S3 generic/method consistency
Result: NOTE
    Found the following apparent S3 methods exported but not registered:
     print.imputeYn
    See section ‘Registering S3 methods’ in the ‘Writing R Extensions’
    manual.
Flavors: r-devel-linux-x86_64-debian-clang, r-devel-linux-x86_64-debian-gcc, r-devel-linux-x86_64-fedora-clang, r-devel-linux-x86_64-fedora-gcc, r-devel-osx-x86_64-clang

Version: 1.2
Check: for unstated dependencies in examples
Result: WARN
    'data(package=)' call not declared from: ‘boot’
Flavors: r-devel-linux-x86_64-debian-clang, r-devel-linux-x86_64-debian-gcc, r-devel-linux-x86_64-fedora-clang, r-devel-linux-x86_64-fedora-gcc, r-devel-osx-x86_64-clang, r-devel-windows-ix86+x86_64, r-patched-linux-x86_64, r-patched-solaris-sparc, r-patched-solaris-x86, r-release-osx-x86_64-mavericks