CRAN Package Check Results for Package imputeYn

Last updated on 2014-12-23 01:49:04.

Flavor Version Tinstall Tcheck Ttotal Status Flags
r-devel-linux-x86_64-debian-clang 1.2 1.08 19.76 20.84 WARN
r-devel-linux-x86_64-debian-gcc 1.2 1.04 19.10 20.15 WARN
r-devel-linux-x86_64-fedora-clang 1.2 42.93 WARN
r-devel-linux-x86_64-fedora-gcc 1.2 41.67 WARN
r-devel-osx-x86_64-clang 1.2 42.50 WARN
r-devel-windows-ix86+x86_64 1.2 6.00 35.00 41.00 WARN
r-patched-linux-x86_64 1.2 1.14 19.66 20.79 WARN
r-patched-solaris-sparc 1.2 247.80 WARN
r-patched-solaris-x86 1.2 55.70 WARN
r-release-linux-ix86 1.2 1.43 25.28 26.71 OK
r-release-linux-x86_64 1.2 1.11 19.38 20.49 OK
r-release-osx-x86_64-mavericks 1.2 OK
r-release-osx-x86_64-snowleopard 1.2 OK
r-release-windows-ix86+x86_64 1.2 5.00 35.00 40.00 OK
r-oldrel-windows-ix86+x86_64 1.2 5.00 34.00 39.00 OK

Check Details

Version: 1.2
Check: for unstated dependencies in examples
Result: WARN
    'data(package=)' call not declared from: ‘boot’
Flavors: r-devel-linux-x86_64-debian-clang, r-devel-linux-x86_64-debian-gcc, r-devel-linux-x86_64-fedora-clang, r-devel-linux-x86_64-fedora-gcc, r-devel-osx-x86_64-clang, r-devel-windows-ix86+x86_64, r-patched-linux-x86_64, r-patched-solaris-sparc, r-patched-solaris-x86