CRAN Package Check Results for Package inca

Last updated on 2018-10-18 04:50:32 CEST.

Flavor Version Tinstall Tcheck Ttotal Status Flags
r-devel-linux-x86_64-debian-clang 0.0.3 43.28 60.14 103.42 OK
r-devel-linux-x86_64-debian-gcc 0.0.3 26.07 48.98 75.05 OK
r-devel-linux-x86_64-fedora-clang 0.0.3 137.26 OK
r-devel-linux-x86_64-fedora-gcc 0.0.3 114.62 OK
r-devel-windows-ix86+x86_64 0.0.3 74.00 132.00 206.00 OK
r-patched-linux-x86_64 0.0.3 33.56 48.46 82.02 ERROR
r-patched-solaris-x86 0.0.3 139.60 OK
r-release-linux-x86_64 0.0.3 31.93 48.50 80.43 ERROR
r-release-windows-ix86+x86_64 0.0.3 63.00 118.00 181.00 OK
r-release-osx-x86_64 0.0.3 OK
r-oldrel-windows-ix86+x86_64 0.0.3 60.00 113.00 173.00 OK
r-oldrel-osx-x86_64 0.0.3 OK

Check Details

Version: 0.0.3
Check: examples
Result: ERROR
    Running examples in ‘inca-Ex.R’ failed
    The error most likely occurred in:
    
    > base::assign(".ptime", proc.time(), pos = "CheckExEnv")
    > ### Name: intcalibrate
    > ### Title: Integer Calibration Function
    > ### Aliases: intcalibrate
    >
    > ### ** Examples
    >
    > library(inca)
    > set.seed(0)
    > w <- rpois(150, 4)
    > data <- matrix(rbinom(150000, 1, .3) * rpois(150000, 4), 1000, 150)
    > y <- data %*% w
    > w <- runif(150, 0, 7.5)
    > print(sum(abs(y - data %*% w)))
    [1] 65229.64
    > cw <- intcalibrate(w, ~. + 0, y, lower = 1, upper = 7, sparse = TRUE, data = data)
    Error in NextMethod("model.matrix", data = data, contrasts.arg = object$contrasts) :
     no method to invoke
    Calls: intcalibrate -> model.matrix.lm -> NextMethod
    Execution halted
Flavors: r-patched-linux-x86_64, r-release-linux-x86_64