CRAN Package Check Results for Package inca

Last updated on 2018-12-10 16:50:24 CET.

Flavor Version Tinstall Tcheck Ttotal Status Flags
r-devel-linux-x86_64-debian-clang 0.0.3 46.21 51.31 97.52 OK
r-devel-linux-x86_64-debian-gcc 0.0.3 27.14 42.75 69.89 OK
r-devel-linux-x86_64-fedora-clang 0.0.3 123.08 OK
r-devel-linux-x86_64-fedora-gcc 0.0.3 103.32 OK
r-devel-windows-ix86+x86_64 0.0.3 72.00 91.00 163.00 OK
r-patched-linux-x86_64 0.0.3 33.09 48.81 81.90 ERROR
r-patched-solaris-x86 0.0.3 144.30 OK
r-release-linux-x86_64 0.0.3 31.04 48.35 79.39 ERROR
r-release-windows-ix86+x86_64 0.0.3 72.00 88.00 160.00 OK
r-release-osx-x86_64 0.0.3 OK
r-oldrel-windows-ix86+x86_64 0.0.3 59.00 113.00 172.00 OK
r-oldrel-osx-x86_64 0.0.3 OK

Check Details

Version: 0.0.3
Check: examples
Result: ERROR
    Running examples in ‘inca-Ex.R’ failed
    The error most likely occurred in:
    
    > base::assign(".ptime", proc.time(), pos = "CheckExEnv")
    > ### Name: intcalibrate
    > ### Title: Integer Calibration Function
    > ### Aliases: intcalibrate
    >
    > ### ** Examples
    >
    > library(inca)
    > set.seed(0)
    > w <- rpois(150, 4)
    > data <- matrix(rbinom(150000, 1, .3) * rpois(150000, 4), 1000, 150)
    > y <- data %*% w
    > w <- runif(150, 0, 7.5)
    > print(sum(abs(y - data %*% w)))
    [1] 65229.64
    > cw <- intcalibrate(w, ~. + 0, y, lower = 1, upper = 7, sparse = TRUE, data = data)
    Error in NextMethod("model.matrix", data = data, contrasts.arg = object$contrasts) :
     no method to invoke
    Calls: intcalibrate -> model.matrix.lm -> NextMethod
    Execution halted
Flavors: r-patched-linux-x86_64, r-release-linux-x86_64