CRAN Package Check Results for Package inca

Last updated on 2019-02-23 20:52:44 CET.

Flavor Version Tinstall Tcheck Ttotal Status Flags
r-devel-linux-x86_64-debian-clang 0.0.3 38.22 52.24 90.46 OK
r-devel-linux-x86_64-debian-gcc 0.0.3 26.08 42.29 68.37 OK
r-devel-linux-x86_64-fedora-clang 0.0.3 129.77 OK
r-devel-linux-x86_64-fedora-gcc 0.0.3 105.79 OK
r-devel-windows-ix86+x86_64 0.0.3 75.00 118.00 193.00 OK
r-patched-linux-x86_64 0.0.3 27.80 49.07 76.87 ERROR
r-patched-solaris-x86 0.0.3 142.30 OK
r-release-linux-x86_64 0.0.3 32.42 48.75 81.17 ERROR
r-release-windows-ix86+x86_64 0.0.3 76.00 112.00 188.00 OK
r-release-osx-x86_64 0.0.3 OK
r-oldrel-windows-ix86+x86_64 0.0.3 61.00 114.00 175.00 OK
r-oldrel-osx-x86_64 0.0.3 OK

Check Details

Version: 0.0.3
Check: examples
Result: ERROR
    Running examples in ‘inca-Ex.R’ failed
    The error most likely occurred in:
    
    > base::assign(".ptime", proc.time(), pos = "CheckExEnv")
    > ### Name: intcalibrate
    > ### Title: Integer Calibration Function
    > ### Aliases: intcalibrate
    >
    > ### ** Examples
    >
    > library(inca)
    > set.seed(0)
    > w <- rpois(150, 4)
    > data <- matrix(rbinom(150000, 1, .3) * rpois(150000, 4), 1000, 150)
    > y <- data %*% w
    > w <- runif(150, 0, 7.5)
    > print(sum(abs(y - data %*% w)))
    [1] 65229.64
    > cw <- intcalibrate(w, ~. + 0, y, lower = 1, upper = 7, sparse = TRUE, data = data)
    Error in NextMethod("model.matrix", data = data, contrasts.arg = object$contrasts) :
     no method to invoke
    Calls: intcalibrate -> model.matrix.lm -> NextMethod
    Execution halted
Flavors: r-patched-linux-x86_64, r-release-linux-x86_64