CRAN Package Check Results for Package indicspecies

Last updated on 2014-09-17 01:48:10.

Flavor Version Tinstall Tcheck Ttotal Status Flags
r-devel-linux-x86_64-debian-clang 1.7.2 1.65 95.11 96.76 NOTE
r-devel-linux-x86_64-debian-gcc 1.7.2 1.52 84.19 85.71 NOTE
r-devel-linux-x86_64-fedora-clang 1.7.2 191.53 NOTE
r-devel-linux-x86_64-fedora-gcc 1.7.2 179.06 NOTE
r-devel-osx-x86_64-clang 1.7.2 150.16 NOTE
r-devel-windows-ix86+x86_64 1.7.2 5.00 122.00 127.00 NOTE
r-patched-linux-x86_64 1.7.2 1.83 91.87 93.70 NOTE
r-patched-solaris-sparc 1.7.2 1087.00 NOTE
r-patched-solaris-x86 1.7.2 210.70 NOTE
r-release-linux-ix86 1.7.2 2.36 114.90 117.27 OK
r-release-linux-x86_64 1.7.2 1.57 93.66 95.23 OK
r-release-osx-x86_64-mavericks 1.7.2 ERROR
r-release-osx-x86_64-snowleopard 1.7.2 OK
r-release-windows-ix86+x86_64 1.7.2 5.00 138.00 143.00 OK
r-oldrel-windows-ix86+x86_64 1.7.2 5.00 139.00 144.00 OK

Check Details

Version: 1.7.2
Check: files in ‘vignettes’
Result: NOTE
    The following files look like leftovers/mistakes:
     ‘Rplots.pdf’
    Please remove them from your package.
Flavors: r-devel-linux-x86_64-debian-clang, r-devel-linux-x86_64-debian-gcc, r-devel-linux-x86_64-fedora-clang, r-devel-linux-x86_64-fedora-gcc, r-devel-osx-x86_64-clang, r-devel-windows-ix86+x86_64, r-patched-linux-x86_64, r-patched-solaris-sparc, r-patched-solaris-x86

Version: 1.7.2
Check: package dependencies
Result: ERROR
    Package required but not available: ‘rgeos’
    
    See the information on DESCRIPTION files in the chapter ‘Creating R
    packages’ of the ‘Writing R Extensions’ manual.
Flavor: r-release-osx-x86_64-mavericks