CRAN Package Check Results for Package indicspecies

Last updated on 2015-05-29 23:47:49.

Flavor Version Tinstall Tcheck Ttotal Status Flags
r-devel-linux-x86_64-debian-clang 1.7.5 0.92 77.98 78.90 OK
r-devel-linux-x86_64-debian-gcc 1.7.5 0.76 72.54 73.30 OK
r-devel-linux-x86_64-fedora-clang 1.7.5 158.83 OK
r-devel-linux-x86_64-fedora-gcc 1.7.5 147.34 OK
r-devel-osx-x86_64-clang 1.7.5 136.20 OK
r-devel-windows-ix86+x86_64 1.7.5 3.00 109.00 112.00 OK
r-patched-linux-x86_64 1.7.5 0.98 72.34 73.31 OK
r-patched-solaris-sparc 1.7.5 952.80 OK
r-patched-solaris-x86 1.7.5 169.40 OK
r-release-linux-x86_64 1.7.5 0.82 76.00 76.82 OK
r-release-osx-x86_64-mavericks 1.7.5 OK
r-release-osx-x86_64-snowleopard 1.7.5 ERROR
r-release-windows-ix86+x86_64 1.7.5 3.00 118.00 121.00 OK
r-oldrel-windows-ix86+x86_64 1.7.5 4.00 107.00 111.00 OK

Check Details

Version: 1.7.5
Check: package dependencies
Result: ERROR
    Package required but not available: ‘permute’
    
    Package suggested but not available for checking: ‘rgeos’
    
    See section ‘The DESCRIPTION file’ in the ‘Writing R Extensions’
    manual.
Flavor: r-release-osx-x86_64-snowleopard