CRAN Package Check Results for Package indicspecies

Last updated on 2014-12-23 05:48:50.

Flavor Version Tinstall Tcheck Ttotal Status Flags
r-devel-linux-x86_64-debian-clang 1.7.4 1.50 86.57 88.07 OK
r-devel-linux-x86_64-debian-gcc 1.7.4 1.42 84.38 85.81 OK
r-devel-linux-x86_64-fedora-clang 1.7.4 183.61 OK
r-devel-linux-x86_64-fedora-gcc 1.7.4 172.67 OK
r-devel-osx-x86_64-clang 1.7.4 153.09 OK
r-devel-windows-ix86+x86_64 1.7.4 6.00 124.00 130.00 OK
r-patched-linux-x86_64 1.7.4 1.60 96.59 98.19 OK
r-patched-solaris-sparc 1.7.4 1134.20 OK
r-patched-solaris-x86 1.7.4 213.20 OK
r-release-linux-ix86 1.7.4 1.89 109.92 111.81 OK
r-release-linux-x86_64 1.7.4 1.49 92.27 93.76 OK
r-release-osx-x86_64-mavericks 1.7.4 ERROR
r-release-osx-x86_64-snowleopard 1.7.4 OK
r-release-windows-ix86+x86_64 1.7.4 6.00 141.00 147.00 OK
r-oldrel-windows-ix86+x86_64 1.7.4 6.00 134.00 140.00 OK

Check Details

Version: 1.7.4
Check: package dependencies
Result: ERROR
    Package required but not available: ‘rgeos’
    
    See the information on DESCRIPTION files in the chapter ‘Creating R
    packages’ of the ‘Writing R Extensions’ manual.
Flavor: r-release-osx-x86_64-mavericks