CRAN Package Check Results for Package indicspecies

Last updated on 2014-08-23 18:47:33.

Flavor Version Tinstall Tcheck Ttotal Status Flags
r-devel-linux-x86_64-debian-clang 1.7.2 1.62 89.31 90.92 NOTE
r-devel-linux-x86_64-debian-gcc 1.7.2 1.45 86.90 88.35 NOTE
r-devel-linux-x86_64-fedora-clang 1.7.2 195.72 NOTE
r-devel-linux-x86_64-fedora-gcc 1.7.2 182.45 NOTE
r-devel-osx-x86_64-clang 1.7.2 158.46 NOTE
r-devel-windows-ix86+x86_64 1.7.2 5.00 134.00 139.00 NOTE
r-patched-linux-x86_64 1.7.2 1.74 91.11 92.85 NOTE
r-patched-solaris-sparc 1.7.2 1087.00 NOTE
r-patched-solaris-x86 1.7.2 224.20 NOTE
r-release-linux-ix86 1.7.2 1.98 114.54 116.53 OK
r-release-linux-x86_64 1.7.2 1.55 91.40 92.95 OK
r-release-osx-x86_64-mavericks 1.7.2 ERROR
r-release-osx-x86_64-snowleopard 1.7.2 OK
r-release-windows-ix86+x86_64 1.7.2 6.00 134.00 140.00 OK
r-oldrel-windows-ix86+x86_64 1.7.2 6.00 144.00 150.00 OK

Check Details

Version: 1.7.2
Check: files in ‘vignettes’
Result: NOTE
    The following files look like leftovers/mistakes:
     ‘Rplots.pdf’
    Please remove them from your package.
Flavors: r-devel-linux-x86_64-debian-clang, r-devel-linux-x86_64-debian-gcc, r-devel-linux-x86_64-fedora-clang, r-devel-linux-x86_64-fedora-gcc, r-devel-osx-x86_64-clang, r-devel-windows-ix86+x86_64, r-patched-linux-x86_64, r-patched-solaris-sparc, r-patched-solaris-x86

Version: 1.7.2
Check: package dependencies
Result: ERROR
    Package required but not available: ‘rgeos’
    
    See the information on DESCRIPTION files in the chapter ‘Creating R
    packages’ of the ‘Writing R Extensions’ manual.
Flavor: r-release-osx-x86_64-mavericks