CRAN Package Check Results for Package indicspecies

Last updated on 2014-10-26 07:50:02.

Flavor Version Tinstall Tcheck Ttotal Status Flags
r-devel-linux-x86_64-debian-clang 1.7.3 2.04 87.38 89.42 NOTE
r-devel-linux-x86_64-debian-gcc 1.7.3 1.44 83.83 85.26 NOTE
r-devel-linux-x86_64-fedora-clang 1.7.3 191.32 NOTE
r-devel-linux-x86_64-fedora-gcc 1.7.3 177.64 NOTE
r-devel-osx-x86_64-clang 1.7.3 156.89 NOTE
r-devel-windows-ix86+x86_64 1.7.3 4.00 121.00 125.00 NOTE
r-patched-linux-x86_64 1.7.3 1.62 94.16 95.77 NOTE
r-patched-solaris-sparc 1.7.3 1057.50 NOTE
r-patched-solaris-x86 1.7.3 213.80 NOTE
r-release-linux-ix86 1.7.3 2.24 116.44 118.68 OK
r-release-linux-x86_64 1.7.3 1.73 93.69 95.42 OK
r-release-osx-x86_64-mavericks 1.7.3 ERROR
r-release-osx-x86_64-snowleopard 1.7.3 NOTE
r-release-windows-ix86+x86_64 1.7.3 5.00 135.00 140.00 OK
r-oldrel-windows-ix86+x86_64 1.7.3 5.00 139.00 144.00 OK

Check Details

Version: 1.7.3
Check: files in ‘vignettes’
Result: NOTE
    The following files look like leftovers/mistakes:
     ‘Rplots.pdf’
    Please remove them from your package.
Flavors: r-devel-linux-x86_64-debian-clang, r-devel-linux-x86_64-debian-gcc, r-devel-linux-x86_64-fedora-clang, r-devel-linux-x86_64-fedora-gcc, r-devel-osx-x86_64-clang, r-devel-windows-ix86+x86_64, r-patched-linux-x86_64, r-patched-solaris-sparc, r-patched-solaris-x86, r-release-osx-x86_64-snowleopard

Version: 1.7.3
Check: package dependencies
Result: ERROR
    Package required but not available: ‘rgeos’
    
    See the information on DESCRIPTION files in the chapter ‘Creating R
    packages’ of the ‘Writing R Extensions’ manual.
Flavor: r-release-osx-x86_64-mavericks