CRAN Package Check Results for Package indicspecies

Last updated on 2014-04-21 01:48:05.

Flavor Version Tinstall Tcheck Ttotal Status Flags
r-devel-linux-x86_64-debian-clang 1.7.1 0.78 64.27 65.05 NOTE
r-devel-linux-x86_64-debian-gcc 1.7.1 0.83 67.18 68.01 NOTE
r-devel-linux-x86_64-fedora-clang 1.7.1 142.83 NOTE
r-devel-linux-x86_64-fedora-gcc 1.7.1 140.52 NOTE
r-devel-macosx-x86_64-clang 1.7.1 104.00 NOTE
r-devel-macosx-x86_64-gcc 1.7.1 ERROR
r-devel-windows-ix86+x86_64 1.7.1 3.00 98.00 101.00 NOTE
r-patched-linux-x86_64 1.7.1 0.77 65.62 66.39 NOTE
r-patched-solaris-sparc 1.7.1 777.00 NOTE
r-patched-solaris-x86 1.7.1 147.50 NOTE
r-release-linux-ix86 NOTE
r-release-linux-x86_64 1.7.1 0.78 65.11 65.89 NOTE
r-release-macosx-x86_64 1.7.1 OK
r-release-windows-ix86+x86_64 1.7.1 4.00 104.00 108.00 NOTE
r-oldrel-windows-ix86+x86_64 1.7.1 3.00 95.00 98.00 NOTE

Check Details

Version: 1.7.1
Check: dependencies in R code
Result: NOTE
    Package in Depends field not imported from: ‘permute’
     These packages need to be imported from (in the NAMESPACE file)
     for when this namespace is loaded but not attached.
    See the information on DESCRIPTION files in the chapter ‘Creating R
    packages’ of the ‘Writing R Extensions’ manual.
Flavors: r-devel-linux-x86_64-debian-clang, r-devel-linux-x86_64-debian-gcc, r-devel-linux-x86_64-fedora-clang, r-devel-linux-x86_64-fedora-gcc, r-devel-macosx-x86_64-clang, r-devel-windows-ix86+x86_64, r-patched-linux-x86_64, r-patched-solaris-sparc, r-patched-solaris-x86, r-release-linux-ix86, r-release-linux-x86_64, r-release-windows-ix86+x86_64, r-oldrel-windows-ix86+x86_64

Version: 1.7.1
Check: package dependencies
Result: ERROR
    Package required but not available: ‘permute’
    
    See the information on DESCRIPTION files in the chapter ‘Creating R
    packages’ of the ‘Writing R Extensions’ manual.
Flavor: r-devel-macosx-x86_64-gcc