CRAN Package Check Results for Package indicspecies

Last updated on 2014-11-24 00:47:45.

Flavor Version Tinstall Tcheck Ttotal Status Flags
r-devel-linux-x86_64-debian-clang 1.7.3 1.46 87.14 88.61 NOTE
r-devel-linux-x86_64-debian-gcc 1.7.3 1.42 82.06 83.49 NOTE
r-devel-linux-x86_64-fedora-clang 1.7.3 184.31 NOTE
r-devel-linux-x86_64-fedora-gcc 1.7.3 173.93 NOTE
r-devel-osx-x86_64-clang 1.7.3 160.69 NOTE
r-devel-windows-ix86+x86_64 1.7.3 5.00 126.00 131.00 NOTE
r-patched-linux-x86_64 1.7.3 1.53 95.00 96.52 NOTE
r-patched-solaris-sparc 1.7.3 1057.50 NOTE
r-patched-solaris-x86 1.7.3 211.30 NOTE
r-release-linux-ix86 1.7.3 2.00 109.45 111.45 NOTE
r-release-linux-x86_64 1.7.3 1.60 92.12 93.72 NOTE
r-release-osx-x86_64-mavericks 1.7.3 ERROR
r-release-osx-x86_64-snowleopard 1.7.3 NOTE
r-release-windows-ix86+x86_64 1.7.3 6.00 148.00 154.00 NOTE
r-oldrel-windows-ix86+x86_64 1.7.3 5.00 134.00 139.00 OK

Check Details

Version: 1.7.3
Check: files in ‘vignettes’
Result: NOTE
    The following files look like leftovers/mistakes:
     ‘Rplots.pdf’
    Please remove them from your package.
Flavors: r-devel-linux-x86_64-debian-clang, r-devel-linux-x86_64-debian-gcc, r-devel-linux-x86_64-fedora-clang, r-devel-linux-x86_64-fedora-gcc, r-devel-osx-x86_64-clang, r-devel-windows-ix86+x86_64, r-patched-linux-x86_64, r-patched-solaris-sparc, r-patched-solaris-x86, r-release-linux-ix86, r-release-linux-x86_64, r-release-osx-x86_64-snowleopard, r-release-windows-ix86+x86_64

Version: 1.7.3
Check: package dependencies
Result: ERROR
    Package required but not available: ‘rgeos’
    
    See the information on DESCRIPTION files in the chapter ‘Creating R
    packages’ of the ‘Writing R Extensions’ manual.
Flavor: r-release-osx-x86_64-mavericks