CRAN Package Check Results for Package indicspecies

Last updated on 2015-03-06 23:48:20.

Flavor Version Tinstall Tcheck Ttotal Status Flags
r-devel-linux-x86_64-debian-clang 1.7.4 1.31 85.24 86.55 NOTE
r-devel-linux-x86_64-debian-gcc 1.7.4 1.27 80.53 81.80 NOTE
r-devel-linux-x86_64-fedora-clang 1.7.4 171.88 NOTE
r-devel-linux-x86_64-fedora-gcc 1.7.4 163.33 NOTE
r-devel-osx-x86_64-clang 1.7.4 155.77 NOTE
r-devel-windows-ix86+x86_64 1.7.4 6.00 115.00 121.00 OK
r-patched-linux-x86_64 1.7.4 1.68 95.26 96.94 OK
r-patched-solaris-sparc 1.7.4 1189.50 OK
r-patched-solaris-x86 1.7.4 213.00 OK
r-release-linux-ix86 1.7.4 1.86 115.68 117.54 OK
r-release-linux-x86_64 1.7.4 1.61 94.50 96.11 OK
r-release-osx-x86_64-mavericks 1.7.4 ERROR
r-release-osx-x86_64-snowleopard 1.7.4 OK
r-release-windows-ix86+x86_64 1.7.4 6.00 152.00 158.00 OK
r-oldrel-windows-ix86+x86_64 1.7.4 6.00 155.00 161.00 OK

Check Details

Version: 1.7.4
Check: S3 generic/method consistency
Result: NOTE
    Found the following apparent S3 methods exported but not registered:
     plot.indicators predict.indicators print.indicators summary.multipatt
    See section ‘Registering S3 methods’ in the ‘Writing R Extensions’
    manual.
Flavors: r-devel-linux-x86_64-debian-clang, r-devel-linux-x86_64-debian-gcc, r-devel-linux-x86_64-fedora-clang, r-devel-linux-x86_64-fedora-gcc, r-devel-osx-x86_64-clang

Version: 1.7.4
Check: package dependencies
Result: ERROR
    Package required but not available: ‘rgeos’
    
    See section ‘The DESCRIPTION file’ in the ‘Writing R Extensions’
    manual.
Flavor: r-release-osx-x86_64-mavericks