CRAN Package Check Results for Package indicspecies

Last updated on 2015-04-01 08:50:07.

Flavor Version Tinstall Tcheck Ttotal Status Flags
r-devel-linux-x86_64-debian-clang 1.7.4 1.43 83.70 85.12 NOTE
r-devel-linux-x86_64-debian-gcc 1.7.4 1.38 79.23 80.61 NOTE
r-devel-linux-x86_64-fedora-clang 1.7.4 176.08 NOTE
r-devel-linux-x86_64-fedora-gcc 1.7.4 169.32 NOTE
r-devel-osx-x86_64-clang 1.7.4 162.38 NOTE
r-prerel-windows-ix86+x86_64 1.7.4 5.00 112.00 117.00 OK
r-prerel-linux-x86_64 1.7.4 1.29 84.00 85.28 NOTE
r-prerel-solaris-sparc 1.7.4 1226.30 OK
r-prerel-solaris-x86 1.7.4 189.40 OK
r-release-linux-x86_64 1.7.4 1.83 93.51 95.34 OK
r-release-osx-x86_64-mavericks 1.7.4 ERROR
r-release-osx-x86_64-snowleopard 1.7.4 OK
r-release-windows-ix86+x86_64 1.7.4 5.00 139.00 144.00 OK
r-oldrel-windows-ix86+x86_64 1.7.4 6.00 135.00 141.00 OK

Check Details

Version: 1.7.4
Check: S3 generic/method consistency
Result: NOTE
    Found the following apparent S3 methods exported but not registered:
     plot.indicators predict.indicators print.indicators summary.multipatt
    See section ‘Registering S3 methods’ in the ‘Writing R Extensions’
    manual.
Flavors: r-devel-linux-x86_64-debian-clang, r-devel-linux-x86_64-debian-gcc, r-devel-linux-x86_64-fedora-clang, r-devel-linux-x86_64-fedora-gcc, r-devel-osx-x86_64-clang, r-prerel-linux-x86_64

Version: 1.7.4
Check: package dependencies
Result: ERROR
    Package required but not available: ‘rgeos’
    
    See section ‘The DESCRIPTION file’ in the ‘Writing R Extensions’
    manual.
Flavor: r-release-osx-x86_64-mavericks