CRAN Package Check Results for Package indicspecies

Last updated on 2015-07-08 05:47:41.

Flavor Version Tinstall Tcheck Ttotal Status Flags
r-devel-linux-x86_64-debian-clang 1.7.5 0.77 76.75 77.52 NOTE
r-devel-linux-x86_64-debian-gcc 1.7.5 1.10 73.25 74.35 NOTE
r-devel-linux-x86_64-fedora-clang 1.7.5 152.95 NOTE
r-devel-linux-x86_64-fedora-gcc 1.7.5 145.11 NOTE
r-devel-osx-x86_64-clang 1.7.5 127.01 OK
r-devel-windows-ix86+x86_64 1.7.5 5.00 116.00 121.00 NOTE
r-patched-linux-x86_64 1.7.5 0.86 73.98 74.84 OK
r-patched-solaris-sparc 1.7.5 952.80 OK
r-patched-solaris-x86 1.7.5 170.80 OK
r-release-linux-x86_64 1.7.5 0.76 72.63 73.39 OK
r-release-osx-x86_64-mavericks 1.7.5 OK
r-release-windows-ix86+x86_64 1.7.5 5.00 114.00 119.00 OK
r-oldrel-windows-ix86+x86_64 1.7.5 3.00 130.00 133.00 OK

Check Details

Version: 1.7.5
Check: R code for possible problems
Result: NOTE
    combinespecies: no visible global function definition for ‘combn’
    multipatt : cl.comb: no visible global function definition for ‘combn’
    multipatt : rcomb: no visible global function definition for ‘combn’
    multipatt : indvalcomb: no visible global function definition for
     ‘combn’
    nichecentroid: no visible global function definition for ‘as.dist’
    nichecentroid: no visible global function definition for ‘cmdscale’
    nichecentroid: no visible global function definition for ‘rmultinom’
    nichecentroid: no visible global function definition for ‘qnorm’
    nichecentroid: no visible global function definition for ‘pnorm’
    nichedispl: no visible global function definition for ‘as.dist’
    nichedispl: no visible global function definition for ‘rmultinom’
    nichedispl: no visible global function definition for ‘qnorm’
    nichedispl: no visible global function definition for ‘pnorm’
    nicheoverlap: no visible global function definition for ‘as.dist’
    nicheoverlap: no visible global function definition for ‘rmultinom’
    nicheoverlap: no visible global function definition for ‘qnorm’
    nicheoverlap: no visible global function definition for ‘pnorm’
    nichepref: no visible global function definition for ‘as.dist’
    nichepref: no visible global function definition for ‘rmultinom’
    nichepref: no visible global function definition for ‘qnorm’
    nichepref: no visible global function definition for ‘pnorm’
    nichevar: no visible global function definition for ‘as.dist’
    nichevar: no visible global function definition for ‘rmultinom’
    nichevar: no visible global function definition for ‘qnorm’
    nichevar: no visible global function definition for ‘pnorm’
    plot.indicators: no visible global function definition for ‘plot’
    plot.indicators: no visible global function definition for ‘points’
    plot.indicators: no visible global function definition for ‘axis’
    plot.indicators: no visible global function definition for ‘lines’
    plotcoverage: no visible global function definition for ‘plot’
    plotcoverage: no visible global function definition for ‘axis’
    plotcoverage: no visible global function definition for ‘lines’
    plotniche: no visible global function definition for ‘as.dist’
    plotniche: no visible global function definition for ‘cmdscale’
    plotniche: no visible global function definition for ‘plot’
    plotniche: no visible global function definition for ‘text’
    plotniche: no visible global function definition for ‘symbols’
    plotniche: no visible global function definition for ‘points’
    plotniche: no visible global function definition for ‘arrows’
    plotniche: no visible global function definition for ‘polygon’
    pruneindicators: no visible global function definition for ‘combn’
    strassoc : r.s: no visible global function definition for ‘cor’
    summary.multipatt: no visible global function definition for
     ‘printCoefmat’
    summary.multipatt: no visible global function definition for ‘symnum’
    Undefined global functions or variables:
     arrows as.dist axis cmdscale combn cor lines plot pnorm points
     polygon printCoefmat qnorm rmultinom symbols symnum text
Flavors: r-devel-linux-x86_64-debian-clang, r-devel-linux-x86_64-debian-gcc, r-devel-linux-x86_64-fedora-clang, r-devel-linux-x86_64-fedora-gcc, r-devel-windows-ix86+x86_64