CRAN Package Check Results for Package influence.ME

Last updated on 2014-09-01 19:46:26.

Flavor Version Tinstall Tcheck Ttotal Status Flags
r-devel-linux-x86_64-debian-clang 0.9-4 4.40 62.79 67.19 NOTE
r-devel-linux-x86_64-debian-gcc 0.9-4 4.51 62.58 67.09 NOTE
r-devel-linux-x86_64-fedora-clang 0.9-4 160.77 NOTE
r-devel-linux-x86_64-fedora-gcc 0.9-4 153.85 NOTE
r-devel-osx-x86_64-clang 0.9-4 116.97 NOTE
r-devel-windows-ix86+x86_64 0.9-4 13.00 88.00 101.00 NOTE
r-patched-linux-x86_64 0.9-4 4.60 65.01 69.62 OK
r-patched-solaris-sparc 0.9-4 874.10 OK
r-patched-solaris-x86 0.9-4 200.20 OK
r-release-linux-ix86 0.9-4 5.51 78.52 84.02 OK
r-release-linux-x86_64 0.9-4 4.66 65.87 70.53 OK
r-release-osx-x86_64-mavericks 0.9-4 OK
r-release-osx-x86_64-snowleopard 0.9-4 OK
r-release-windows-ix86+x86_64 0.9-4 13.00 94.00 107.00 OK
r-oldrel-windows-ix86+x86_64 0.9-4 13.00 87.00 100.00 OK

Check Details

Version: 0.9-4
Check: R code for possible problems
Result: NOTE
    exclude.influence: no visible global function definition for ‘ranef’
    influence: no visible global function definition for ‘fixef’
Flavors: r-devel-linux-x86_64-debian-clang, r-devel-linux-x86_64-debian-gcc, r-devel-linux-x86_64-fedora-clang, r-devel-linux-x86_64-fedora-gcc, r-devel-osx-x86_64-clang, r-devel-windows-ix86+x86_64