Last updated on 2023-01-28 14:53:16 CET.
Flavor | Version | Tinstall | Tcheck | Ttotal | Status | Flags |
---|---|---|---|---|---|---|
r-devel-linux-x86_64-debian-clang | 0.9-9 | 11.31 | 86.46 | 97.77 | NOTE | |
r-devel-linux-x86_64-debian-gcc | 0.9-9 | 7.46 | 63.93 | 71.39 | NOTE | |
r-devel-linux-x86_64-fedora-clang | 0.9-9 | 119.36 | NOTE | |||
r-devel-linux-x86_64-fedora-gcc | 0.9-9 | 114.87 | NOTE | |||
r-devel-windows-x86_64 | 0.9-9 | 20.00 | 109.00 | 129.00 | NOTE | |
r-patched-linux-x86_64 | 0.9-9 | 10.24 | 80.56 | 90.80 | OK | |
r-release-linux-x86_64 | 0.9-9 | 6.68 | 80.96 | 87.64 | OK | |
r-release-macos-arm64 | 0.9-9 | 36.00 | OK | |||
r-release-macos-x86_64 | 0.9-9 | 60.00 | OK | |||
r-release-windows-x86_64 | 0.9-9 | 39.00 | 110.00 | 149.00 | OK | |
r-oldrel-macos-arm64 | 0.9-9 | 44.00 | OK | |||
r-oldrel-macos-x86_64 | 0.9-9 | 51.00 | OK | |||
r-oldrel-windows-ix86+x86_64 | 0.9-9 | 22.00 | 110.00 | 132.00 | OK |
Version: 0.9-9
Check: Rd files
Result: NOTE
checkRd: (-1) school23.Rd:30: Escaped LaTeX specials: \&
checkRd: (-1) school23.Rd:35: Escaped LaTeX specials: \&
Flavors: r-devel-linux-x86_64-debian-clang, r-devel-linux-x86_64-debian-gcc, r-devel-linux-x86_64-fedora-clang, r-devel-linux-x86_64-fedora-gcc, r-devel-windows-x86_64