CRAN Package Check Results for Package influence.ME

Last updated on 2014-08-29 19:48:11.

Flavor Version Tinstall Tcheck Ttotal Status Flags
r-devel-linux-x86_64-debian-clang 0.9-4 4.59 63.87 68.46 NOTE
r-devel-linux-x86_64-debian-gcc 0.9-4 4.50 60.58 65.08 NOTE
r-devel-linux-x86_64-fedora-clang 0.9-4 160.77 NOTE
r-devel-linux-x86_64-fedora-gcc 0.9-4 152.12 NOTE
r-devel-osx-x86_64-clang 0.9-4 118.98 NOTE
r-devel-windows-ix86+x86_64 0.9-4 11.00 101.00 112.00 NOTE
r-patched-linux-x86_64 0.9-4 4.57 64.51 69.08 OK
r-patched-solaris-sparc 0.9-4 874.10 OK
r-patched-solaris-x86 0.9-4 200.20 OK
r-release-linux-ix86 0.9-4 5.50 78.40 83.91 OK
r-release-linux-x86_64 0.9-4 4.69 65.36 70.05 OK
r-release-osx-x86_64-mavericks 0.9-4 OK
r-release-osx-x86_64-snowleopard 0.9-4 OK
r-release-windows-ix86+x86_64 0.9-4 11.00 101.00 112.00 OK
r-oldrel-windows-ix86+x86_64 0.9-4 12.00 85.00 97.00 OK

Check Details

Version: 0.9-4
Check: R code for possible problems
Result: NOTE
    exclude.influence: no visible global function definition for ‘ranef’
    influence: no visible global function definition for ‘fixef’
Flavors: r-devel-linux-x86_64-debian-clang, r-devel-linux-x86_64-debian-gcc, r-devel-linux-x86_64-fedora-clang, r-devel-linux-x86_64-fedora-gcc, r-devel-osx-x86_64-clang, r-devel-windows-ix86+x86_64