CRAN Package Check Results for Package influence.ME

Last updated on 2014-11-24 19:50:25.

Flavor Version Tinstall Tcheck Ttotal Status Flags
r-devel-linux-x86_64-debian-clang 0.9-4 4.34 62.88 67.22 NOTE
r-devel-linux-x86_64-debian-gcc 0.9-4 4.26 61.56 65.83 NOTE
r-devel-linux-x86_64-fedora-clang 0.9-4 157.67 NOTE
r-devel-linux-x86_64-fedora-gcc 0.9-4 152.21 NOTE
r-devel-osx-x86_64-clang 0.9-4 130.44 NOTE
r-devel-windows-ix86+x86_64 0.9-4 11.00 90.00 101.00 NOTE
r-patched-linux-x86_64 0.9-4 4.60 66.69 71.29 NOTE
r-patched-solaris-sparc 0.9-4 875.20 NOTE
r-patched-solaris-x86 0.9-4 198.00 NOTE
r-release-linux-ix86 0.9-4 5.42 76.83 82.25 NOTE
r-release-linux-x86_64 0.9-4 4.58 65.42 70.00 NOTE
r-release-osx-x86_64-mavericks 0.9-4 OK
r-release-osx-x86_64-snowleopard 0.9-4 OK
r-release-windows-ix86+x86_64 0.9-4 15.00 97.00 112.00 NOTE
r-oldrel-windows-ix86+x86_64 0.9-4 11.00 92.00 103.00 OK

Check Details

Version: 0.9-4
Check: R code for possible problems
Result: NOTE
    exclude.influence: no visible global function definition for ‘ranef’
    influence: no visible global function definition for ‘fixef’
Flavors: r-devel-linux-x86_64-debian-clang, r-devel-linux-x86_64-debian-gcc, r-devel-linux-x86_64-fedora-clang, r-devel-linux-x86_64-fedora-gcc, r-devel-osx-x86_64-clang, r-devel-windows-ix86+x86_64, r-patched-linux-x86_64, r-patched-solaris-sparc, r-patched-solaris-x86, r-release-linux-ix86, r-release-linux-x86_64, r-release-windows-ix86+x86_64