CRAN Package Check Results for Package influence.ME

Last updated on 2014-10-25 15:48:27.

Flavor Version Tinstall Tcheck Ttotal Status Flags
r-devel-linux-x86_64-debian-clang 0.9-4 4.40 62.47 66.87 NOTE
r-devel-linux-x86_64-debian-gcc 0.9-4 4.64 62.23 66.87 NOTE
r-devel-linux-x86_64-fedora-clang 0.9-4 161.44 NOTE
r-devel-linux-x86_64-fedora-gcc 0.9-4 150.45 NOTE
r-devel-osx-x86_64-clang 0.9-4 126.65 NOTE
r-devel-windows-ix86+x86_64 0.9-4 12.00 90.00 102.00 NOTE
r-patched-linux-x86_64 0.9-4 5.14 66.06 71.20 NOTE
r-patched-solaris-sparc 0.9-4 875.20 NOTE
r-patched-solaris-x86 0.9-4 198.30 NOTE
r-release-linux-ix86 0.9-4 5.48 79.43 84.91 OK
r-release-linux-x86_64 0.9-4 4.70 65.83 70.53 OK
r-release-osx-x86_64-mavericks 0.9-4 OK
r-release-osx-x86_64-snowleopard 0.9-4 OK
r-release-windows-ix86+x86_64 0.9-4 13.00 95.00 108.00 OK
r-oldrel-windows-ix86+x86_64 0.9-4 13.00 89.00 102.00 OK

Check Details

Version: 0.9-4
Check: R code for possible problems
Result: NOTE
    exclude.influence: no visible global function definition for ‘ranef’
    influence: no visible global function definition for ‘fixef’
Flavors: r-devel-linux-x86_64-debian-clang, r-devel-linux-x86_64-debian-gcc, r-devel-linux-x86_64-fedora-clang, r-devel-linux-x86_64-fedora-gcc, r-devel-osx-x86_64-clang, r-devel-windows-ix86+x86_64, r-patched-linux-x86_64, r-patched-solaris-sparc, r-patched-solaris-x86