CRAN Package Check Results for Package influence.ME

Last updated on 2014-12-19 15:48:28.

Flavor Version Tinstall Tcheck Ttotal Status Flags
r-devel-linux-x86_64-debian-clang 0.9-5 4.38 66.20 70.58 OK
r-devel-linux-x86_64-debian-gcc 0.9-5 4.20 61.42 65.62 OK
r-devel-linux-x86_64-fedora-clang 0.9-5 103.76 OK
r-devel-linux-x86_64-fedora-gcc 0.9-5 83.24 OK
r-devel-osx-x86_64-clang 0.9-5 114.85 OK
r-devel-windows-ix86+x86_64 0.9-5 13.00 89.00 102.00 OK
r-patched-linux-x86_64 0.9-5 4.65 67.04 71.69 OK
r-patched-solaris-sparc 0.9-5 827.10 OK
r-patched-solaris-x86 0.9-5 200.50 OK
r-release-linux-ix86 0.9-4 5.25 77.12 82.37 NOTE
r-release-linux-x86_64 0.9-5 4.55 66.85 71.40 OK
r-release-osx-x86_64-mavericks 0.9-5 OK
r-release-osx-x86_64-snowleopard 0.9-5 OK
r-release-windows-ix86+x86_64 0.9-5 14.00 97.00 111.00 OK
r-oldrel-windows-ix86+x86_64 0.9-5 15.00 93.00 108.00 OK

Check Details

Version: 0.9-4
Check: R code for possible problems
Result: NOTE
    exclude.influence: no visible global function definition for ‘ranef’
    influence: no visible global function definition for ‘fixef’
Flavor: r-release-linux-ix86