CRAN Package Check Results for Package influence.ME

Last updated on 2015-07-03 07:48:01.

Flavor Version Tinstall Tcheck Ttotal Status Flags
r-devel-linux-x86_64-debian-clang 0.9-5 3.60 54.53 58.13 NOTE
r-devel-linux-x86_64-debian-gcc 0.9-5 3.24 51.93 55.17 NOTE
r-devel-linux-x86_64-fedora-clang 0.9-5 118.01 NOTE
r-devel-linux-x86_64-fedora-gcc 0.9-5 111.06 NOTE
r-devel-osx-x86_64-clang 0.9-5 103.86 OK
r-devel-windows-ix86+x86_64 0.9-5 8.00 80.00 88.00 NOTE
r-patched-linux-x86_64 0.9-5 3.28 51.71 54.99 OK
r-patched-solaris-sparc 0.9-5 673.10 OK
r-patched-solaris-x86 0.9-5 153.90 OK
r-release-linux-x86_64 0.9-5 3.42 51.44 54.86 OK
r-release-osx-x86_64-mavericks 0.9-5 OK
r-release-windows-ix86+x86_64 0.9-5 9.00 83.00 92.00 OK
r-oldrel-windows-ix86+x86_64 0.9-5 15.00 104.00 119.00 OK

Check Details

Version: 0.9-5
Check: R code for possible problems
Result: NOTE
    exclude.influence: no visible global function definition for
     ‘model.frame’
    exclude.influence: no visible global function definition for ‘update’
    exclude.influence: no visible global function definition for
     ‘as.formula’
    influence: no visible global function definition for ‘model.frame’
    influence: no visible global function definition for ‘vcov’
    influence: no visible global function definition for ‘coef’
    se.fixef: no visible global function definition for ‘vcov’
    Undefined global functions or variables:
     as.formula coef model.frame update vcov
Flavors: r-devel-linux-x86_64-debian-clang, r-devel-linux-x86_64-debian-gcc, r-devel-linux-x86_64-fedora-clang, r-devel-linux-x86_64-fedora-gcc, r-devel-windows-ix86+x86_64