CRAN Package Check Results for Package influence.SEM

Last updated on 2014-10-30 23:47:18.

Flavor Version Tinstall Tcheck Ttotal Status Flags
r-devel-linux-x86_64-debian-clang 1.4 1.00 19.76 20.77 NOTE
r-devel-linux-x86_64-debian-gcc 1.4 0.97 19.59 20.56 NOTE
r-devel-linux-x86_64-fedora-clang 1.4 42.41 NOTE
r-devel-linux-x86_64-fedora-gcc 1.4 40.64 NOTE
r-devel-osx-x86_64-clang 1.4 44.23 NOTE
r-devel-windows-ix86+x86_64 1.4 4.00 31.00 35.00 NOTE
r-patched-linux-x86_64 1.4 1.01 20.30 21.31 NOTE
r-patched-solaris-sparc 1.4 238.70 NOTE
r-patched-solaris-x86 1.4 60.60 NOTE
r-release-linux-ix86 1.4 1.38 26.96 28.34 OK
r-release-linux-x86_64 1.4 1.04 19.77 20.81 OK
r-release-osx-x86_64-mavericks 1.4 OK
r-release-osx-x86_64-snowleopard 1.4 OK
r-release-windows-ix86+x86_64 1.4 3.00 34.00 37.00 OK
r-oldrel-windows-ix86+x86_64 1.4 4.00 33.00 37.00 OK

Check Details

Version: 1.4
Check: R code for possible problems
Result: NOTE
    Deltachi: no visible global function definition for ‘tkProgressBar’
    Deltachi: no visible global function definition for ‘setTkProgressBar’
    Likedist: no visible global function definition for ‘tkProgressBar’
    Likedist: no visible global function definition for ‘setTkProgressBar’
    fitinfluence: no visible global function definition for ‘tkProgressBar’
    fitinfluence: no visible global function definition for
     ‘setTkProgressBar’
    genCookDist: no visible global function definition for ‘tkProgressBar’
    genCookDist: no visible global function definition for
     ‘setTkProgressBar’
    parinfluence: no visible global function definition for ‘tkProgressBar’
    parinfluence: no visible global function definition for
     ‘setTkProgressBar’
Flavors: r-devel-linux-x86_64-debian-clang, r-devel-linux-x86_64-debian-gcc, r-devel-linux-x86_64-fedora-clang, r-devel-linux-x86_64-fedora-gcc, r-devel-osx-x86_64-clang, r-devel-windows-ix86+x86_64, r-patched-linux-x86_64, r-patched-solaris-sparc, r-patched-solaris-x86