CRAN Package Check Results for Package influence.SEM

Last updated on 2016-04-28 21:47:32.

Flavor Version Tinstall Tcheck Ttotal Status Flags
r-devel-linux-x86_64-debian-gcc 1.5 1.95 19.47 21.42 NOTE
r-devel-linux-x86_64-fedora-clang 1.5 34.91 NOTE
r-devel-linux-x86_64-fedora-gcc 1.5 35.45 NOTE
r-devel-osx-x86_64-clang 1.5 41.68 NOTE
r-devel-windows-ix86+x86_64 1.5 4.00 51.00 55.00 NOTE
r-patched-linux-x86_64 1.5 1.91 19.31 21.22 NOTE
r-patched-solaris-sparc 1.5 218.80 NOTE
r-patched-solaris-x86 1.5 52.50 NOTE
r-release-linux-x86_64 1.5 2.07 20.57 22.64 OK
r-release-osx-x86_64-mavericks 1.5 OK
r-release-windows-ix86+x86_64 1.5 5.00 33.00 38.00 OK
r-oldrel-windows-ix86+x86_64 1.5 9.00 44.00 53.00 OK

Check Details

Version: 1.5
Check: R code for possible problems
Result: NOTE
    explore.influence: no visible global function definition for ‘quantile’
    explore.influence: no visible global function definition for ‘abline’
    Undefined global functions or variables:
     abline quantile
    Consider adding
     importFrom("graphics", "abline")
     importFrom("stats", "quantile")
    to your NAMESPACE file.
Flavors: r-devel-linux-x86_64-debian-gcc, r-devel-linux-x86_64-fedora-clang, r-devel-linux-x86_64-fedora-gcc, r-devel-osx-x86_64-clang, r-devel-windows-ix86+x86_64, r-patched-linux-x86_64, r-patched-solaris-sparc, r-patched-solaris-x86