CRAN Package Check Results for Package influence.SEM

Last updated on 2014-09-19 15:48:27.

Flavor Version Tinstall Tcheck Ttotal Status Flags
r-devel-linux-x86_64-debian-clang 1.4 1.02 18.84 19.87 NOTE
r-devel-linux-x86_64-debian-gcc 1.4 0.96 18.33 19.29 NOTE
r-devel-linux-x86_64-fedora-clang 1.4 41.54 NOTE
r-devel-linux-x86_64-fedora-gcc 1.4 39.38 NOTE
r-devel-osx-x86_64-clang 1.4 41.11 NOTE
r-devel-windows-ix86+x86_64 1.4 3.00 29.00 32.00 NOTE
r-patched-linux-x86_64 1.4 1.01 19.20 20.21 OK
r-patched-solaris-sparc 1.4 249.30 OK
r-patched-solaris-x86 1.4 55.60 OK
r-release-linux-ix86 1.4 1.40 26.95 28.34 OK
r-release-linux-x86_64 1.4 1.06 19.89 20.95 OK
r-release-osx-x86_64-mavericks 1.4 OK
r-release-osx-x86_64-snowleopard 1.4 OK
r-release-windows-ix86+x86_64 1.4 4.00 31.00 35.00 OK
r-oldrel-windows-ix86+x86_64 1.4 4.00 33.00 37.00 OK

Check Details

Version: 1.4
Check: R code for possible problems
Result: NOTE
    Deltachi: no visible global function definition for ‘tkProgressBar’
    Deltachi: no visible global function definition for ‘setTkProgressBar’
    Likedist: no visible global function definition for ‘tkProgressBar’
    Likedist: no visible global function definition for ‘setTkProgressBar’
    fitinfluence: no visible global function definition for ‘tkProgressBar’
    fitinfluence: no visible global function definition for
     ‘setTkProgressBar’
    genCookDist: no visible global function definition for ‘tkProgressBar’
    genCookDist: no visible global function definition for
     ‘setTkProgressBar’
    parinfluence: no visible global function definition for ‘tkProgressBar’
    parinfluence: no visible global function definition for
     ‘setTkProgressBar’
Flavors: r-devel-linux-x86_64-debian-clang, r-devel-linux-x86_64-debian-gcc, r-devel-linux-x86_64-fedora-clang, r-devel-linux-x86_64-fedora-gcc, r-devel-osx-x86_64-clang, r-devel-windows-ix86+x86_64