CRAN Package Check Results for Package influence.SEM

Last updated on 2014-08-22 07:50:33.

Flavor Version Tinstall Tcheck Ttotal Status Flags
r-devel-linux-x86_64-debian-clang 1.4 0.98 19.09 20.07 OK
r-devel-linux-x86_64-debian-gcc 1.4 0.99 18.54 19.53 OK
r-devel-linux-x86_64-fedora-clang 1.4 40.53 NOTE
r-devel-linux-x86_64-fedora-gcc 1.4 39.54 NOTE
r-devel-osx-x86_64-clang 1.4 41.33 NOTE
r-devel-windows-ix86+x86_64 1.4 4.00 29.00 33.00 OK
r-patched-linux-x86_64 1.4 1.01 18.77 19.78 OK
r-patched-solaris-sparc 1.4 249.30 OK
r-patched-solaris-x86 1.4 59.80 OK
r-release-linux-ix86 1.4 1.38 26.86 28.24 OK
r-release-linux-x86_64 1.4 1.05 19.33 20.38 OK
r-release-osx-x86_64-mavericks 1.4 OK
r-release-osx-x86_64-snowleopard 1.4 OK
r-release-windows-ix86+x86_64 1.4 4.00 32.00 36.00 OK
r-oldrel-windows-ix86+x86_64 1.4 4.00 31.00 35.00 OK

Check Details

Version: 1.4
Check: R code for possible problems
Result: NOTE
    Deltachi: no visible global function definition for ‘tkProgressBar’
    Deltachi: no visible global function definition for ‘setTkProgressBar’
    Likedist: no visible global function definition for ‘tkProgressBar’
    Likedist: no visible global function definition for ‘setTkProgressBar’
    fitinfluence: no visible global function definition for ‘tkProgressBar’
    fitinfluence: no visible global function definition for
     ‘setTkProgressBar’
    genCookDist: no visible global function definition for ‘tkProgressBar’
    genCookDist: no visible global function definition for
     ‘setTkProgressBar’
    parinfluence: no visible global function definition for ‘tkProgressBar’
    parinfluence: no visible global function definition for
     ‘setTkProgressBar’
Flavors: r-devel-linux-x86_64-fedora-clang, r-devel-linux-x86_64-fedora-gcc, r-devel-osx-x86_64-clang