CRAN Package Check Results for Package influence.SEM

Last updated on 2014-12-20 12:47:28.

Flavor Version Tinstall Tcheck Ttotal Status Flags
r-devel-linux-x86_64-debian-clang 1.4 0.98 20.08 21.07 NOTE
r-devel-linux-x86_64-debian-gcc 1.4 0.95 19.42 20.38 NOTE
r-devel-linux-x86_64-fedora-clang 1.4 45.87 NOTE
r-devel-linux-x86_64-fedora-gcc 1.4 40.46 NOTE
r-devel-osx-x86_64-clang 1.4 45.40 NOTE
r-devel-windows-ix86+x86_64 1.4 4.00 32.00 36.00 NOTE
r-patched-linux-x86_64 1.4 1.10 19.85 20.95 NOTE
r-patched-solaris-sparc 1.4 238.70 NOTE
r-patched-solaris-x86 1.4 59.90 NOTE
r-release-linux-ix86 1.4 1.29 26.62 27.91 NOTE
r-release-linux-x86_64 1.4 1.00 20.42 21.42 NOTE
r-release-osx-x86_64-mavericks 1.4 OK
r-release-osx-x86_64-snowleopard 1.4 OK
r-release-windows-ix86+x86_64 1.4 4.00 35.00 39.00 NOTE
r-oldrel-windows-ix86+x86_64 1.4 4.00 36.00 40.00 OK

Check Details

Version: 1.4
Check: R code for possible problems
Result: NOTE
    Deltachi: no visible global function definition for ‘tkProgressBar’
    Deltachi: no visible global function definition for ‘setTkProgressBar’
    Likedist: no visible global function definition for ‘tkProgressBar’
    Likedist: no visible global function definition for ‘setTkProgressBar’
    fitinfluence: no visible global function definition for ‘tkProgressBar’
    fitinfluence: no visible global function definition for
     ‘setTkProgressBar’
    genCookDist: no visible global function definition for ‘tkProgressBar’
    genCookDist: no visible global function definition for
     ‘setTkProgressBar’
    parinfluence: no visible global function definition for ‘tkProgressBar’
    parinfluence: no visible global function definition for
     ‘setTkProgressBar’
Flavors: r-devel-linux-x86_64-debian-clang, r-devel-linux-x86_64-debian-gcc, r-devel-linux-x86_64-fedora-clang, r-devel-linux-x86_64-fedora-gcc, r-devel-osx-x86_64-clang, r-devel-windows-ix86+x86_64, r-patched-linux-x86_64, r-patched-solaris-sparc, r-patched-solaris-x86, r-release-linux-ix86, r-release-linux-x86_64, r-release-windows-ix86+x86_64