CRAN Package Check Results for Package influence.SEM

Last updated on 2016-06-25 06:47:17.

Flavor Version Tinstall Tcheck Ttotal Status Flags
r-devel-linux-x86_64-debian-gcc 1.5 2.26 20.39 22.66 NOTE
r-devel-linux-x86_64-fedora-clang 1.5 34.52 NOTE
r-devel-linux-x86_64-fedora-gcc 1.5 32.63 NOTE
r-devel-osx-x86_64-clang 1.5 30.46 NOTE
r-devel-windows-ix86+x86_64 1.5 7.00 62.00 69.00 NOTE
r-patched-linux-x86_64 1.5 1.99 25.99 27.98 NOTE
r-patched-solaris-x86 1.5 51.20 NOTE
r-release-linux-x86_64 1.5 2.31 20.35 22.65 NOTE
r-release-osx-x86_64-mavericks 1.5 ERROR
r-release-windows-ix86+x86_64 1.5 7.00 38.00 45.00 NOTE
r-oldrel-windows-ix86+x86_64 1.5 7.00 62.00 69.00 OK

Check Details

Version: 1.5
Check: R code for possible problems
Result: NOTE
    explore.influence: no visible global function definition for ‘quantile’
    explore.influence: no visible global function definition for ‘abline’
    Undefined global functions or variables:
     abline quantile
    Consider adding
     importFrom("graphics", "abline")
     importFrom("stats", "quantile")
    to your NAMESPACE file.
Flavors: r-devel-linux-x86_64-debian-gcc, r-devel-linux-x86_64-fedora-clang, r-devel-linux-x86_64-fedora-gcc, r-devel-osx-x86_64-clang, r-devel-windows-ix86+x86_64, r-patched-linux-x86_64, r-patched-solaris-sparc, r-patched-solaris-x86, r-release-linux-x86_64, r-release-windows-ix86+x86_64

Version: 1.5
Check: dependencies in R code
Result: NOTE
    Invalid MIT-MAGIC-COOKIE-1 key
Flavor: r-release-osx-x86_64-mavericks

Version: 1.5
Check: S3 generic/method consistency
Result: WARN
    Invalid MIT-MAGIC-COOKIE-1 key
    See section ‘Generic functions and methods’ in the ‘Writing R
    Extensions’ manual.
Flavor: r-release-osx-x86_64-mavericks

Version: 1.5
Check: replacement functions
Result: WARN
    Invalid MIT-MAGIC-COOKIE-1 key
    The argument of a replacement function which corresponds to the right
    hand side must be named ‘value’.
Flavor: r-release-osx-x86_64-mavericks

Version: 1.5
Check: foreign function calls
Result: NOTE
    Invalid MIT-MAGIC-COOKIE-1 key
    See chapter ‘System and foreign language interfaces’ in the ‘Writing R
    Extensions’ manual.
Flavor: r-release-osx-x86_64-mavericks

Version: 1.5
Check: R code for possible problems
Result: NOTE
    Invalid MIT-MAGIC-COOKIE-1 keyexplore.influence: no visible global function definition for ‘quantile’
    explore.influence: no visible global function definition for ‘abline’
    Undefined global functions or variables:
     abline quantile
    Consider adding
     importFrom("graphics", "abline")
     importFrom("stats", "quantile")
    to your NAMESPACE file.
Flavor: r-release-osx-x86_64-mavericks

Version: 1.5
Check: for missing documentation entries
Result: WARN
    Invalid MIT-MAGIC-COOKIE-1 key
    All user-level objects in a package should have documentation entries.
    See chapter ‘Writing R documentation files’ in the ‘Writing R
    Extensions’ manual.
Flavor: r-release-osx-x86_64-mavericks

Version: 1.5
Check: for code/documentation mismatches
Result: WARN
    Invalid MIT-MAGIC-COOKIE-1 key
    Invalid MIT-MAGIC-COOKIE-1 key
    Invalid MIT-MAGIC-COOKIE-1 key
Flavor: r-release-osx-x86_64-mavericks

Version: 1.5
Check: Rd \usage sections
Result: NOTE
    Invalid MIT-MAGIC-COOKIE-1 key
    The \usage entries for S3 methods should use the \method markup and not
    their full name.
    See chapter ‘Writing R documentation files’ in the ‘Writing R
    Extensions’ manual.
Flavor: r-release-osx-x86_64-mavericks

Version: 1.5
Check: examples
Result: ERROR
    Running examples in ‘influence.SEM-Ex.R’ failed
    The error most likely occurred in:
    
    > ### Name: explore.influence
    > ### Title: Explores case influence.
    > ### Aliases: explore.influence
    > ### Keywords: graphics
    >
    > ### ** Examples
    >
    > data("PDII")
    > model <- "
    + F1 =~ y1+y2+y3+y4
    + "
    > fit0 <- sem(model, data=PDII,std.lv=TRUE)
    > gCD <- genCookDist(model,data=PDII,std.lv=TRUE)
    Error in structure(.External(.C_dotTclObjv, objv), class = "tclObj") :
     [tcl] invalid command name "toplevel".
    Calls: genCookDist ... tktoplevel -> tkwidget -> tcl -> .Tcl.objv -> structure
    Execution halted
Flavor: r-release-osx-x86_64-mavericks