CRAN Package Check Results for Package influence.SEM

Last updated on 2015-03-01 03:48:37.

Flavor Version Tinstall Tcheck Ttotal Status Flags
r-devel-linux-x86_64-debian-clang 1.4 0.85 17.78 18.63 NOTE
r-devel-linux-x86_64-debian-gcc 1.4 0.85 17.33 18.18 NOTE
r-devel-linux-x86_64-fedora-clang 1.4 36.81 NOTE
r-devel-linux-x86_64-fedora-gcc 1.4 35.39 NOTE
r-devel-osx-x86_64-clang 1.4 38.84 NOTE
r-devel-windows-ix86+x86_64 1.4 5.00 31.00 36.00 NOTE
r-patched-linux-x86_64 1.4 1.09 21.35 22.44 NOTE
r-patched-solaris-sparc 1.4 266.70 NOTE
r-patched-solaris-x86 1.4 60.20 NOTE
r-release-linux-ix86 1.4 1.32 28.92 30.24 NOTE
r-release-linux-x86_64 1.4 1.16 20.51 21.67 NOTE
r-release-osx-x86_64-mavericks 1.4 NOTE
r-release-osx-x86_64-snowleopard 1.4 OK
r-release-windows-ix86+x86_64 1.4 4.00 34.00 38.00 NOTE
r-oldrel-windows-ix86+x86_64 1.4 5.00 32.00 37.00 OK

Check Details

Version: 1.4
Check: dependencies in R code
Result: NOTE
    'library' or 'require' call to ‘tcltk’ in package code.
     Please use :: or requireNamespace() instead.
     See section 'Suggested packages' in the 'Writing R Extensions' manual.
Flavors: r-devel-linux-x86_64-debian-clang, r-devel-linux-x86_64-debian-gcc, r-devel-linux-x86_64-fedora-clang, r-devel-linux-x86_64-fedora-gcc, r-devel-osx-x86_64-clang, r-devel-windows-ix86+x86_64, r-patched-linux-x86_64, r-patched-solaris-sparc, r-patched-solaris-x86

Version: 1.4
Check: R code for possible problems
Result: NOTE
    Deltachi: no visible global function definition for ‘tkProgressBar’
    Deltachi: no visible global function definition for ‘setTkProgressBar’
    Likedist: no visible global function definition for ‘tkProgressBar’
    Likedist: no visible global function definition for ‘setTkProgressBar’
    fitinfluence: no visible global function definition for ‘tkProgressBar’
    fitinfluence: no visible global function definition for
     ‘setTkProgressBar’
    genCookDist: no visible global function definition for ‘tkProgressBar’
    genCookDist: no visible global function definition for
     ‘setTkProgressBar’
    parinfluence: no visible global function definition for ‘tkProgressBar’
    parinfluence: no visible global function definition for
     ‘setTkProgressBar’
Flavors: r-devel-linux-x86_64-debian-clang, r-devel-linux-x86_64-debian-gcc, r-devel-linux-x86_64-fedora-clang, r-devel-linux-x86_64-fedora-gcc, r-devel-osx-x86_64-clang, r-devel-windows-ix86+x86_64, r-patched-linux-x86_64, r-patched-solaris-sparc, r-patched-solaris-x86, r-release-linux-ix86, r-release-linux-x86_64, r-release-osx-x86_64-mavericks, r-release-windows-ix86+x86_64