CRAN Package Check Results for Package influence.SEM

Last updated on 2015-09-03 23:47:34.

Flavor Version Tinstall Tcheck Ttotal Status Flags
r-devel-linux-x86_64-debian-clang 1.5 1.94 17.90 19.84 NOTE
r-devel-linux-x86_64-debian-gcc 1.5 1.95 18.72 20.67 NOTE
r-devel-linux-x86_64-fedora-clang 1.5 37.34 NOTE
r-devel-linux-x86_64-fedora-gcc 1.5 35.39 NOTE
r-devel-osx-x86_64-clang 1.5 37.15 OK
r-devel-windows-ix86+x86_64 1.5 5.00 32.00 37.00 NOTE
r-patched-linux-x86_64 1.5 2.18 19.22 21.39 OK
r-patched-solaris-sparc 1.5 244.80 OK
r-patched-solaris-x86 1.5 57.10 OK
r-release-linux-x86_64 1.5 2.00 19.37 21.37 OK
r-release-osx-x86_64-mavericks 1.5 OK
r-release-windows-ix86+x86_64 1.5 6.00 35.00 41.00 OK
r-oldrel-windows-ix86+x86_64 1.5 8.00 39.00 47.00 OK

Check Details

Version: 1.5
Check: R code for possible problems
Result: NOTE
    explore.influence: no visible global function definition for ‘quantile’
    explore.influence: no visible global function definition for ‘abline’
    Undefined global functions or variables:
     abline quantile
    Consider adding
     importFrom("graphics", "abline")
     importFrom("stats", "quantile")
    to your NAMESPACE.
Flavors: r-devel-linux-x86_64-debian-clang, r-devel-linux-x86_64-debian-gcc, r-devel-linux-x86_64-fedora-clang, r-devel-linux-x86_64-fedora-gcc, r-devel-windows-ix86+x86_64