CRAN Package Check Results for Package influence.SEM

Last updated on 2015-01-26 11:48:52.

Flavor Version Tinstall Tcheck Ttotal Status Flags
r-devel-linux-x86_64-debian-clang 1.4 0.88 18.08 18.96 NOTE
r-devel-linux-x86_64-debian-gcc 1.4 1.02 17.55 18.57 NOTE
r-devel-linux-x86_64-fedora-clang 1.4 46.72 NOTE
r-devel-linux-x86_64-fedora-gcc 1.4 43.72 NOTE
r-devel-osx-x86_64-clang 1.4 44.66 NOTE
r-devel-windows-ix86+x86_64 1.4 5.00 30.00 35.00 NOTE
r-patched-linux-x86_64 1.4 0.99 19.90 20.89 NOTE
r-patched-solaris-sparc 1.4 244.70 NOTE
r-patched-solaris-x86 1.4 58.90 NOTE
r-release-linux-ix86 1.4 1.30 26.90 28.20 NOTE
r-release-linux-x86_64 1.4 1.03 20.87 21.90 NOTE
r-release-osx-x86_64-mavericks 1.4 NOTE
r-release-osx-x86_64-snowleopard 1.4 OK
r-release-windows-ix86+x86_64 1.4 4.00 37.00 41.00 NOTE
r-oldrel-windows-ix86+x86_64 1.4 7.00 45.00 52.00 OK

Check Details

Version: 1.4
Check: dependencies in R code
Result: NOTE
    'library' or 'require' call to ‘tcltk’ in package code.
     Please use :: or requireNamespace() instead.
     See section 'Suggested packages' in the 'Writing R Extensions' manual.
Flavors: r-devel-linux-x86_64-debian-clang, r-devel-linux-x86_64-debian-gcc, r-devel-linux-x86_64-fedora-clang, r-devel-linux-x86_64-fedora-gcc, r-devel-osx-x86_64-clang, r-devel-windows-ix86+x86_64

Version: 1.4
Check: R code for possible problems
Result: NOTE
    Deltachi: no visible global function definition for ‘tkProgressBar’
    Deltachi: no visible global function definition for ‘setTkProgressBar’
    Likedist: no visible global function definition for ‘tkProgressBar’
    Likedist: no visible global function definition for ‘setTkProgressBar’
    fitinfluence: no visible global function definition for ‘tkProgressBar’
    fitinfluence: no visible global function definition for
     ‘setTkProgressBar’
    genCookDist: no visible global function definition for ‘tkProgressBar’
    genCookDist: no visible global function definition for
     ‘setTkProgressBar’
    parinfluence: no visible global function definition for ‘tkProgressBar’
    parinfluence: no visible global function definition for
     ‘setTkProgressBar’
Flavors: r-devel-linux-x86_64-debian-clang, r-devel-linux-x86_64-debian-gcc, r-devel-linux-x86_64-fedora-clang, r-devel-linux-x86_64-fedora-gcc, r-devel-osx-x86_64-clang, r-devel-windows-ix86+x86_64, r-patched-linux-x86_64, r-patched-solaris-sparc, r-patched-solaris-x86, r-release-linux-ix86, r-release-linux-x86_64, r-release-osx-x86_64-mavericks, r-release-windows-ix86+x86_64