CRAN Package Check Results for Package influence.SEM

Last updated on 2016-02-14 08:47:33.

Flavor Version Tinstall Tcheck Ttotal Status Flags
r-devel-linux-x86_64-debian-gcc 1.5 2.16 18.68 20.84 NOTE
r-devel-linux-x86_64-fedora-clang 1.5 34.51 NOTE
r-devel-linux-x86_64-fedora-gcc 1.5 33.34 NOTE
r-devel-osx-x86_64-clang 1.5 40.78 NOTE
r-devel-windows-ix86+x86_64 1.5 6.00 36.00 42.00 NOTE
r-patched-linux-x86_64 1.5 2.06 19.97 22.04 OK
r-patched-solaris-sparc 1.5 222.70 OK
r-patched-solaris-x86 1.5 51.30 OK
r-release-linux-x86_64 1.5 2.25 19.60 21.85 OK
r-release-osx-x86_64-mavericks 1.5 OK
r-release-windows-ix86+x86_64 1.5 7.00 33.00 40.00 OK
r-oldrel-windows-ix86+x86_64 1.5 8.00 51.00 59.00 OK

Check Details

Version: 1.5
Check: R code for possible problems
Result: NOTE
    explore.influence: no visible global function definition for ‘quantile’
    explore.influence: no visible global function definition for ‘abline’
    Undefined global functions or variables:
     abline quantile
    Consider adding
     importFrom("graphics", "abline")
     importFrom("stats", "quantile")
    to your NAMESPACE file.
Flavors: r-devel-linux-x86_64-debian-gcc, r-devel-linux-x86_64-fedora-clang, r-devel-linux-x86_64-fedora-gcc, r-devel-osx-x86_64-clang, r-devel-windows-ix86+x86_64