CRAN Package Check Results for Package influence.SEM

Last updated on 2014-11-23 03:48:01.

Flavor Version Tinstall Tcheck Ttotal Status Flags
r-devel-linux-x86_64-debian-clang 1.4 0.99 20.27 21.26 NOTE
r-devel-linux-x86_64-debian-gcc 1.4 0.96 19.60 20.56 NOTE
r-devel-linux-x86_64-fedora-clang 1.4 43.96 NOTE
r-devel-linux-x86_64-fedora-gcc 1.4 41.04 NOTE
r-devel-osx-x86_64-clang 1.4 45.39 NOTE
r-devel-windows-ix86+x86_64 1.4 3.00 29.00 32.00 NOTE
r-patched-linux-x86_64 1.4 1.09 19.99 21.08 NOTE
r-patched-solaris-sparc 1.4 238.70 NOTE
r-patched-solaris-x86 1.4 59.40 NOTE
r-release-linux-ix86 1.4 1.34 26.63 27.97 NOTE
r-release-linux-x86_64 1.4 1.01 20.34 21.35 NOTE
r-release-osx-x86_64-mavericks 1.4 OK
r-release-osx-x86_64-snowleopard 1.4 OK
r-release-windows-ix86+x86_64 1.4 5.00 32.00 37.00 NOTE
r-oldrel-windows-ix86+x86_64 1.4 4.00 33.00 37.00 OK

Check Details

Version: 1.4
Check: R code for possible problems
Result: NOTE
    Deltachi: no visible global function definition for ‘tkProgressBar’
    Deltachi: no visible global function definition for ‘setTkProgressBar’
    Likedist: no visible global function definition for ‘tkProgressBar’
    Likedist: no visible global function definition for ‘setTkProgressBar’
    fitinfluence: no visible global function definition for ‘tkProgressBar’
    fitinfluence: no visible global function definition for
     ‘setTkProgressBar’
    genCookDist: no visible global function definition for ‘tkProgressBar’
    genCookDist: no visible global function definition for
     ‘setTkProgressBar’
    parinfluence: no visible global function definition for ‘tkProgressBar’
    parinfluence: no visible global function definition for
     ‘setTkProgressBar’
Flavors: r-devel-linux-x86_64-debian-clang, r-devel-linux-x86_64-debian-gcc, r-devel-linux-x86_64-fedora-clang, r-devel-linux-x86_64-fedora-gcc, r-devel-osx-x86_64-clang, r-devel-windows-ix86+x86_64, r-patched-linux-x86_64, r-patched-solaris-sparc, r-patched-solaris-x86, r-release-linux-ix86, r-release-linux-x86_64, r-release-windows-ix86+x86_64