CRAN Package Check Results for Package influence.SEM

Last updated on 2015-04-27 08:48:12.

Flavor Version Tinstall Tcheck Ttotal Status Flags
r-devel-linux-x86_64-debian-clang 1.4 0.85 18.24 19.09 NOTE
r-devel-linux-x86_64-debian-gcc 1.4 0.84 18.20 19.05 NOTE
r-devel-linux-x86_64-fedora-clang 1.4 37.14 NOTE
r-devel-linux-x86_64-fedora-gcc 1.4 34.84 NOTE
r-devel-osx-x86_64-clang 1.4 38.76 NOTE
r-devel-windows-ix86+x86_64 1.4 4.00 50.00 54.00 NOTE
r-patched-linux-x86_64 1.4 0.86 18.17 19.02 NOTE
r-patched-solaris-sparc 1.4 216.90 NOTE
r-patched-solaris-x86 1.4 51.50 NOTE
r-release-linux-x86_64 1.4 0.84 18.23 19.07 NOTE
r-release-osx-x86_64-mavericks 1.4 NOTE
r-release-osx-x86_64-snowleopard 1.4 NOTE
r-release-windows-ix86+x86_64 1.4 3.00 29.00 32.00 NOTE
r-oldrel-windows-ix86+x86_64 1.4 5.00 33.00 38.00 NOTE

Check Details

Version: 1.4
Check: dependencies in R code
Result: NOTE
    'library' or 'require' call to ‘tcltk’ in package code.
     Please use :: or requireNamespace() instead.
     See section 'Suggested packages' in the 'Writing R Extensions' manual.
Flavors: r-devel-linux-x86_64-debian-clang, r-devel-linux-x86_64-debian-gcc, r-devel-linux-x86_64-fedora-clang, r-devel-linux-x86_64-fedora-gcc, r-devel-osx-x86_64-clang, r-devel-windows-ix86+x86_64, r-patched-solaris-sparc, r-patched-solaris-x86, r-release-osx-x86_64-mavericks, r-release-osx-x86_64-snowleopard, r-release-windows-ix86+x86_64, r-oldrel-windows-ix86+x86_64

Version: 1.4
Check: R code for possible problems
Result: NOTE
    Deltachi: no visible global function definition for ‘tkProgressBar’
    Deltachi: no visible global function definition for ‘setTkProgressBar’
    Likedist: no visible global function definition for ‘tkProgressBar’
    Likedist: no visible global function definition for ‘setTkProgressBar’
    fitinfluence: no visible global function definition for ‘tkProgressBar’
    fitinfluence: no visible global function definition for
     ‘setTkProgressBar’
    genCookDist: no visible global function definition for ‘tkProgressBar’
    genCookDist: no visible global function definition for
     ‘setTkProgressBar’
    parinfluence: no visible global function definition for ‘tkProgressBar’
    parinfluence: no visible global function definition for
     ‘setTkProgressBar’
Flavors: r-devel-linux-x86_64-debian-clang, r-devel-linux-x86_64-debian-gcc, r-devel-linux-x86_64-fedora-clang, r-devel-linux-x86_64-fedora-gcc, r-devel-osx-x86_64-clang, r-devel-windows-ix86+x86_64, r-patched-solaris-sparc, r-patched-solaris-x86, r-release-osx-x86_64-mavericks, r-release-osx-x86_64-snowleopard, r-release-windows-ix86+x86_64, r-oldrel-windows-ix86+x86_64