CRAN Package Check Results for Package influence.SEM

Last updated on 2015-07-03 03:46:53.

Flavor Version Tinstall Tcheck Ttotal Status Flags
r-devel-linux-x86_64-debian-clang 1.5 2.11 19.19 21.30 NOTE
r-devel-linux-x86_64-debian-gcc 1.5 1.93 17.59 19.52 NOTE
r-devel-linux-x86_64-fedora-clang 1.5 37.56 NOTE
r-devel-linux-x86_64-fedora-gcc 1.5 36.75 NOTE
r-devel-osx-x86_64-clang 1.5 39.46 OK
r-devel-windows-ix86+x86_64 1.5 5.00 32.00 37.00 NOTE
r-patched-linux-x86_64 1.5 2.00 18.21 20.21 OK
r-patched-solaris-sparc 1.5 209.00 OK
r-patched-solaris-x86 1.5 57.70 OK
r-release-linux-x86_64 1.5 1.97 18.29 20.26 OK
r-release-osx-x86_64-mavericks 1.5 OK
r-release-windows-ix86+x86_64 1.5 5.00 31.00 36.00 OK
r-oldrel-windows-ix86+x86_64 1.5 6.00 35.00 41.00 OK

Check Details

Version: 1.5
Check: R code for possible problems
Result: NOTE
    explore.influence: no visible global function definition for ‘quantile’
    explore.influence: no visible global function definition for ‘abline’
    Undefined global functions or variables:
     abline quantile
Flavors: r-devel-linux-x86_64-debian-clang, r-devel-linux-x86_64-fedora-clang, r-devel-linux-x86_64-fedora-gcc, r-devel-windows-ix86+x86_64

Version: 1.5
Check: R code for possible problems
Result: NOTE
    explore.influence: no visible global function definition for ‘quantile’
    explore.influence: no visible global function definition for ‘abline’
Flavor: r-devel-linux-x86_64-debian-gcc