CRAN Package Check Results for Package influenceR

Last updated on 2020-09-24 06:54:06 CEST.

Flavor Version Tinstall Tcheck Ttotal Status Flags
r-devel-linux-x86_64-debian-clang 0.1.0 5.11 32.02 37.13 OK
r-devel-linux-x86_64-debian-gcc 0.1.0 3.28 24.31 27.59 OK
r-devel-linux-x86_64-fedora-clang 0.1.0 51.63 NOTE
r-devel-linux-x86_64-fedora-gcc 0.1.0 40.91 NOTE
r-devel-windows-ix86+x86_64 0.1.0 13.00 71.00 84.00 OK
r-patched-linux-x86_64 0.1.0 3.57 29.91 33.48 OK
r-patched-solaris-x86 0.1.0 62.30 OK
r-release-linux-x86_64 0.1.0 4.17 30.04 34.21 OK
r-release-macos-x86_64 0.1.0 OK
r-release-windows-ix86+x86_64 0.1.0 12.00 67.00 79.00 OK
r-oldrel-macos-x86_64 0.1.0 OK
r-oldrel-windows-ix86+x86_64 0.1.0 10.00 67.00 77.00 OK

Additional issues

rchk

Check Details

Version: 0.1.0
Check: compiled code
Result: NOTE
    File ‘influenceR/libs/influenceR.so’:
     Found no calls to: ‘R_registerRoutines’, ‘R_useDynamicSymbols’
    
    It is good practice to register native routines and to disable symbol
    search.
    
    See ‘Writing portable packages’ in the ‘Writing R Extensions’ manual.
Flavors: r-devel-linux-x86_64-fedora-clang, r-devel-linux-x86_64-fedora-gcc