CRAN Package Check Results for Package infoDecompuTE

Last updated on 2016-02-07 03:50:38.

Flavor Version Tinstall Tcheck Ttotal Status Flags
r-devel-linux-x86_64-debian-gcc 0.5.1 0.72 11.77 12.49 NOTE
r-devel-linux-x86_64-fedora-clang 0.5.1 22.71 NOTE
r-devel-linux-x86_64-fedora-gcc 0.5.1 22.52 NOTE
r-devel-osx-x86_64-clang 0.5.1 26.41 NOTE
r-devel-windows-ix86+x86_64 0.5.1 4.00 25.00 29.00 NOTE
r-patched-linux-x86_64 0.5.1 0.75 12.80 13.55 NOTE
r-patched-solaris-sparc 0.5.1 141.10 NOTE
r-patched-solaris-x86 0.5.1 30.30 NOTE
r-release-linux-x86_64 0.5.1 0.77 12.41 13.18 NOTE
r-release-osx-x86_64-mavericks 0.5.1 NOTE
r-release-windows-ix86+x86_64 0.5.1 4.00 39.00 43.00 NOTE
r-oldrel-windows-ix86+x86_64 0.5.1 6.00 27.00 33.00 NOTE

Check Details

Version: 0.5.1
Check: dependencies in R code
Result: NOTE
    Package in Depends field not imported from: ‘MASS’
     These packages need to be imported from (in the NAMESPACE file)
     for when this namespace is loaded but not attached.
Flavors: r-devel-linux-x86_64-debian-gcc, r-devel-linux-x86_64-fedora-clang, r-devel-linux-x86_64-fedora-gcc, r-devel-osx-x86_64-clang, r-devel-windows-ix86+x86_64, r-patched-linux-x86_64, r-patched-solaris-sparc, r-patched-solaris-x86, r-release-linux-x86_64, r-release-osx-x86_64-mavericks, r-release-windows-ix86+x86_64, r-oldrel-windows-ix86+x86_64

Version: 0.5.1
Check: R code for possible problems
Result: NOTE
    getFixEF.onePhase: no visible global function definition for
     ‘fractions’
    getFixEF.twoPhase: no visible global function definition for
     ‘fractions’
    getVcCoefMS.onePhase: no visible global function definition for
     ‘fractions’
    getVcCoefMS.onePhase : <anonymous>: no visible global function
     definition for ‘fractions’
    getVcCoefMS.twoPhase: no visible global function definition for
     ‘fractions’
    getVcCoefMS.twoPhase : <anonymous>: no visible global function
     definition for ‘fractions’
    projMat: no visible global function definition for ‘ginv’
    summaryAovOnePhase: no visible global function definition for ‘terms’
    summaryAovOnePhase: no visible global function definition for
     ‘as.formula’
    summaryAovTwoPhase: no visible global function definition for ‘terms’
    summaryAovTwoPhase: no visible global function definition for
     ‘as.formula’
    trtProkMat: no visible global function definition for ‘ginv’
    Undefined global functions or variables:
     as.formula fractions ginv terms
    Consider adding
     importFrom("stats", "as.formula", "terms")
    to your NAMESPACE file.
Flavors: r-devel-linux-x86_64-debian-gcc, r-devel-linux-x86_64-fedora-clang, r-devel-linux-x86_64-fedora-gcc, r-devel-osx-x86_64-clang, r-devel-windows-ix86+x86_64

Version: 0.5.1
Check: Rd line widths
Result: NOTE
    Rd file 'getVMat.twoPhase.Rd':
     \examples lines wider than 100 characters:
     rT1 = terms(as.formula(paste("~", blk.str1, sep = "")), keep.order = TRUE) #random terms phase 1
     rT2 = terms(as.formula(paste("~", blk.str2, sep = "")), keep.order = TRUE) #random terms phase 2
    
    Rd file 'makeBlockProjectors.Rd':
     \usage lines wider than 90 characters:
     makeBlockProjectors(BlkDesignMatrixList, initial = diag(nrow(BlkDesignMatrixList[[1]])) - mK(nrow(BlkDesignMatrixList[[1]])))
    
    Rd file 'makeTreatProjectors.Rd':
     \examples lines wider than 100 characters:
     T = makeTreatProjectors(design1, trtTerm, effectsMatrix, trt.contr = NA , contr.matrix = TRUE)
    
    Rd file 'summaryAovTwoPhase.Rd':
     \examples lines wider than 100 characters:
     trt.str = "Trt + Tag", latex = TRUE, fixed.names = c("\\tau", "\\gamma"))
    
    These lines will be truncated in the PDF manual.
Flavors: r-devel-linux-x86_64-debian-gcc, r-devel-linux-x86_64-fedora-clang, r-devel-linux-x86_64-fedora-gcc, r-patched-linux-x86_64, r-release-linux-x86_64

Version: 0.5.1
Check: R code for possible problems
Result: NOTE
    getFixEF.onePhase: no visible global function definition for
     ‘fractions’
    getFixEF.twoPhase: no visible global function definition for
     ‘fractions’
    getVcCoefMS.onePhase: no visible global function definition for
     ‘fractions’
    getVcCoefMS.onePhase : <anonymous>: no visible global function
     definition for ‘fractions’
    getVcCoefMS.twoPhase: no visible global function definition for
     ‘fractions’
    getVcCoefMS.twoPhase : <anonymous>: no visible global function
     definition for ‘fractions’
    projMat: no visible global function definition for ‘ginv’
    trtProkMat: no visible global function definition for ‘ginv’
Flavors: r-patched-linux-x86_64, r-patched-solaris-sparc, r-patched-solaris-x86, r-release-linux-x86_64, r-release-osx-x86_64-mavericks, r-release-windows-ix86+x86_64, r-oldrel-windows-ix86+x86_64