CRAN Package Check Results for Package informR

Last updated on 2019-08-22 01:49:50 CEST.

Flavor Version Tinstall Tcheck Ttotal Status Flags
r-devel-linux-x86_64-debian-clang 1.0-5 4.04 36.95 40.99 NOTE
r-devel-linux-x86_64-debian-gcc 1.0-5 4.02 29.96 33.98 NOTE
r-devel-linux-x86_64-fedora-clang 1.0-5 51.83 NOTE
r-devel-linux-x86_64-fedora-gcc 1.0-5 49.37 NOTE
r-devel-windows-ix86+x86_64 1.0-5 9.00 82.00 91.00 NOTE
r-patched-linux-x86_64 1.0-5 4.70 36.51 41.21 NOTE
r-patched-solaris-x86 1.0-5 80.40 NOTE
r-release-linux-x86_64 1.0-5 4.27 36.47 40.74 NOTE
r-release-windows-ix86+x86_64 1.0-5 11.00 73.00 84.00 NOTE
r-release-osx-x86_64 1.0-5 NOTE
r-oldrel-windows-ix86+x86_64 1.0-5 8.00 66.00 74.00 NOTE
r-oldrel-osx-x86_64 1.0-5 NOTE

Check Details

Version: 1.0-5
Check: R code for possible problems
Result: NOTE
    gen.intercepts: no visible global function definition for 'contr.SAS'
    Undefined global functions or variables:
     contr.SAS
    Consider adding
     importFrom("stats", "contr.SAS")
    to your NAMESPACE file.
Flavors: r-devel-linux-x86_64-debian-clang, r-devel-linux-x86_64-debian-gcc, r-devel-linux-x86_64-fedora-clang, r-devel-linux-x86_64-fedora-gcc, r-devel-windows-ix86+x86_64, r-patched-linux-x86_64, r-patched-solaris-x86, r-release-linux-x86_64, r-release-windows-ix86+x86_64, r-release-osx-x86_64, r-oldrel-windows-ix86+x86_64, r-oldrel-osx-x86_64