CRAN Package Check Results for Package informR

Last updated on 2019-05-23 17:50:28 CEST.

Flavor Version Tinstall Tcheck Ttotal Status Flags
r-devel-linux-x86_64-debian-clang 1.0-5 4.31 36.74 41.05 NOTE
r-devel-linux-x86_64-debian-gcc 1.0-5 3.17 29.46 32.63 NOTE
r-devel-linux-x86_64-fedora-clang 1.0-5 49.37 NOTE
r-devel-linux-x86_64-fedora-gcc 1.0-5 47.49 NOTE
r-devel-windows-ix86+x86_64 1.0-5 9.00 73.00 82.00 NOTE
r-patched-linux-x86_64 1.0-5 4.77 36.15 40.92 NOTE
r-patched-solaris-x86 1.0-5 76.20 NOTE
r-release-linux-x86_64 1.0-5 3.66 36.29 39.95 NOTE
r-release-windows-ix86+x86_64 1.0-5 15.00 52.00 67.00 NOTE
r-release-osx-x86_64 1.0-5 NOTE
r-oldrel-windows-ix86+x86_64 1.0-5 6.00 48.00 54.00 NOTE
r-oldrel-osx-x86_64 1.0-5 NOTE

Check Details

Version: 1.0-5
Check: R code for possible problems
Result: NOTE
    gen.intercepts: no visible global function definition for 'contr.SAS'
    Undefined global functions or variables:
     contr.SAS
    Consider adding
     importFrom("stats", "contr.SAS")
    to your NAMESPACE file.
Flavors: r-devel-linux-x86_64-debian-clang, r-devel-linux-x86_64-debian-gcc, r-devel-linux-x86_64-fedora-clang, r-devel-linux-x86_64-fedora-gcc, r-devel-windows-ix86+x86_64, r-patched-linux-x86_64, r-patched-solaris-x86, r-release-linux-x86_64, r-release-windows-ix86+x86_64, r-release-osx-x86_64, r-oldrel-windows-ix86+x86_64, r-oldrel-osx-x86_64