CRAN Package Check Results for Package infotheo

Last updated on 2016-05-25 17:50:27.

Flavor Version Tinstall Tcheck Ttotal Status Flags
r-devel-linux-x86_64-debian-gcc 1.2.0 2.32 9.16 11.47 NOTE
r-devel-linux-x86_64-fedora-clang 1.2.0 20.39 NOTE
r-devel-linux-x86_64-fedora-gcc 1.2.0 17.07 NOTE
r-devel-osx-x86_64-clang 1.2.0 23.24 NOTE
r-devel-windows-ix86+x86_64 1.2.0 9.00 25.00 34.00 NOTE
r-patched-linux-x86_64 1.2.0 1.70 9.53 11.23 NOTE
r-patched-solaris-sparc 1.2.0 102.30 NOTE
r-patched-solaris-x86 1.2.0 24.00 NOTE
r-release-linux-x86_64 1.2.0 1.74 9.12 10.86 NOTE
r-release-osx-x86_64-mavericks 1.2.0 NOTE
r-release-windows-ix86+x86_64 1.2.0 11.00 31.00 42.00 NOTE
r-oldrel-windows-ix86+x86_64 1.2.0 11.00 27.00 38.00 OK

Check Details

Version: 1.2.0
Check: R code for possible problems
Result: NOTE
    entropy: no visible global function definition for ‘na.omit’
    interinformation: no visible global function definition for ‘na.omit’
    multiinformation: no visible global function definition for ‘na.omit’
    mutinformation: no visible global function definition for ‘na.omit’
    Undefined global functions or variables:
     na.omit
    Consider adding
     importFrom("stats", "na.omit")
    to your NAMESPACE file.
Flavors: r-devel-linux-x86_64-debian-gcc, r-devel-linux-x86_64-fedora-clang, r-devel-linux-x86_64-fedora-gcc, r-devel-osx-x86_64-clang, r-devel-windows-ix86+x86_64, r-patched-linux-x86_64, r-patched-solaris-sparc, r-patched-solaris-x86, r-release-linux-x86_64, r-release-osx-x86_64-mavericks, r-release-windows-ix86+x86_64