CRAN Package Check Results for Package infotheo

Last updated on 2014-08-01 11:48:17.

Flavor Version Tinstall Tcheck Ttotal Status Flags
r-devel-linux-x86_64-debian-clang 1.2.0 1.62 9.26 10.88 OK
r-devel-linux-x86_64-debian-gcc 1.2.0 1.69 8.59 10.28 OK
r-devel-linux-x86_64-fedora-clang 1.2.0 14.81 OK
r-devel-linux-x86_64-fedora-gcc 1.2.0 13.59 OK
r-devel-osx-x86_64-clang 1.2.0 24.58 OK
r-devel-windows-ix86+x86_64 1.2.0 9.00 26.00 35.00 OK
r-patched-linux-x86_64 1.2.0 1.72 8.92 10.64 OK
r-patched-solaris-sparc 1.2.0 126.60 OK
r-patched-solaris-x86 1.2.0 31.60 OK
r-release-linux-ix86 1.1.1 2.44 14.36 16.80 NOTE
r-release-linux-x86_64 1.2.0 1.71 9.57 11.28 OK
r-release-osx-x86_64-mavericks 1.1.1 NOTE
r-release-osx-x86_64-snowleopard 1.2.0 OK
r-release-windows-ix86+x86_64 1.2.0 8.00 27.00 35.00 OK
r-oldrel-windows-ix86+x86_64 1.2.0 9.00 31.00 40.00 OK

Check Details

Version: 1.1.1
Check: top-level files
Result: NOTE
    File
     LICENSE
    is not mentioned in the DESCRIPTION file.
Flavors: r-release-linux-ix86, r-release-osx-x86_64-mavericks

Version: 1.1.1
Check: foreign function calls
Result: NOTE
    Calls with DUP = FALSE:
     .Call("discEF", X, NROW(X), NCOL(X), as.integer(nbins), DUP = FALSE,
     PACKAGE = "infotheo")
     .Call("discEW", X, NROW(X), NCOL(X), as.integer(nbins), DUP = FALSE,
     PACKAGE = "infotheo")
     .Call("entropyR", X, N, n, choi, DUP = FALSE, PACKAGE = "infotheo")
     .Call("interactionR", X, N, n, choi, DUP = FALSE, PACKAGE = "infotheo")
     .Call("multiinformationR", X, N, n, choi, DUP = FALSE, PACKAGE = "infotheo")
     .Call("buildMIM", X, N, n, choi, DUP = FALSE, PACKAGE = "infotheo")
    DUP = FALSE is deprecated and may be disabled in future versions of R.
Flavors: r-release-linux-ix86, r-release-osx-x86_64-mavericks