CRAN Package Check Results for Package infotheo

Last updated on 2017-01-22 12:47:52.

Flavor Version Tinstall Tcheck Ttotal Status Flags
r-devel-linux-x86_64-debian-clang 1.2.0 2.05 11.35 13.40 NOTE
r-devel-linux-x86_64-debian-gcc 1.2.0 1.94 10.82 12.75 NOTE
r-devel-linux-x86_64-fedora-clang 1.2.0 22.87 NOTE --no-stop-on-test-error
r-devel-linux-x86_64-fedora-gcc 1.2.0 21.43 NOTE --no-stop-on-test-error
r-devel-macos-x86_64-clang 1.2.0 19.75 NOTE --no-stop-on-test-error
r-devel-windows-ix86+x86_64 1.2.0 11.00 28.00 39.00 NOTE
r-patched-linux-x86_64 1.2.0 1.75 9.33 11.08 NOTE
r-patched-solaris-sparc 1.2.0 102.90 NOTE
r-patched-solaris-x86 1.2.0 26.60 NOTE
r-release-linux-x86_64 1.2.0 1.71 9.36 11.07 NOTE
r-release-osx-x86_64-mavericks 1.2.0 NOTE
r-release-windows-ix86+x86_64 1.2.0 8.00 25.00 33.00 NOTE
r-oldrel-windows-ix86+x86_64 1.2.0 8.00 30.00 38.00 OK

Check Details

Version: 1.2.0
Check: R code for possible problems
Result: NOTE
    entropy: no visible global function definition for ‘na.omit’
    interinformation: no visible global function definition for ‘na.omit’
    multiinformation: no visible global function definition for ‘na.omit’
    mutinformation: no visible global function definition for ‘na.omit’
    Undefined global functions or variables:
     na.omit
    Consider adding
     importFrom("stats", "na.omit")
    to your NAMESPACE file.
Flavors: r-devel-linux-x86_64-debian-clang, r-devel-linux-x86_64-debian-gcc, r-devel-windows-ix86+x86_64, r-patched-linux-x86_64, r-patched-solaris-sparc, r-patched-solaris-x86, r-release-linux-x86_64, r-release-osx-x86_64-mavericks, r-release-windows-ix86+x86_64

Version: 1.2.0
Flags: --no-stop-on-test-error
Check: R code for possible problems
Result: NOTE
    entropy: no visible global function definition for ‘na.omit’
    interinformation: no visible global function definition for ‘na.omit’
    multiinformation: no visible global function definition for ‘na.omit’
    mutinformation: no visible global function definition for ‘na.omit’
    Undefined global functions or variables:
     na.omit
    Consider adding
     importFrom("stats", "na.omit")
    to your NAMESPACE file.
Flavors: r-devel-linux-x86_64-fedora-clang, r-devel-linux-x86_64-fedora-gcc, r-devel-macos-x86_64-clang