CRAN Package Check Results for Package infotheo

Last updated on 2017-06-24 09:55:23.

Flavor Version Tinstall Tcheck Ttotal Status Flags
r-devel-linux-x86_64-debian-clang 1.2.0 2.20 11.01 13.21 NOTE
r-devel-linux-x86_64-debian-gcc 1.2.0 1.97 10.72 12.69 NOTE
r-devel-linux-x86_64-fedora-clang 1.2.0 22.93 NOTE
r-devel-linux-x86_64-fedora-gcc 1.2.0 20.46 NOTE
r-devel-windows-ix86+x86_64 1.2.0 10.00 40.00 50.00 NOTE
r-patched-linux-x86_64 1.2.0 1.76 11.06 12.83 NOTE
r-patched-solaris-sparc 1.2.0 137.60 NOTE
r-patched-solaris-x86 1.2.0 32.30 NOTE
r-release-linux-x86_64 1.2.0 1.96 11.23 13.20 NOTE
r-release-windows-ix86+x86_64 1.2.0 12.00 34.00 46.00 NOTE
r-release-osx-x86_64 1.2.0 NOTE
r-oldrel-windows-ix86+x86_64 1.2.0 8.00 25.00 33.00 NOTE
r-oldrel-osx-x86_64 1.2.0 NOTE

Check Details

Version: 1.2.0
Check: R code for possible problems
Result: NOTE
    entropy: no visible global function definition for ‘na.omit’
    interinformation: no visible global function definition for ‘na.omit’
    multiinformation: no visible global function definition for ‘na.omit’
    mutinformation: no visible global function definition for ‘na.omit’
    Undefined global functions or variables:
     na.omit
    Consider adding
     importFrom("stats", "na.omit")
    to your NAMESPACE file.
Flavors: r-devel-linux-x86_64-debian-clang, r-devel-linux-x86_64-debian-gcc, r-devel-linux-x86_64-fedora-clang, r-devel-linux-x86_64-fedora-gcc, r-devel-windows-ix86+x86_64, r-patched-linux-x86_64, r-patched-solaris-sparc, r-patched-solaris-x86, r-release-linux-x86_64, r-release-windows-ix86+x86_64, r-release-osx-x86_64, r-oldrel-windows-ix86+x86_64, r-oldrel-osx-x86_64

Version: 1.2.0
Check: compiled code
Result: NOTE
    File ‘infotheo/libs/infotheo.so’:
     Found no calls to: ‘R_registerRoutines’, ‘R_useDynamicSymbols’
    
    It is good practice to register native routines and to disable symbol
    search.
    
    See ‘Writing portable packages’ in the ‘Writing R Extensions’ manual.
Flavors: r-devel-linux-x86_64-debian-clang, r-devel-linux-x86_64-debian-gcc, r-devel-linux-x86_64-fedora-clang, r-devel-linux-x86_64-fedora-gcc, r-patched-linux-x86_64, r-release-linux-x86_64