CRAN Package Check Results for Package infotheo

Last updated on 2017-08-22 02:47:39.

Flavor Version Tinstall Tcheck Ttotal Status Flags
r-devel-linux-x86_64-debian-clang 1.2.0 2.25 11.37 13.62 NOTE
r-devel-linux-x86_64-debian-gcc 1.2.0 2.08 11.36 13.45 NOTE
r-devel-linux-x86_64-fedora-clang 1.2.0 23.22 NOTE
r-devel-linux-x86_64-fedora-gcc 1.2.0 20.45 NOTE
r-devel-windows-ix86+x86_64 1.2.0 12.00 33.00 45.00 NOTE
r-patched-linux-x86_64 1.2.0 2.05 11.23 13.28 NOTE
r-patched-solaris-x86 1.2.0 32.20 NOTE
r-release-linux-x86_64 1.2.0 1.97 11.39 13.36 NOTE
r-release-windows-ix86+x86_64 1.2.0 11.00 33.00 44.00 NOTE
r-release-osx-x86_64 1.2.0 NOTE
r-oldrel-windows-ix86+x86_64 1.2.0 8.00 25.00 33.00 NOTE
r-oldrel-osx-x86_64 1.2.0 NOTE

Check Details

Version: 1.2.0
Check: R code for possible problems
Result: NOTE
    entropy: no visible global function definition for ‘na.omit’
    interinformation: no visible global function definition for ‘na.omit’
    multiinformation: no visible global function definition for ‘na.omit’
    mutinformation: no visible global function definition for ‘na.omit’
    Undefined global functions or variables:
     na.omit
    Consider adding
     importFrom("stats", "na.omit")
    to your NAMESPACE file.
Flavors: r-devel-linux-x86_64-debian-clang, r-devel-linux-x86_64-debian-gcc, r-devel-linux-x86_64-fedora-clang, r-devel-linux-x86_64-fedora-gcc, r-devel-windows-ix86+x86_64, r-patched-linux-x86_64, r-patched-solaris-x86, r-release-linux-x86_64, r-release-windows-ix86+x86_64, r-release-osx-x86_64, r-oldrel-windows-ix86+x86_64, r-oldrel-osx-x86_64

Version: 1.2.0
Check: compiled code
Result: NOTE
    File ‘infotheo/libs/infotheo.so’:
     Found no calls to: ‘R_registerRoutines’, ‘R_useDynamicSymbols’
    
    It is good practice to register native routines and to disable symbol
    search.
    
    See ‘Writing portable packages’ in the ‘Writing R Extensions’ manual.
Flavors: r-devel-linux-x86_64-debian-clang, r-devel-linux-x86_64-debian-gcc, r-devel-linux-x86_64-fedora-clang, r-devel-linux-x86_64-fedora-gcc, r-patched-linux-x86_64, r-release-linux-x86_64