CRAN Package Check Results for Package infotheo

Last updated on 2015-09-01 06:48:06.

Flavor Version Tinstall Tcheck Ttotal Status Flags
r-devel-linux-x86_64-debian-clang 1.2.0 1.73 8.48 10.21 NOTE
r-devel-linux-x86_64-debian-gcc 1.2.0 1.72 8.41 10.14 NOTE
r-devel-linux-x86_64-fedora-clang 1.2.0 21.14 NOTE
r-devel-linux-x86_64-fedora-gcc 1.2.0 18.32 NOTE
r-devel-osx-x86_64-clang 1.2.0 20.80 OK
r-devel-windows-ix86+x86_64 1.2.0 9.00 35.00 44.00 NOTE
r-patched-linux-x86_64 1.2.0 1.83 9.03 10.86 OK
r-patched-solaris-sparc 1.2.0 130.80 OK
r-patched-solaris-x86 1.2.0 31.80 OK
r-release-linux-x86_64 1.2.0 1.76 9.65 11.42 OK
r-release-osx-x86_64-mavericks 1.2.0 OK
r-release-windows-ix86+x86_64 1.2.0 10.00 24.00 34.00 OK
r-oldrel-windows-ix86+x86_64 1.2.0 13.00 23.00 36.00 OK

Check Details

Version: 1.2.0
Check: R code for possible problems
Result: NOTE
    entropy: no visible global function definition for ‘na.omit’
    interinformation: no visible global function definition for ‘na.omit’
    multiinformation: no visible global function definition for ‘na.omit’
    mutinformation: no visible global function definition for ‘na.omit’
    Undefined global functions or variables:
     na.omit
    Consider adding
     importFrom("stats", "na.omit")
    to your NAMESPACE.
Flavors: r-devel-linux-x86_64-debian-clang, r-devel-linux-x86_64-debian-gcc, r-devel-linux-x86_64-fedora-clang, r-devel-linux-x86_64-fedora-gcc, r-devel-windows-ix86+x86_64