CRAN Package Check Results for Package infotheo

Last updated on 2016-02-12 23:48:01.

Flavor Version Tinstall Tcheck Ttotal Status Flags
r-devel-linux-x86_64-debian-gcc 1.2.0 1.66 8.20 9.87 NOTE
r-devel-linux-x86_64-fedora-clang 1.2.0 19.84 NOTE
r-devel-linux-x86_64-fedora-gcc 1.2.0 17.43 NOTE
r-devel-osx-x86_64-clang 1.2.0 22.41 NOTE
r-devel-windows-ix86+x86_64 1.2.0 13.00 29.00 42.00 NOTE
r-patched-linux-x86_64 1.2.0 1.80 8.99 10.79 OK
r-patched-solaris-sparc 1.2.0 112.70 OK
r-patched-solaris-x86 1.2.0 26.70 OK
r-release-linux-x86_64 1.2.0 1.81 8.79 10.60 OK
r-release-osx-x86_64-mavericks 1.2.0 OK
r-release-windows-ix86+x86_64 1.2.0 11.00 27.00 38.00 OK
r-oldrel-windows-ix86+x86_64 1.2.0 13.00 23.00 36.00 OK

Check Details

Version: 1.2.0
Check: R code for possible problems
Result: NOTE
    entropy: no visible global function definition for ‘na.omit’
    interinformation: no visible global function definition for ‘na.omit’
    multiinformation: no visible global function definition for ‘na.omit’
    mutinformation: no visible global function definition for ‘na.omit’
    Undefined global functions or variables:
     na.omit
    Consider adding
     importFrom("stats", "na.omit")
    to your NAMESPACE file.
Flavors: r-devel-linux-x86_64-debian-gcc, r-devel-linux-x86_64-fedora-clang, r-devel-linux-x86_64-fedora-gcc, r-devel-osx-x86_64-clang, r-devel-windows-ix86+x86_64