CRAN Package Check Results for Package infotheo

Last updated on 2015-07-06 06:46:45.

Flavor Version Tinstall Tcheck Ttotal Status Flags
r-devel-linux-x86_64-debian-clang 1.2.0 1.66 8.48 10.13 NOTE
r-devel-linux-x86_64-debian-gcc 1.2.0 1.70 8.62 10.32 NOTE
r-devel-linux-x86_64-fedora-clang 1.2.0 20.52 NOTE
r-devel-linux-x86_64-fedora-gcc 1.2.0 18.09 NOTE
r-devel-osx-x86_64-clang 1.2.0 21.54 OK
r-devel-windows-ix86+x86_64 1.2.0 10.00 35.00 45.00 NOTE
r-patched-linux-x86_64 1.2.0 1.76 8.72 10.48 OK
r-patched-solaris-sparc 1.2.0 122.40 OK
r-patched-solaris-x86 1.2.0 31.20 OK
r-release-linux-x86_64 1.2.0 1.75 8.84 10.58 OK
r-release-osx-x86_64-mavericks 1.2.0 OK
r-release-windows-ix86+x86_64 1.2.0 9.00 27.00 36.00 OK
r-oldrel-windows-ix86+x86_64 1.2.0 13.00 23.00 36.00 OK

Check Details

Version: 1.2.0
Check: R code for possible problems
Result: NOTE
    entropy: no visible global function definition for ‘na.omit’
    interinformation: no visible global function definition for ‘na.omit’
    multiinformation: no visible global function definition for ‘na.omit’
    mutinformation: no visible global function definition for ‘na.omit’
    Undefined global functions or variables:
     na.omit
Flavors: r-devel-linux-x86_64-debian-clang, r-devel-linux-x86_64-debian-gcc, r-devel-linux-x86_64-fedora-clang, r-devel-linux-x86_64-fedora-gcc, r-devel-windows-ix86+x86_64