CRAN Package Check Results for Package infotheo

Last updated on 2014-07-24 17:49:02.

Flavor Version Tinstall Tcheck Ttotal Status Flags
r-devel-linux-x86_64-debian-clang 1.1.1 1.55 8.64 10.19 NOTE
r-devel-linux-x86_64-debian-gcc 1.1.1 1.70 8.95 10.65 NOTE
r-devel-linux-x86_64-fedora-clang 1.1.1 22.26 NOTE
r-devel-linux-x86_64-fedora-gcc 1.1.1 19.44 NOTE
r-devel-osx-x86_64-clang 1.1.1 23.76 NOTE
r-devel-windows-ix86+x86_64 1.1.1 9.00 24.00 33.00 NOTE
r-patched-linux-x86_64 1.1.1 1.71 8.62 10.33 NOTE
r-patched-solaris-sparc 1.1.1 119.10 NOTE
r-patched-solaris-x86 1.1.1 31.20 NOTE
r-release-linux-ix86 1.1.1 2.46 14.76 17.22 NOTE
r-release-linux-x86_64 1.1.1 1.73 8.92 10.66 NOTE
r-release-osx-x86_64-mavericks 1.1.1 NOTE
r-release-windows-ix86+x86_64 1.1.1 12.00 31.00 43.00 NOTE
r-oldrel-windows-ix86+x86_64 1.1.1 8.00 24.00 32.00 NOTE

Check Details

Version: 1.1.1
Check: top-level files
Result: NOTE
    File
     LICENSE
    is not mentioned in the DESCRIPTION file.
Flavors: r-devel-linux-x86_64-debian-clang, r-devel-linux-x86_64-debian-gcc, r-devel-linux-x86_64-fedora-clang, r-devel-linux-x86_64-fedora-gcc, r-devel-osx-x86_64-clang, r-devel-windows-ix86+x86_64, r-patched-linux-x86_64, r-patched-solaris-sparc, r-patched-solaris-x86, r-release-linux-ix86, r-release-linux-x86_64, r-release-osx-x86_64-mavericks, r-release-windows-ix86+x86_64, r-oldrel-windows-ix86+x86_64

Version: 1.1.1
Check: foreign function calls
Result: NOTE
    Calls with DUP = FALSE:
     .Call("discEF", X, NROW(X), NCOL(X), as.integer(nbins), DUP = FALSE,
     PACKAGE = "infotheo")
     .Call("discEW", X, NROW(X), NCOL(X), as.integer(nbins), DUP = FALSE,
     PACKAGE = "infotheo")
     .Call("entropyR", X, N, n, choi, DUP = FALSE, PACKAGE = "infotheo")
     .Call("interactionR", X, N, n, choi, DUP = FALSE, PACKAGE = "infotheo")
     .Call("multiinformationR", X, N, n, choi, DUP = FALSE, PACKAGE = "infotheo")
     .Call("buildMIM", X, N, n, choi, DUP = FALSE, PACKAGE = "infotheo")
    DUP = FALSE is deprecated and may be disabled in future versions of R.
Flavors: r-devel-linux-x86_64-debian-clang, r-devel-linux-x86_64-debian-gcc, r-devel-linux-x86_64-fedora-clang, r-devel-linux-x86_64-fedora-gcc, r-devel-osx-x86_64-clang, r-devel-windows-ix86+x86_64, r-patched-linux-x86_64, r-patched-solaris-sparc, r-patched-solaris-x86, r-release-linux-ix86, r-release-linux-x86_64, r-release-osx-x86_64-mavericks, r-release-windows-ix86+x86_64