CRAN Package Check Results for Package infotheo

Last updated on 2016-07-25 15:48:34.

Flavor Version Tinstall Tcheck Ttotal Status Flags
r-devel-linux-x86_64-debian-clang 1.2.0 2.67 10.96 13.63 NOTE
r-devel-linux-x86_64-debian-gcc 1.2.0 2.63 10.55 13.18 NOTE
r-devel-linux-x86_64-fedora-clang 1.2.0 19.97 NOTE
r-devel-linux-x86_64-fedora-gcc 1.2.0 17.06 NOTE
r-devel-osx-x86_64-clang 1.2.0 17.80 NOTE
r-devel-windows-ix86+x86_64 1.2.0 8.00 26.00 34.00 NOTE
r-patched-linux-x86_64 1.2.0 2.02 10.85 12.87 NOTE
r-patched-solaris-sparc 1.2.0 101.40 NOTE
r-patched-solaris-x86 1.2.0 23.50 NOTE
r-release-linux-x86_64 1.2.0 2.06 10.84 12.89 NOTE
r-release-osx-x86_64-mavericks 1.2.0 NOTE
r-release-windows-ix86+x86_64 1.2.0 11.00 31.00 42.00 NOTE
r-oldrel-windows-ix86+x86_64 1.2.0 11.00 27.00 38.00 OK

Check Details

Version: 1.2.0
Check: R code for possible problems
Result: NOTE
    entropy: no visible global function definition for ‘na.omit’
    interinformation: no visible global function definition for ‘na.omit’
    multiinformation: no visible global function definition for ‘na.omit’
    mutinformation: no visible global function definition for ‘na.omit’
    Undefined global functions or variables:
     na.omit
    Consider adding
     importFrom("stats", "na.omit")
    to your NAMESPACE file.
Flavors: r-devel-linux-x86_64-debian-clang, r-devel-linux-x86_64-debian-gcc, r-devel-linux-x86_64-fedora-clang, r-devel-linux-x86_64-fedora-gcc, r-devel-osx-x86_64-clang, r-devel-windows-ix86+x86_64, r-patched-linux-x86_64, r-patched-solaris-sparc, r-patched-solaris-x86, r-release-linux-x86_64, r-release-osx-x86_64-mavericks, r-release-windows-ix86+x86_64