CRAN Package Check Results for Package infotheo

Last updated on 2014-04-18 09:49:20.

Flavor Version Tinstall Tcheck Ttotal Status Flags
r-devel-linux-x86_64-debian-clang 1.1.1 2.04 8.93 10.97 NOTE
r-devel-linux-x86_64-debian-gcc NOTE
r-devel-linux-x86_64-fedora-clang 1.1.1 22.74 NOTE
r-devel-linux-x86_64-fedora-gcc 1.1.1 19.15 NOTE
r-devel-macosx-x86_64-clang 1.1.1 24.43 NOTE
r-devel-macosx-x86_64-gcc 1.1.1 NOTE
r-devel-windows-ix86+x86_64 1.1.1 8.00 23.00 31.00 NOTE
r-patched-linux-x86_64 1.1.1 1.77 9.18 10.96 NOTE
r-patched-solaris-sparc 1.1.1 119.10 NOTE
r-patched-solaris-x86 1.1.1 30.90 NOTE
r-release-linux-ix86 1.1.1 4.00 21.00 25.00 NOTE
r-release-linux-x86_64 1.1.1 1.70 9.29 11.00 NOTE
r-release-windows-ix86+x86_64 1.1.1 15.00 30.00 45.00 NOTE
r-oldrel-windows-ix86+x86_64 1.1.1 8.00 24.00 32.00 NOTE

Check Details

Version: 1.1.1
Check: top-level files
Result: NOTE
    File
     LICENSE
    is not mentioned in the DESCRIPTION file.
Flavors: r-devel-linux-x86_64-debian-clang, r-devel-linux-x86_64-debian-gcc, r-devel-linux-x86_64-fedora-clang, r-devel-linux-x86_64-fedora-gcc, r-devel-macosx-x86_64-clang, r-devel-macosx-x86_64-gcc, r-devel-windows-ix86+x86_64, r-patched-linux-x86_64, r-patched-solaris-sparc, r-patched-solaris-x86, r-release-linux-ix86, r-release-linux-x86_64, r-release-windows-ix86+x86_64, r-oldrel-windows-ix86+x86_64

Version: 1.1.1
Check: foreign function calls
Result: NOTE
    Calls with DUP = FALSE:
     .Call("discEF", X, NROW(X), NCOL(X), as.integer(nbins), DUP = FALSE,
     PACKAGE = "infotheo")
     .Call("discEW", X, NROW(X), NCOL(X), as.integer(nbins), DUP = FALSE,
     PACKAGE = "infotheo")
     .Call("entropyR", X, N, n, choi, DUP = FALSE, PACKAGE = "infotheo")
     .Call("interactionR", X, N, n, choi, DUP = FALSE, PACKAGE = "infotheo")
     .Call("multiinformationR", X, N, n, choi, DUP = FALSE, PACKAGE = "infotheo")
     .Call("buildMIM", X, N, n, choi, DUP = FALSE, PACKAGE = "infotheo")
    DUP = FALSE is deprecated and may be disabled in future versions of R.
Flavors: r-devel-linux-x86_64-debian-clang, r-devel-linux-x86_64-debian-gcc, r-devel-linux-x86_64-fedora-clang, r-devel-linux-x86_64-fedora-gcc, r-devel-macosx-x86_64-clang, r-devel-macosx-x86_64-gcc, r-devel-windows-ix86+x86_64, r-patched-linux-x86_64, r-patched-solaris-sparc, r-patched-solaris-x86, r-release-linux-ix86, r-release-linux-x86_64, r-release-windows-ix86+x86_64