CRAN Package Check Results for Package infotheo

Last updated on 2016-09-30 09:48:08.

Flavor Version Tinstall Tcheck Ttotal Status Flags
r-devel-linux-x86_64-debian-clang 1.2.0 2.19 10.23 12.41 NOTE
r-devel-linux-x86_64-debian-gcc 1.2.0 2.01 9.91 11.92 NOTE
r-devel-linux-x86_64-fedora-clang 1.2.0 21.54 NOTE
r-devel-linux-x86_64-fedora-gcc 1.2.0 17.48 NOTE
r-devel-macos-x86_64-clang 1.2.0 17.87 NOTE
r-devel-windows-ix86+x86_64 1.2.0 15.00 32.00 47.00 NOTE
r-patched-linux-x86_64 1.2.0 1.77 9.11 10.88 NOTE
r-patched-solaris-sparc 1.2.0 101.40 NOTE
r-patched-solaris-x86 1.2.0 23.80 NOTE
r-release-linux-x86_64 1.2.0 1.79 9.24 11.03 NOTE
r-release-osx-x86_64-mavericks 1.2.0 NOTE
r-release-windows-ix86+x86_64 1.2.0 9.00 24.00 33.00 NOTE
r-oldrel-windows-ix86+x86_64 1.2.0 11.00 27.00 38.00 OK

Check Details

Version: 1.2.0
Check: R code for possible problems
Result: NOTE
    entropy: no visible global function definition for ‘na.omit’
    interinformation: no visible global function definition for ‘na.omit’
    multiinformation: no visible global function definition for ‘na.omit’
    mutinformation: no visible global function definition for ‘na.omit’
    Undefined global functions or variables:
     na.omit
    Consider adding
     importFrom("stats", "na.omit")
    to your NAMESPACE file.
Flavors: r-devel-linux-x86_64-debian-clang, r-devel-linux-x86_64-debian-gcc, r-devel-linux-x86_64-fedora-clang, r-devel-linux-x86_64-fedora-gcc, r-devel-macos-x86_64-clang, r-devel-windows-ix86+x86_64, r-patched-linux-x86_64, r-patched-solaris-sparc, r-patched-solaris-x86, r-release-linux-x86_64, r-release-osx-x86_64-mavericks, r-release-windows-ix86+x86_64