CRAN Package Check Results for Package infotheo

Last updated on 2016-12-04 16:47:12.

Flavor Version Tinstall Tcheck Ttotal Status Flags
r-devel-linux-x86_64-debian-clang 1.2.0 2.16 11.05 13.21 NOTE
r-devel-linux-x86_64-debian-gcc 1.2.0 2.00 10.66 12.65 NOTE
r-devel-linux-x86_64-fedora-clang 1.2.0 23.47 NOTE --no-stop-on-test-error
r-devel-linux-x86_64-fedora-gcc 1.2.0 21.29 NOTE
r-devel-macos-x86_64-clang 1.2.0 20.20 NOTE
r-devel-windows-ix86+x86_64 1.2.0 18.00 35.00 53.00 NOTE
r-patched-linux-x86_64 1.2.0 1.75 9.50 11.25 NOTE
r-patched-solaris-sparc 1.2.0 101.40 NOTE
r-patched-solaris-x86 1.2.0 24.00 NOTE
r-release-linux-x86_64 1.2.0 1.75 8.80 10.55 NOTE
r-release-osx-x86_64-mavericks 1.2.0 NOTE
r-release-windows-ix86+x86_64 1.2.0 8.00 25.00 33.00 NOTE
r-oldrel-windows-ix86+x86_64 1.2.0 8.00 30.00 38.00 OK

Check Details

Version: 1.2.0
Check: R code for possible problems
Result: NOTE
    entropy: no visible global function definition for ‘na.omit’
    interinformation: no visible global function definition for ‘na.omit’
    multiinformation: no visible global function definition for ‘na.omit’
    mutinformation: no visible global function definition for ‘na.omit’
    Undefined global functions or variables:
     na.omit
    Consider adding
     importFrom("stats", "na.omit")
    to your NAMESPACE file.
Flavors: r-devel-linux-x86_64-debian-clang, r-devel-linux-x86_64-debian-gcc, r-devel-linux-x86_64-fedora-gcc, r-devel-macos-x86_64-clang, r-devel-windows-ix86+x86_64, r-patched-linux-x86_64, r-patched-solaris-sparc, r-patched-solaris-x86, r-release-linux-x86_64, r-release-osx-x86_64-mavericks, r-release-windows-ix86+x86_64

Version: 1.2.0
Flags: --no-stop-on-test-error
Check: R code for possible problems
Result: NOTE
    entropy: no visible global function definition for ‘na.omit’
    interinformation: no visible global function definition for ‘na.omit’
    multiinformation: no visible global function definition for ‘na.omit’
    mutinformation: no visible global function definition for ‘na.omit’
    Undefined global functions or variables:
     na.omit
    Consider adding
     importFrom("stats", "na.omit")
    to your NAMESPACE file.
Flavor: r-devel-linux-x86_64-fedora-clang