CRAN Package Check Results for Package infotheo

Last updated on 2016-06-27 03:47:38.

Flavor Version Tinstall Tcheck Ttotal Status Flags
r-devel-linux-x86_64-debian-gcc 1.2.0 2.30 8.95 11.25 NOTE
r-devel-linux-x86_64-fedora-clang 1.2.0 19.98 NOTE
r-devel-linux-x86_64-fedora-gcc 1.2.0 17.04 NOTE
r-devel-osx-x86_64-clang 1.2.0 17.69 NOTE
r-devel-windows-ix86+x86_64 1.2.0 9.00 26.00 35.00 NOTE
r-patched-linux-x86_64 1.2.0 2.00 9.47 11.47 NOTE
r-patched-solaris-sparc 1.2.0 101.40 NOTE
r-patched-solaris-x86 1.2.0 24.30 NOTE
r-release-linux-x86_64 1.2.0 1.82 9.58 11.40 NOTE
r-release-osx-x86_64-mavericks 1.2.0 NOTE
r-release-windows-ix86+x86_64 1.2.0 11.00 31.00 42.00 NOTE
r-oldrel-windows-ix86+x86_64 1.2.0 11.00 27.00 38.00 OK

Check Details

Version: 1.2.0
Check: R code for possible problems
Result: NOTE
    entropy: no visible global function definition for ‘na.omit’
    interinformation: no visible global function definition for ‘na.omit’
    multiinformation: no visible global function definition for ‘na.omit’
    mutinformation: no visible global function definition for ‘na.omit’
    Undefined global functions or variables:
     na.omit
    Consider adding
     importFrom("stats", "na.omit")
    to your NAMESPACE file.
Flavors: r-devel-linux-x86_64-debian-gcc, r-devel-linux-x86_64-fedora-clang, r-devel-linux-x86_64-fedora-gcc, r-devel-osx-x86_64-clang, r-devel-windows-ix86+x86_64, r-patched-linux-x86_64, r-patched-solaris-sparc, r-patched-solaris-x86, r-release-linux-x86_64, r-release-osx-x86_64-mavericks, r-release-windows-ix86+x86_64