CRAN Package Check Results for Package infotheo

Last updated on 2016-08-31 06:47:28.

Flavor Version Tinstall Tcheck Ttotal Status Flags
r-devel-linux-x86_64-debian-clang 1.2.0 2.05 9.46 11.51 NOTE
r-devel-linux-x86_64-debian-gcc 1.2.0 2.05 9.44 11.49 NOTE
r-devel-linux-x86_64-fedora-clang 1.2.0 20.38 NOTE
r-devel-linux-x86_64-fedora-gcc 1.2.0 17.73 NOTE
r-devel-osx-x86_64-clang 1.2.0 18.03 NOTE
r-devel-windows-ix86+x86_64 1.2.0 15.00 33.00 48.00 NOTE
r-patched-linux-x86_64 1.2.0 1.84 9.17 11.02 NOTE
r-patched-solaris-sparc 1.2.0 101.40 NOTE
r-patched-solaris-x86 1.2.0 23.90 NOTE
r-release-linux-x86_64 1.2.0 1.78 9.25 11.03 NOTE
r-release-osx-x86_64-mavericks 1.2.0 NOTE
r-release-windows-ix86+x86_64 1.2.0 11.00 31.00 42.00 NOTE
r-oldrel-windows-ix86+x86_64 1.2.0 11.00 27.00 38.00 OK

Check Details

Version: 1.2.0
Check: R code for possible problems
Result: NOTE
    entropy: no visible global function definition for ‘na.omit’
    interinformation: no visible global function definition for ‘na.omit’
    multiinformation: no visible global function definition for ‘na.omit’
    mutinformation: no visible global function definition for ‘na.omit’
    Undefined global functions or variables:
     na.omit
    Consider adding
     importFrom("stats", "na.omit")
    to your NAMESPACE file.
Flavors: r-devel-linux-x86_64-debian-clang, r-devel-linux-x86_64-debian-gcc, r-devel-linux-x86_64-fedora-clang, r-devel-linux-x86_64-fedora-gcc, r-devel-osx-x86_64-clang, r-devel-windows-ix86+x86_64, r-patched-linux-x86_64, r-patched-solaris-sparc, r-patched-solaris-x86, r-release-linux-x86_64, r-release-osx-x86_64-mavericks, r-release-windows-ix86+x86_64