CRAN Package Check Results for Package infra

Last updated on 2017-10-17 23:48:32.

Flavor Version Tinstall Tcheck Ttotal Status Flags
r-devel-linux-x86_64-debian-clang 0.1.2 0.59 15.93 16.52 NOTE
r-devel-linux-x86_64-debian-gcc 0.1.2 0.48 17.34 17.82 NOTE
r-devel-linux-x86_64-fedora-clang 0.1.2 18.10 NOTE
r-devel-linux-x86_64-fedora-gcc 0.1.2 17.16 NOTE
r-devel-windows-ix86+x86_64 0.1.2 2.00 31.00 33.00 NOTE
r-patched-linux-x86_64 0.1.2 0.54 15.18 15.72 NOTE
r-patched-solaris-x86 0.1.2 25.90 NOTE
r-release-linux-x86_64 0.1.2 0.56 15.61 16.17 NOTE
r-release-windows-ix86+x86_64 0.1.2 2.00 27.00 29.00 NOTE
r-release-osx-x86_64 0.1.2 NOTE
r-oldrel-windows-ix86+x86_64 0.1.2 2.00 27.00 29.00 NOTE
r-oldrel-osx-x86_64 0.1.2 NOTE

Check Details

Version: 0.1.2
Check: DESCRIPTION meta-information
Result: NOTE
    Malformed Description field: should contain one or more complete sentences.
Flavors: r-devel-linux-x86_64-debian-clang, r-devel-linux-x86_64-debian-gcc, r-devel-linux-x86_64-fedora-clang, r-devel-linux-x86_64-fedora-gcc, r-devel-windows-ix86+x86_64, r-patched-linux-x86_64, r-patched-solaris-x86, r-release-linux-x86_64, r-release-windows-ix86+x86_64, r-release-osx-x86_64, r-oldrel-windows-ix86+x86_64, r-oldrel-osx-x86_64

Version: 0.1.2
Check: R code for possible problems
Result: NOTE
    getInfra: no visible global function definition for ‘txtProgressBar’
    getInfra: no visible global function definition for ‘download.file’
    getInfra: no visible global function definition for ‘setTxtProgressBar’
    getInfra : <anonymous>: no visible global function definition for
     ‘download.file’
    Undefined global functions or variables:
     download.file setTxtProgressBar txtProgressBar
    Consider adding
     importFrom("utils", "download.file", "setTxtProgressBar",
     "txtProgressBar")
    to your NAMESPACE file.
Flavors: r-devel-linux-x86_64-debian-clang, r-devel-linux-x86_64-debian-gcc, r-devel-linux-x86_64-fedora-clang, r-devel-linux-x86_64-fedora-gcc, r-devel-windows-ix86+x86_64, r-patched-linux-x86_64, r-patched-solaris-x86, r-release-linux-x86_64, r-release-windows-ix86+x86_64, r-release-osx-x86_64, r-oldrel-windows-ix86+x86_64, r-oldrel-osx-x86_64