CRAN Package Check Results for Package infraFDTD.assist

Last updated on 2019-07-17 18:48:03 CEST.

Flavor Version Tinstall Tcheck Ttotal Status Flags
r-devel-linux-x86_64-debian-clang 0.6 2.14 20.28 22.42 NOTE
r-devel-linux-x86_64-debian-gcc 0.6 1.78 16.56 18.34 NOTE
r-devel-linux-x86_64-fedora-clang 0.6 27.62 NOTE
r-devel-linux-x86_64-fedora-gcc 0.6 29.94 NOTE
r-devel-windows-ix86+x86_64 0.6 6.00 33.00 39.00 OK
r-patched-linux-x86_64 0.6 1.82 20.38 22.20 OK
r-patched-solaris-x86 0.6 46.80 OK
r-release-linux-x86_64 0.6 1.65 20.17 21.82 OK
r-release-windows-ix86+x86_64 0.6 4.00 45.00 49.00 OK
r-release-osx-x86_64 0.6 OK
r-oldrel-windows-ix86+x86_64 0.6 3.00 51.00 54.00 OK
r-oldrel-osx-x86_64 0.6 OK

Check Details

Version: 0.6
Check: for non-standard things in the check directory
Result: NOTE
    Found the following files/directories:
     'c.txt' 'rho.txt' 'sta.txt' 'topo.txt'
Flavors: r-devel-linux-x86_64-debian-clang, r-devel-linux-x86_64-debian-gcc, r-devel-linux-x86_64-fedora-clang, r-devel-linux-x86_64-fedora-gcc