CRAN Package Check Results for Package infraFDTD.assist

Last updated on 2019-10-18 17:48:29 CEST.

Flavor Version Tinstall Tcheck Ttotal Status Flags
r-devel-linux-x86_64-debian-clang 0.6 2.60 20.33 22.93 NOTE
r-devel-linux-x86_64-debian-gcc 0.6 1.80 16.46 18.26 NOTE
r-devel-linux-x86_64-fedora-clang 0.6 29.71 NOTE
r-devel-linux-x86_64-fedora-gcc 0.6 26.77 NOTE
r-devel-windows-ix86+x86_64 0.6 9.00 48.00 57.00 OK
r-patched-linux-x86_64 0.6 2.35 20.14 22.49 OK
r-patched-solaris-x86 0.6 42.20 OK
r-release-linux-x86_64 0.6 2.00 20.29 22.29 OK
r-release-windows-ix86+x86_64 0.6 4.00 34.00 38.00 OK
r-release-osx-x86_64 0.6 OK
r-oldrel-windows-ix86+x86_64 0.6 3.00 31.00 34.00 OK
r-oldrel-osx-x86_64 0.6 OK

Check Details

Version: 0.6
Check: for non-standard things in the check directory
Result: NOTE
    Found the following files/directories:
     'c.txt' 'rho.txt' 'sta.txt' 'topo.txt'
Flavors: r-devel-linux-x86_64-debian-clang, r-devel-linux-x86_64-debian-gcc, r-devel-linux-x86_64-fedora-clang, r-devel-linux-x86_64-fedora-gcc