CRAN Package Check Results for Package infutil

Last updated on 2015-02-26 23:47:46.

Flavor Version Tinstall Tcheck Ttotal Status Flags
r-devel-linux-x86_64-debian-clang 1.0 2.66 42.73 45.38 NOTE
r-devel-linux-x86_64-debian-gcc 1.0 3.33 41.25 44.58 NOTE
r-devel-linux-x86_64-fedora-clang 1.0 97.36 NOTE
r-devel-linux-x86_64-fedora-gcc 1.0 86.16 NOTE
r-devel-osx-x86_64-clang 1.0 77.28 NOTE
r-devel-windows-ix86+x86_64 1.0 11.00 61.00 72.00 NOTE
r-patched-linux-x86_64 1.0 3.83 54.73 58.56 NOTE
r-patched-solaris-sparc 1.0 686.80 NOTE
r-patched-solaris-x86 1.0 157.70 NOTE
r-release-linux-ix86 1.0 4.03 68.53 72.56 NOTE
r-release-linux-x86_64 1.0 3.82 0.25 4.07 OK
r-release-osx-x86_64-mavericks 1.0 NOTE
r-release-osx-x86_64-snowleopard 1.0 NOTE
r-release-windows-ix86+x86_64 1.0 13.00 85.00 98.00 NOTE
r-oldrel-windows-ix86+x86_64 1.0 10.00 80.00 90.00 NOTE

Check Details

Version: 1.0
Check: dependencies in R code
Result: NOTE
    Unexported object imported by a ':::' call: ‘ltm:::crf.GPCM’
     See the note in ?`:::` about the use of this operator.
Flavors: r-devel-linux-x86_64-debian-clang, r-devel-linux-x86_64-debian-gcc, r-devel-linux-x86_64-fedora-clang, r-devel-linux-x86_64-fedora-gcc, r-devel-osx-x86_64-clang, r-devel-windows-ix86+x86_64, r-patched-linux-x86_64, r-patched-solaris-x86

Version: 1.0
Check: Rd line widths
Result: NOTE
    Rd file 'Jeffreys.Rd':
     \usage lines wider than 90 characters:
     Jeffreys(ltm.obj = NULL, inf.mat = NULL, inf.func = NULL, return = "prior", spl.method = "natural", range.int = c(-Inf, Inf))
    
    Rd file 'iota.Rd':
     \usage lines wider than 90 characters:
     iota(ltm.obj, logL.fun, fscore.obj = NULL, data = NULL, prior = NULL, theta0 = NULL, range.int = c(-Inf, Inf), range.theta = c(-10, 10) ... [TRUNCATED]
    
    Rd file 'iota.c.Rd':
     \usage lines wider than 90 characters:
     iota.c(ltm.obj, M = NULL, prior = NULL, logL.fun = NULL, rirm = NULL, range.int = c(-Inf, Inf))
    
    These lines will be truncated in the PDF manual.
Flavors: r-devel-linux-x86_64-debian-clang, r-devel-linux-x86_64-debian-gcc, r-devel-linux-x86_64-fedora-clang, r-devel-linux-x86_64-fedora-gcc, r-patched-linux-x86_64, r-release-linux-ix86

Version: 1.0
Check: dependencies in R code
Result: NOTE
    Unexported object imported by a ':::' call: ‘ltm:::crf.GPCM’
     See the note in ?`:::` about the use of this operator.
    See the information on DESCRIPTION files in the chapter ‘Creating R
    packages’ of the ‘Writing R Extensions’ manual.
Flavors: r-patched-solaris-sparc, r-release-linux-ix86, r-release-osx-x86_64-mavericks, r-release-osx-x86_64-snowleopard, r-release-windows-ix86+x86_64, r-oldrel-windows-ix86+x86_64