CRAN Package Check Results for Package infutil

Last updated on 2015-07-07 23:47:49.

Flavor Version Tinstall Tcheck Ttotal Status Flags
r-devel-linux-x86_64-debian-clang 1.0 2.96 41.75 44.71 NOTE
r-devel-linux-x86_64-debian-gcc 1.0 2.72 40.55 43.28 NOTE
r-devel-linux-x86_64-fedora-clang 1.0 90.64 NOTE
r-devel-linux-x86_64-fedora-gcc 1.0 85.33 NOTE
r-devel-osx-x86_64-clang 1.0 71.90 NOTE
r-devel-windows-ix86+x86_64 1.0 7.00 63.00 70.00 NOTE
r-patched-linux-x86_64 1.0 2.73 41.79 44.52 NOTE
r-patched-solaris-sparc 1.0 549.00 NOTE
r-patched-solaris-x86 1.0 118.50 NOTE
r-release-linux-x86_64 1.0 2.76 40.37 43.13 NOTE
r-release-osx-x86_64-mavericks 1.0 NOTE
r-release-windows-ix86+x86_64 1.0 11.00 62.00 73.00 NOTE
r-oldrel-windows-ix86+x86_64 1.0 12.00 82.00 94.00 NOTE

Check Details

Version: 1.0
Check: dependencies in R code
Result: NOTE
    Unexported object imported by a ':::' call: ‘ltm:::crf.GPCM’
     See the note in ?`:::` about the use of this operator.
Flavors: r-devel-linux-x86_64-debian-clang, r-devel-linux-x86_64-debian-gcc, r-devel-linux-x86_64-fedora-clang, r-devel-linux-x86_64-fedora-gcc, r-devel-osx-x86_64-clang, r-devel-windows-ix86+x86_64, r-patched-linux-x86_64, r-patched-solaris-sparc, r-patched-solaris-x86, r-release-linux-x86_64, r-release-osx-x86_64-mavericks, r-release-windows-ix86+x86_64, r-oldrel-windows-ix86+x86_64

Version: 1.0
Check: R code for possible problems
Result: NOTE
    Jeffreys: no visible global function definition for ‘integrate’
    Jeffreys: no visible global function definition for ‘splinefun’
    count.rows: no visible global function definition for ‘tail’
    count.rows: no visible global function definition for ‘head’
    cprobs : <anonymous>: no visible global function definition for
     ‘plogis’
    inf.func.ltm : f: no visible global function definition for ‘plogis’
    infoGPCM: no visible binding for global variable ‘tail’
    iota: no visible global function definition for ‘integrate’
    iota: no visible global function definition for ‘optimize’
    iota: no visible global function definition for ‘pchisq’
    iota.c : rirm: no visible global function definition for ‘coef’
    iota.c: no visible global function definition for ‘integrate’
    iota.c: no visible global function definition for ‘sd’
    iota.u: no visible global function definition for ‘integrate’
    iprobs : <anonymous>: no visible global function definition for
     ‘plogis’
    logL.ltm : logL: no visible global function definition for ‘dbinom’
    logL.ltm : logL: no visible global function definition for ‘plogis’
    logL.ltm : logL : <anonymous>: no visible global function definition
     for ‘plogis’
    probs: no visible global function definition for ‘plogis’
    rJeffreys : Jpinv.min: no visible global function definition for
     ‘integrate’
    rJeffreys : Jpinv: no visible global function definition for ‘nlminb’
    rJeffreys : Jpinv: no visible global function definition for ‘qnorm’
    rJeffreys: no visible global function definition for ‘runif’
    Undefined global functions or variables:
     coef dbinom head integrate nlminb optimize pchisq plogis qnorm runif
     sd splinefun tail
Flavors: r-devel-linux-x86_64-debian-clang, r-devel-linux-x86_64-debian-gcc, r-devel-linux-x86_64-fedora-clang, r-devel-linux-x86_64-fedora-gcc, r-devel-windows-ix86+x86_64

Version: 1.0
Check: Rd line widths
Result: NOTE
    Rd file 'Jeffreys.Rd':
     \usage lines wider than 90 characters:
     Jeffreys(ltm.obj = NULL, inf.mat = NULL, inf.func = NULL, return = "prior", spl.method = "natural", range.int = c(-Inf, Inf))
    
    Rd file 'iota.Rd':
     \usage lines wider than 90 characters:
     iota(ltm.obj, logL.fun, fscore.obj = NULL, data = NULL, prior = NULL, theta0 = NULL, range.int = c(-Inf, Inf), range.theta = c(-10, 10) ... [TRUNCATED]
    
    Rd file 'iota.c.Rd':
     \usage lines wider than 90 characters:
     iota.c(ltm.obj, M = NULL, prior = NULL, logL.fun = NULL, rirm = NULL, range.int = c(-Inf, Inf))
    
    These lines will be truncated in the PDF manual.
Flavors: r-devel-linux-x86_64-debian-clang, r-devel-linux-x86_64-debian-gcc, r-devel-linux-x86_64-fedora-clang, r-devel-linux-x86_64-fedora-gcc, r-patched-linux-x86_64, r-release-linux-x86_64