CRAN Package Check Results for Package infutil

Last updated on 2014-11-26 13:47:06.

Flavor Version Tinstall Tcheck Ttotal Status Flags
r-devel-linux-x86_64-debian-clang 1.0 3.61 51.37 54.98 NOTE
r-devel-linux-x86_64-debian-gcc 1.0 3.24 47.66 50.90 NOTE
r-devel-linux-x86_64-fedora-clang 1.0 130.88 NOTE
r-devel-linux-x86_64-fedora-gcc 1.0 124.14 NOTE
r-devel-osx-x86_64-clang 1.0 98.51 NOTE
r-devel-windows-ix86+x86_64 1.0 9.00 76.00 85.00 NOTE
r-patched-linux-x86_64 1.0 3.46 52.28 55.74 NOTE
r-patched-solaris-sparc 1.0 722.40 NOTE
r-patched-solaris-x86 1.0 154.40 NOTE
r-release-linux-ix86 1.0 3.99 62.96 66.95 NOTE
r-release-linux-x86_64 1.0 3.74 51.66 55.40 NOTE
r-release-osx-x86_64-mavericks 1.0 NOTE
r-release-osx-x86_64-snowleopard 1.0 NOTE
r-release-windows-ix86+x86_64 1.0 12.00 77.00 89.00 NOTE
r-oldrel-windows-ix86+x86_64 1.0 10.00 78.00 88.00 NOTE

Check Details

Version: 1.0
Check: dependencies in R code
Result: NOTE
    Unexported object imported by a ':::' call: ‘ltm:::crf.GPCM’
     See the note in ?`:::` about the use of this operator.
    See the information on DESCRIPTION files in the chapter ‘Creating R
    packages’ of the ‘Writing R Extensions’ manual.
Flavors: r-devel-linux-x86_64-debian-clang, r-devel-linux-x86_64-debian-gcc, r-devel-linux-x86_64-fedora-clang, r-devel-linux-x86_64-fedora-gcc, r-devel-osx-x86_64-clang, r-devel-windows-ix86+x86_64, r-patched-linux-x86_64, r-patched-solaris-sparc, r-patched-solaris-x86, r-release-linux-ix86, r-release-linux-x86_64, r-release-osx-x86_64-mavericks, r-release-osx-x86_64-snowleopard, r-release-windows-ix86+x86_64, r-oldrel-windows-ix86+x86_64

Version: 1.0
Check: Rd line widths
Result: NOTE
    Rd file 'Jeffreys.Rd':
     \usage lines wider than 90 characters:
     Jeffreys(ltm.obj = NULL, inf.mat = NULL, inf.func = NULL, return = "prior", spl.method = "natural", range.int = c(-Inf, Inf))
    
    Rd file 'iota.Rd':
     \usage lines wider than 90 characters:
     iota(ltm.obj, logL.fun, fscore.obj = NULL, data = NULL, prior = NULL, theta0 = NULL, range.int = c(-Inf, Inf), range.theta = c(-10, 10) ... [TRUNCATED]
    
    Rd file 'iota.c.Rd':
     \usage lines wider than 90 characters:
     iota.c(ltm.obj, M = NULL, prior = NULL, logL.fun = NULL, rirm = NULL, range.int = c(-Inf, Inf))
    
    These lines will be truncated in the PDF manual.
Flavors: r-devel-linux-x86_64-debian-clang, r-devel-linux-x86_64-debian-gcc, r-devel-linux-x86_64-fedora-clang, r-devel-linux-x86_64-fedora-gcc, r-patched-linux-x86_64, r-release-linux-x86_64