CRAN Package Check Results for Package infutil

Last updated on 2015-08-31 08:46:52.

Flavor Version Tinstall Tcheck Ttotal Status Flags
r-devel-linux-x86_64-debian-clang 1.0 2.55 40.16 42.71 NOTE
r-devel-linux-x86_64-debian-gcc 1.0 2.53 41.86 44.39 NOTE
r-devel-linux-x86_64-fedora-clang 1.0 87.86 NOTE
r-devel-linux-x86_64-fedora-gcc 1.0 84.61 NOTE
r-devel-osx-x86_64-clang 1.0 69.47 NOTE
r-devel-windows-ix86+x86_64 1.0 11.00 74.00 85.00 NOTE
r-patched-linux-x86_64 1.0 2.92 40.98 43.90 NOTE
r-patched-solaris-sparc 1.0 557.60 NOTE
r-patched-solaris-x86 1.0 122.00 NOTE
r-release-linux-x86_64 1.0 2.83 41.50 44.33 NOTE
r-release-osx-x86_64-mavericks 1.0 NOTE
r-release-windows-ix86+x86_64 1.0 10.00 99.00 109.00 NOTE
r-oldrel-windows-ix86+x86_64 1.0 16.00 99.00 115.00 NOTE

Check Details

Version: 1.0
Check: dependencies in R code
Result: NOTE
    Unexported object imported by a ':::' call: ‘ltm:::crf.GPCM’
     See the note in ?`:::` about the use of this operator.
Flavors: r-devel-linux-x86_64-debian-clang, r-devel-linux-x86_64-debian-gcc, r-devel-linux-x86_64-fedora-clang, r-devel-linux-x86_64-fedora-gcc, r-devel-osx-x86_64-clang, r-devel-windows-ix86+x86_64, r-patched-linux-x86_64, r-patched-solaris-sparc, r-patched-solaris-x86, r-release-linux-x86_64, r-release-osx-x86_64-mavericks, r-release-windows-ix86+x86_64, r-oldrel-windows-ix86+x86_64

Version: 1.0
Check: R code for possible problems
Result: NOTE
    Jeffreys: no visible global function definition for ‘integrate’
    Jeffreys: no visible global function definition for ‘splinefun’
    count.rows: no visible global function definition for ‘tail’
    count.rows: no visible global function definition for ‘head’
    cprobs : <anonymous>: no visible global function definition for
     ‘plogis’
    inf.func.ltm : f: no visible global function definition for ‘plogis’
    infoGPCM: no visible binding for global variable ‘tail’
    iota: no visible global function definition for ‘integrate’
    iota: no visible global function definition for ‘optimize’
    iota: no visible global function definition for ‘pchisq’
    iota.c : rirm: no visible global function definition for ‘coef’
    iota.c: no visible global function definition for ‘integrate’
    iota.c: no visible global function definition for ‘sd’
    iota.u: no visible global function definition for ‘integrate’
    iprobs : <anonymous>: no visible global function definition for
     ‘plogis’
    logL.ltm : logL: no visible global function definition for ‘dbinom’
    logL.ltm : logL: no visible global function definition for ‘plogis’
    logL.ltm : logL : <anonymous>: no visible global function definition
     for ‘plogis’
    probs: no visible global function definition for ‘plogis’
    rJeffreys : Jpinv.min: no visible global function definition for
     ‘integrate’
    rJeffreys : Jpinv: no visible global function definition for ‘nlminb’
    rJeffreys : Jpinv: no visible global function definition for ‘qnorm’
    rJeffreys: no visible global function definition for ‘runif’
    Undefined global functions or variables:
     coef dbinom head integrate nlminb optimize pchisq plogis qnorm runif
     sd splinefun tail
    Consider adding
     importFrom("stats", "coef", "dbinom", "integrate", "nlminb",
     "optimize", "pchisq", "plogis", "qnorm", "runif", "sd",
     "splinefun")
     importFrom("utils", "head", "tail")
    to your NAMESPACE.
Flavors: r-devel-linux-x86_64-debian-clang, r-devel-linux-x86_64-debian-gcc, r-devel-linux-x86_64-fedora-clang, r-devel-linux-x86_64-fedora-gcc, r-devel-windows-ix86+x86_64

Version: 1.0
Check: Rd line widths
Result: NOTE
    Rd file 'Jeffreys.Rd':
     \usage lines wider than 90 characters:
     Jeffreys(ltm.obj = NULL, inf.mat = NULL, inf.func = NULL, return = "prior", spl.method = "natural", range.int = c(-Inf, Inf))
    
    Rd file 'iota.Rd':
     \usage lines wider than 90 characters:
     iota(ltm.obj, logL.fun, fscore.obj = NULL, data = NULL, prior = NULL, theta0 = NULL, range.int = c(-Inf, Inf), range.theta = c(-10, 10) ... [TRUNCATED]
    
    Rd file 'iota.c.Rd':
     \usage lines wider than 90 characters:
     iota.c(ltm.obj, M = NULL, prior = NULL, logL.fun = NULL, rirm = NULL, range.int = c(-Inf, Inf))
    
    These lines will be truncated in the PDF manual.
Flavors: r-devel-linux-x86_64-debian-clang, r-devel-linux-x86_64-debian-gcc, r-devel-linux-x86_64-fedora-clang, r-devel-linux-x86_64-fedora-gcc, r-patched-linux-x86_64, r-release-linux-x86_64