CRAN Package Check Results for Package infutil

Last updated on 2014-07-30 08:48:45.

Flavor Version Tinstall Tcheck Ttotal Status Flags
r-devel-linux-x86_64-debian-clang 1.0 3.64 51.98 55.63 NOTE
r-devel-linux-x86_64-debian-gcc 1.0 3.46 50.53 53.99 NOTE
r-devel-linux-x86_64-fedora-clang 1.0 131.81 NOTE
r-devel-linux-x86_64-fedora-gcc 1.0 125.13 NOTE
r-devel-osx-x86_64-clang 1.0 98.91 NOTE
r-devel-windows-ix86+x86_64 1.0 10.00 79.00 89.00 NOTE
r-patched-linux-x86_64 1.0 3.53 52.38 55.92 NOTE
r-patched-solaris-sparc 1.0 685.20 NOTE
r-patched-solaris-x86 1.0 155.80 NOTE
r-release-linux-ix86 1.0 4.27 64.48 68.75 NOTE
r-release-linux-x86_64 1.0 3.70 52.64 56.34 NOTE
r-release-osx-x86_64-mavericks 1.0 NOTE
r-release-osx-x86_64-snowleopard 1.0 NOTE
r-release-windows-ix86+x86_64 1.0 9.00 81.00 90.00 NOTE
r-oldrel-windows-ix86+x86_64 1.0 10.00 74.00 84.00 NOTE

Check Details

Version: 1.0
Check: dependencies in R code
Result: NOTE
    Unexported object imported by a ':::' call: ltm:::crf.GPCM
     See the note in ?`:::` about the use of this operator.
    See the information on DESCRIPTION files in the chapter Creating R
    packages of the Writing R Extensions manual.
Flavors: r-devel-linux-x86_64-debian-clang, r-devel-linux-x86_64-debian-gcc, r-devel-linux-x86_64-fedora-clang, r-devel-linux-x86_64-fedora-gcc, r-devel-osx-x86_64-clang, r-devel-windows-ix86+x86_64, r-patched-linux-x86_64, r-patched-solaris-sparc, r-patched-solaris-x86, r-release-linux-ix86, r-release-linux-x86_64, r-release-osx-x86_64-mavericks, r-release-osx-x86_64-snowleopard, r-release-windows-ix86+x86_64, r-oldrel-windows-ix86+x86_64

Version: 1.0
Check: Rd line widths
Result: NOTE
    Rd file 'Jeffreys.Rd':
     \usage lines wider than 90 characters:
     Jeffreys(ltm.obj = NULL, inf.mat = NULL, inf.func = NULL, return = "prior", spl.method = "natural", range.int = c(-Inf, Inf))
    
    Rd file 'iota.Rd':
     \usage lines wider than 90 characters:
     iota(ltm.obj, logL.fun, fscore.obj = NULL, data = NULL, prior = NULL, theta0 = NULL, range.int = c(-Inf, Inf), range.theta = c(-10, 10) ... [TRUNCATED]
    
    Rd file 'iota.c.Rd':
     \usage lines wider than 90 characters:
     iota.c(ltm.obj, M = NULL, prior = NULL, logL.fun = NULL, rirm = NULL, range.int = c(-Inf, Inf))
    
    These lines will be truncated in the PDF manual.
Flavors: r-devel-linux-x86_64-fedora-clang, r-devel-linux-x86_64-fedora-gcc