CRAN Package Check Results for Package infutil

Last updated on 2015-05-22 12:46:28.

Flavor Version Tinstall Tcheck Ttotal Status Flags
r-devel-linux-x86_64-debian-clang 1.0 2.76 41.60 44.36 NOTE
r-devel-linux-x86_64-debian-gcc 1.0 2.86 41.23 44.09 NOTE
r-devel-linux-x86_64-fedora-gcc 1.0 87.79 NOTE
r-devel-osx-x86_64-clang 1.0 77.97 NOTE
r-devel-windows-ix86+x86_64 1.0 10.00 67.00 77.00 NOTE
r-patched-linux-x86_64 1.0 3.58 42.23 45.80 NOTE
r-patched-solaris-sparc 1.0 550.00 NOTE
r-patched-solaris-x86 1.0 118.50 NOTE
r-release-linux-x86_64 1.0 2.70 42.18 44.89 NOTE
r-release-osx-x86_64-mavericks 1.0 NOTE
r-release-osx-x86_64-snowleopard 1.0 NOTE
r-release-windows-ix86+x86_64 1.0 8.00 64.00 72.00 NOTE
r-oldrel-windows-ix86+x86_64 1.0 13.00 90.00 103.00 NOTE

Check Details

Version: 1.0
Check: dependencies in R code
Result: NOTE
    Unexported object imported by a ':::' call: ‘ltm:::crf.GPCM’
     See the note in ?`:::` about the use of this operator.
Flavors: r-devel-linux-x86_64-debian-clang, r-devel-linux-x86_64-debian-gcc, r-devel-linux-x86_64-fedora-gcc, r-devel-osx-x86_64-clang, r-devel-windows-ix86+x86_64, r-patched-linux-x86_64, r-patched-solaris-sparc, r-patched-solaris-x86, r-release-linux-x86_64, r-release-osx-x86_64-mavericks, r-release-windows-ix86+x86_64, r-oldrel-windows-ix86+x86_64

Version: 1.0
Check: Rd line widths
Result: NOTE
    Rd file 'Jeffreys.Rd':
     \usage lines wider than 90 characters:
     Jeffreys(ltm.obj = NULL, inf.mat = NULL, inf.func = NULL, return = "prior", spl.method = "natural", range.int = c(-Inf, Inf))
    
    Rd file 'iota.Rd':
     \usage lines wider than 90 characters:
     iota(ltm.obj, logL.fun, fscore.obj = NULL, data = NULL, prior = NULL, theta0 = NULL, range.int = c(-Inf, Inf), range.theta = c(-10, 10) ... [TRUNCATED]
    
    Rd file 'iota.c.Rd':
     \usage lines wider than 90 characters:
     iota.c(ltm.obj, M = NULL, prior = NULL, logL.fun = NULL, rirm = NULL, range.int = c(-Inf, Inf))
    
    These lines will be truncated in the PDF manual.
Flavors: r-devel-linux-x86_64-debian-clang, r-devel-linux-x86_64-debian-gcc, r-devel-linux-x86_64-fedora-gcc, r-patched-linux-x86_64, r-release-linux-x86_64

Version: 1.0
Check: dependencies in R code
Result: NOTE
    Unexported object imported by a ':::' call: ‘ltm:::crf.GPCM’
     See the note in ?`:::` about the use of this operator.
    See the information on DESCRIPTION files in the chapter ‘Creating R
    packages’ of the ‘Writing R Extensions’ manual.
Flavor: r-release-osx-x86_64-snowleopard