CRAN Package Check Results for Package infutil

Last updated on 2015-04-25 17:46:51.

Flavor Version Tinstall Tcheck Ttotal Status Flags
r-devel-linux-x86_64-debian-clang 1.0 2.77 42.32 45.08 NOTE
r-devel-linux-x86_64-debian-gcc 1.0 2.65 41.26 43.91 NOTE
r-devel-linux-x86_64-fedora-clang 1.0 94.15 NOTE
r-devel-linux-x86_64-fedora-gcc 1.0 87.35 NOTE
r-devel-osx-x86_64-clang 1.0 75.81 NOTE
r-devel-windows-ix86+x86_64 1.0 7.00 67.00 74.00 NOTE
r-patched-linux-x86_64 1.0 2.72 41.64 44.36 NOTE
r-patched-solaris-sparc 1.0 550.00 NOTE
r-patched-solaris-x86 1.0 115.80 NOTE
r-release-linux-x86_64 1.0 2.77 42.88 45.64 NOTE
r-release-osx-x86_64-mavericks 1.0 NOTE
r-release-osx-x86_64-snowleopard 1.0 NOTE
r-release-windows-ix86+x86_64 1.0 7.00 67.00 74.00 NOTE
r-oldrel-windows-ix86+x86_64 1.0 10.00 74.00 84.00 NOTE

Check Details

Version: 1.0
Check: dependencies in R code
Result: NOTE
    Unexported object imported by a ':::' call: 'ltm:::crf.GPCM'
     See the note in ?`:::` about the use of this operator.
Flavors: r-devel-windows-ix86+x86_64, r-release-windows-ix86+x86_64, r-oldrel-windows-ix86+x86_64