CRAN Package Check Results for Package inlinedocs

Last updated on 2022-09-29 03:58:05 CEST.

Flavor Version Tinstall Tcheck Ttotal Status Flags
r-devel-linux-x86_64-debian-clang 2019.12.5 5.28 36.60 41.88 OK
r-devel-linux-x86_64-debian-gcc 2019.12.5 4.10 28.14 32.24 OK
r-devel-linux-x86_64-fedora-clang 2019.12.5 64.09 NOTE
r-devel-linux-x86_64-fedora-gcc 2019.12.5 60.54 OK
r-devel-windows-x86_64 2019.12.5 46.00 81.00 127.00 OK
r-patched-linux-x86_64 2019.12.5 5.13 34.96 40.09 OK
r-release-linux-x86_64 2019.12.5 5.07 35.66 40.73 OK
r-release-macos-arm64 2019.12.5 23.00 OK
r-release-macos-x86_64 2019.12.5 31.00 OK
r-release-windows-x86_64 2019.12.5 65.00 80.00 145.00 OK
r-oldrel-macos-arm64 2019.12.5 27.00 OK
r-oldrel-macos-x86_64 2019.12.5 39.00 OK
r-oldrel-windows-ix86+x86_64 2019.12.5 10.00 64.00 74.00 OK

Check Details

Version: 2019.12.5
Check: Rd cross-references
Result: NOTE
    Undeclared package ‘R.methodsS3’ in Rd xrefs
Flavor: r-devel-linux-x86_64-fedora-clang