CRAN Package Check Results for Package inlinedocs

Last updated on 2015-08-30 09:47:27.

Flavor Version Tinstall Tcheck Ttotal Status Flags
r-devel-linux-x86_64-debian-clang 2013.9.3 0.80 17.73 18.53 NOTE
r-devel-linux-x86_64-debian-gcc 2013.9.3 1.13 17.62 18.75 NOTE
r-devel-linux-x86_64-fedora-clang 2013.9.3 28.14 NOTE
r-devel-linux-x86_64-fedora-gcc 2013.9.3 25.29 NOTE
r-devel-osx-x86_64-clang 2013.9.3 31.68 NOTE
r-devel-windows-ix86+x86_64 2013.9.3 8.00 32.00 40.00 OK
r-patched-linux-x86_64 2013.9.3 0.85 18.31 19.16 NOTE
r-patched-solaris-sparc 2013.9.3 190.50 NOTE
r-patched-solaris-x86 2013.9.3 42.10 NOTE
r-release-linux-x86_64 2013.9.3 0.92 18.40 19.32 NOTE
r-release-osx-x86_64-mavericks 2013.9.3 OK
r-release-windows-ix86+x86_64 2013.9.3 4.00 31.00 35.00 OK
r-oldrel-windows-ix86+x86_64 2013.9.3 8.00 29.00 37.00 OK

Check Details

Version: 2013.9.3
Check: S3 generic/method consistency
Result: NOTE
    Found the following apparent S3 methods exported but not registered:
     combine.NULL print.allfun
    See section ‘Registering S3 methods’ in the ‘Writing R Extensions’
    manual.
Flavors: r-devel-linux-x86_64-debian-clang, r-devel-linux-x86_64-debian-gcc, r-devel-linux-x86_64-fedora-clang, r-devel-linux-x86_64-fedora-gcc, r-devel-osx-x86_64-clang, r-patched-linux-x86_64, r-patched-solaris-sparc, r-patched-solaris-x86, r-release-linux-x86_64