CRAN Package Check Results for Package inlinedocs

Last updated on 2016-07-30 23:47:31.

Flavor Version Tinstall Tcheck Ttotal Status Flags
r-devel-linux-x86_64-debian-clang 2013.9.3 0.77 18.69 19.46 NOTE
r-devel-linux-x86_64-debian-gcc 2013.9.3 0.81 18.62 19.43 NOTE
r-devel-linux-x86_64-fedora-clang 2013.9.3 25.06 NOTE
r-devel-linux-x86_64-fedora-gcc 2013.9.3 23.34 NOTE
r-devel-osx-x86_64-clang 2013.9.3 23.61 NOTE
r-devel-windows-ix86+x86_64 2013.9.3 4.00 38.00 42.00 OK
r-patched-linux-x86_64 2013.9.3 0.81 18.78 19.59 NOTE
r-patched-solaris-sparc 2013.9.3 162.60 NOTE
r-patched-solaris-x86 2013.9.3 35.70 NOTE
r-release-linux-x86_64 2013.9.3 0.92 21.25 22.17 NOTE
r-release-osx-x86_64-mavericks 2013.9.3 OK
r-release-windows-ix86+x86_64 2013.9.3 5.00 47.00 52.00 OK
r-oldrel-windows-ix86+x86_64 2013.9.3 4.00 29.00 33.00 OK

Check Details

Version: 2013.9.3
Check: S3 generic/method consistency
Result: NOTE
    Found the following apparent S3 methods exported but not registered:
     combine.NULL print.allfun
    See section ‘Registering S3 methods’ in the ‘Writing R Extensions’
    manual.
Flavors: r-devel-linux-x86_64-debian-clang, r-devel-linux-x86_64-debian-gcc, r-devel-linux-x86_64-fedora-clang, r-devel-linux-x86_64-fedora-gcc, r-devel-osx-x86_64-clang, r-patched-linux-x86_64, r-patched-solaris-sparc, r-patched-solaris-x86, r-release-linux-x86_64