CRAN Package Check Results for Package inlinedocs

Last updated on 2017-04-30 23:51:34.

Flavor Version Tinstall Tcheck Ttotal Status Flags
r-devel-linux-x86_64-debian-clang 2013.9.3 0.99 21.87 22.86 NOTE
r-devel-linux-x86_64-debian-gcc 2013.9.3 0.91 21.64 22.55 NOTE
r-devel-linux-x86_64-fedora-clang 2013.9.3 31.85 NOTE --no-stop-on-test-error
r-devel-linux-x86_64-fedora-gcc 2013.9.3 29.58 NOTE --no-stop-on-test-error
r-devel-windows-ix86+x86_64 2013.9.3 4.00 59.00 63.00 OK
r-patched-linux-x86_64 2013.9.3 1.02 21.35 22.37 NOTE
r-patched-solaris-sparc 2013.9.3 190.10 NOTE
r-patched-solaris-x86 2013.9.3 43.50 NOTE
r-release-linux-x86_64 2013.9.3 0.94 21.62 22.56 NOTE
r-release-windows-ix86+x86_64 2013.9.3 4.00 40.00 44.00 OK
r-release-osx-x86_64 2013.9.3 OK
r-oldrel-windows-ix86+x86_64 2013.9.3 4.00 38.00 42.00 OK
r-oldrel-osx-x86_64 2013.9.3 OK

Check Details

Version: 2013.9.3
Check: S3 generic/method consistency
Result: NOTE
    Found the following apparent S3 methods exported but not registered:
     combine.NULL print.allfun
    See section ‘Registering S3 methods’ in the ‘Writing R Extensions’
    manual.
Flavors: r-devel-linux-x86_64-debian-clang, r-devel-linux-x86_64-debian-gcc, r-patched-linux-x86_64, r-patched-solaris-sparc, r-patched-solaris-x86, r-release-linux-x86_64

Version: 2013.9.3
Flags: --no-stop-on-test-error
Check: S3 generic/method consistency
Result: NOTE
    Found the following apparent S3 methods exported but not registered:
     combine.NULL print.allfun
    See section ‘Registering S3 methods’ in the ‘Writing R Extensions’
    manual.
Flavors: r-devel-linux-x86_64-fedora-clang, r-devel-linux-x86_64-fedora-gcc