CRAN Package Check Results for Package inlinedocs

Last updated on 2015-02-27 23:47:51.

Flavor Version Tinstall Tcheck Ttotal Status Flags
r-devel-linux-x86_64-debian-clang 2013.9.3 1.24 18.46 19.70 NOTE
r-devel-linux-x86_64-debian-gcc 2013.9.3 0.89 18.28 19.17 NOTE
r-devel-linux-x86_64-fedora-clang 2013.9.3 29.74 NOTE
r-devel-linux-x86_64-fedora-gcc 2013.9.3 28.51 NOTE
r-devel-osx-x86_64-clang 2013.9.3 35.67 NOTE
r-devel-windows-ix86+x86_64 2013.9.3 4.00 30.00 34.00 OK
r-patched-linux-x86_64 2013.9.3 0.91 19.32 20.24 OK
r-patched-solaris-sparc 2013.9.3 184.60 OK
r-release-linux-ix86 2013.9.3 1.38 27.40 28.79 OK
r-release-linux-x86_64 2013.9.3 0.89 19.18 20.07 OK
r-release-osx-x86_64-mavericks 2013.9.3 OK
r-release-windows-ix86+x86_64 2013.9.3 3.00 36.00 39.00 OK
r-oldrel-windows-ix86+x86_64 2013.9.3 3.00 29.00 32.00 OK

Check Details

Version: 2013.9.3
Check: S3 generic/method consistency
Result: NOTE
    Found the following apparent S3 methods exported but not registered:
     combine.NULL print.allfun
    See section ‘Registering S3 methods’ in the ‘Writing R Extensions’
    manual.
Flavors: r-devel-linux-x86_64-debian-clang, r-devel-linux-x86_64-debian-gcc, r-devel-linux-x86_64-fedora-clang, r-devel-linux-x86_64-fedora-gcc, r-devel-osx-x86_64-clang