CRAN Package Check Results for Package inlinedocs

Last updated on 2018-04-26 01:46:43 CEST.

Flavor Version Tinstall Tcheck Ttotal Status Flags
r-devel-linux-x86_64-debian-clang 2013.9.3 2.98 22.82 25.80 NOTE
r-devel-linux-x86_64-debian-gcc 2013.9.3 2.47 20.51 22.98 NOTE
r-devel-linux-x86_64-fedora-clang 2013.9.3 34.82 NOTE
r-devel-linux-x86_64-fedora-gcc 2013.9.3 33.35 NOTE
r-devel-windows-ix86+x86_64 2013.9.3 10.00 46.00 56.00 OK
r-patched-linux-x86_64 2013.9.3 3.62 25.18 28.80 NOTE
r-patched-solaris-x86 2013.9.3 50.30 NOTE
r-release-linux-x86_64 2013.9.3 3.67 25.02 28.69 NOTE
r-release-windows-ix86+x86_64 2013.9.3 10.00 46.00 56.00 OK
r-release-osx-x86_64 2013.9.3 OK
r-oldrel-windows-ix86+x86_64 2013.9.3 4.00 41.00 45.00 OK
r-oldrel-osx-x86_64 2013.9.3 OK

Check Details

Version: 2013.9.3
Check: S3 generic/method consistency
Result: NOTE
    Found the following apparent S3 methods exported but not registered:
     combine.NULL print.allfun
    See section ‘Registering S3 methods’ in the ‘Writing R Extensions’
    manual.
Flavors: r-devel-linux-x86_64-debian-clang, r-devel-linux-x86_64-debian-gcc, r-devel-linux-x86_64-fedora-clang, r-devel-linux-x86_64-fedora-gcc, r-patched-linux-x86_64, r-patched-solaris-x86, r-release-linux-x86_64