CRAN Package Check Results for Package inlinedocs

Last updated on 2016-08-27 04:50:57.

Flavor Version Tinstall Tcheck Ttotal Status Flags
r-devel-linux-x86_64-debian-clang 2013.9.3 0.83 18.61 19.44 NOTE
r-devel-linux-x86_64-debian-gcc 2013.9.3 1.08 22.70 23.77 NOTE
r-devel-linux-x86_64-fedora-clang 2013.9.3 25.66 NOTE
r-devel-linux-x86_64-fedora-gcc 2013.9.3 25.07 NOTE
r-devel-osx-x86_64-clang 2013.9.3 23.65 NOTE
r-devel-windows-ix86+x86_64 2013.9.3 6.00 46.00 52.00 OK
r-patched-linux-x86_64 2013.9.3 0.86 18.06 18.91 NOTE
r-patched-solaris-sparc 2013.9.3 162.60 NOTE
r-patched-solaris-x86 2013.9.3 35.90 NOTE
r-release-linux-x86_64 2013.9.3 0.90 18.55 19.45 NOTE
r-release-osx-x86_64-mavericks 2013.9.3 OK
r-release-windows-ix86+x86_64 2013.9.3 5.00 47.00 52.00 OK
r-oldrel-windows-ix86+x86_64 2013.9.3 4.00 29.00 33.00 OK

Check Details

Version: 2013.9.3
Check: S3 generic/method consistency
Result: NOTE
    Found the following apparent S3 methods exported but not registered:
     combine.NULL print.allfun
    See section ‘Registering S3 methods’ in the ‘Writing R Extensions’
    manual.
Flavors: r-devel-linux-x86_64-debian-clang, r-devel-linux-x86_64-debian-gcc, r-devel-linux-x86_64-fedora-clang, r-devel-linux-x86_64-fedora-gcc, r-devel-osx-x86_64-clang, r-patched-linux-x86_64, r-patched-solaris-sparc, r-patched-solaris-x86, r-release-linux-x86_64