CRAN Package Check Results for Package inlinedocs

Last updated on 2015-01-26 10:47:09.

Flavor Version Tinstall Tcheck Ttotal Status Flags
r-devel-linux-x86_64-debian-clang 2013.9.3 0.90 18.49 19.39 OK
r-devel-linux-x86_64-debian-gcc 2013.9.3 0.87 18.51 19.38 OK
r-devel-linux-x86_64-fedora-clang 2013.9.3 32.33 NOTE
r-devel-linux-x86_64-fedora-gcc 2013.9.3 32.32 NOTE
r-devel-osx-x86_64-clang 2013.9.3 37.59 NOTE
r-devel-windows-ix86+x86_64 2013.9.3 5.00 29.00 34.00 OK
r-patched-linux-x86_64 2013.9.3 0.94 19.18 20.12 OK
r-patched-solaris-sparc 2013.9.3 184.60 OK
r-patched-solaris-x86 2013.9.3 45.40 OK
r-release-linux-ix86 2013.9.3 1.30 25.51 26.80 OK
r-release-linux-x86_64 2013.9.3 0.99 19.11 20.10 OK
r-release-osx-x86_64-mavericks 2013.9.3 OK
r-release-windows-ix86+x86_64 2013.9.3 3.00 36.00 39.00 OK
r-oldrel-windows-ix86+x86_64 2013.9.3 3.00 29.00 32.00 OK

Check Details

Version: 2013.9.3
Check: S3 generic/method consistency
Result: NOTE
    Found the following apparent S3 methods exported but not registered:
     combine.NULL print.allfun
    See section ‘Registering S3 methods’ in the ‘Writing R Extensions’
    manual.
Flavors: r-devel-linux-x86_64-fedora-clang, r-devel-linux-x86_64-fedora-gcc, r-devel-osx-x86_64-clang