CRAN Package Check Results for Package inlinedocs

Last updated on 2015-04-25 10:48:18.

Flavor Version Tinstall Tcheck Ttotal Status Flags
r-devel-linux-x86_64-debian-clang 2013.9.3 0.97 18.73 19.70 NOTE
r-devel-linux-x86_64-debian-gcc 2013.9.3 0.89 18.08 18.97 NOTE
r-devel-linux-x86_64-fedora-clang 2013.9.3 29.74 NOTE
r-devel-linux-x86_64-fedora-gcc 2013.9.3 27.62 NOTE
r-devel-osx-x86_64-clang 2013.9.3 35.36 NOTE
r-devel-windows-ix86+x86_64 2013.9.3 3.00 31.00 34.00 OK
r-patched-linux-x86_64 2013.9.3 0.86 18.47 19.33 NOTE
r-patched-solaris-sparc 2013.9.3 187.00 OK
r-patched-solaris-x86 2013.9.3 40.90 OK
r-release-linux-x86_64 2013.9.3 0.87 18.24 19.11 NOTE
r-release-osx-x86_64-mavericks 2013.9.3 OK
r-release-osx-x86_64-snowleopard 2013.9.3 OK
r-release-windows-ix86+x86_64 2013.9.3 3.00 32.00 35.00 OK
r-oldrel-windows-ix86+x86_64 2013.9.3 8.00 29.00 37.00 OK

Check Details

Version: 2013.9.3
Check: S3 generic/method consistency
Result: NOTE
    Found the following apparent S3 methods exported but not registered:
     combine.NULL print.allfun
    See section ‘Registering S3 methods’ in the ‘Writing R Extensions’
    manual.
Flavor: r-patched-linux-x86_64