CRAN Package Check Results for Package inlinedocs

Last updated on 2015-03-28 11:49:16.

Flavor Version Tinstall Tcheck Ttotal Status Flags
r-devel-linux-x86_64-debian-clang 2013.9.3 0.86 18.83 19.69 NOTE
r-devel-linux-x86_64-debian-gcc 2013.9.3 1.20 18.71 19.91 NOTE
r-devel-linux-x86_64-fedora-clang 2013.9.3 29.55 NOTE
r-devel-linux-x86_64-fedora-gcc 2013.9.3 27.42 NOTE
r-devel-osx-x86_64-clang 2013.9.3 38.70 NOTE
r-prerel-windows-ix86+x86_64 2013.9.3 4.00 29.00 33.00 OK
r-prerel-linux-x86_64 2013.9.3 0.86 18.29 19.14 NOTE
r-prerel-solaris-sparc 2013.9.3 187.00 OK
r-prerel-solaris-x86 2013.9.3 39.80 OK
r-release-linux-x86_64 2013.9.3 0.91 19.60 20.52 OK
r-release-osx-x86_64-mavericks 2013.9.3 OK
r-release-windows-ix86+x86_64 2013.9.3 8.00 29.00 37.00 OK
r-oldrel-windows-ix86+x86_64 2013.9.3 3.00 29.00 32.00 OK

Check Details

Version: 2013.9.3
Check: S3 generic/method consistency
Result: NOTE
    Found the following apparent S3 methods exported but not registered:
     combine.NULL print.allfun
    See section ‘Registering S3 methods’ in the ‘Writing R Extensions’
    manual.
Flavors: r-devel-linux-x86_64-debian-clang, r-devel-linux-x86_64-debian-gcc, r-devel-linux-x86_64-fedora-clang, r-devel-linux-x86_64-fedora-gcc, r-devel-osx-x86_64-clang, r-prerel-linux-x86_64