CRAN Package Check Results for Package inlinedocs

Last updated on 2016-09-24 23:48:11.

Flavor Version Tinstall Tcheck Ttotal Status Flags
r-devel-linux-x86_64-debian-clang 2013.9.3 2.82 18.15 20.98 NOTE
r-devel-linux-x86_64-debian-gcc 2013.9.3 0.87 18.70 19.57 NOTE
r-devel-linux-x86_64-fedora-clang 2013.9.3 25.80 NOTE
r-devel-linux-x86_64-fedora-gcc 2013.9.3 24.55 NOTE
r-devel-macos-x86_64-clang 2013.9.3 23.33 NOTE
r-devel-windows-ix86+x86_64 2013.9.3 7.00 36.00 43.00 OK
r-patched-linux-x86_64 2013.9.3 0.84 18.36 19.20 NOTE
r-patched-solaris-sparc 2013.9.3 162.60 NOTE
r-patched-solaris-x86 2013.9.3 35.90 NOTE
r-release-linux-x86_64 2013.9.3 0.79 18.46 19.25 NOTE
r-release-osx-x86_64-mavericks 2013.9.3 OK
r-release-windows-ix86+x86_64 2013.9.3 3.00 37.00 40.00 OK
r-oldrel-windows-ix86+x86_64 2013.9.3 4.00 29.00 33.00 OK

Check Details

Version: 2013.9.3
Check: S3 generic/method consistency
Result: NOTE
    Found the following apparent S3 methods exported but not registered:
     combine.NULL print.allfun
    See section ‘Registering S3 methods’ in the ‘Writing R Extensions’
    manual.
Flavors: r-devel-linux-x86_64-debian-clang, r-devel-linux-x86_64-debian-gcc, r-devel-linux-x86_64-fedora-clang, r-devel-linux-x86_64-fedora-gcc, r-devel-macos-x86_64-clang, r-patched-linux-x86_64, r-patched-solaris-sparc, r-patched-solaris-x86, r-release-linux-x86_64