CRAN Package Check Results for Package inlinedocs

Last updated on 2017-10-19 01:46:18.

Flavor Version Tinstall Tcheck Ttotal Status Flags
r-devel-linux-x86_64-debian-clang 2013.9.3 0.99 21.59 22.59 NOTE
r-devel-linux-x86_64-debian-gcc 2013.9.3 0.92 23.01 23.93 NOTE
r-devel-linux-x86_64-fedora-clang 2013.9.3 33.01 NOTE
r-devel-linux-x86_64-fedora-gcc 2013.9.3 31.95 NOTE
r-devel-windows-ix86+x86_64 2013.9.3 5.00 41.00 46.00 OK
r-patched-linux-x86_64 2013.9.3 0.93 21.92 22.85 NOTE
r-patched-solaris-x86 2013.9.3 44.20 NOTE
r-release-linux-x86_64 2013.9.3 0.99 21.84 22.83 NOTE
r-release-windows-ix86+x86_64 2013.9.3 4.00 41.00 45.00 OK
r-release-osx-x86_64 2013.9.3 OK
r-oldrel-windows-ix86+x86_64 2013.9.3 4.00 38.00 42.00 OK
r-oldrel-osx-x86_64 2013.9.3 OK

Check Details

Version: 2013.9.3
Check: S3 generic/method consistency
Result: NOTE
    Found the following apparent S3 methods exported but not registered:
     combine.NULL print.allfun
    See section ‘Registering S3 methods’ in the ‘Writing R Extensions’
    manual.
Flavors: r-devel-linux-x86_64-debian-clang, r-devel-linux-x86_64-debian-gcc, r-devel-linux-x86_64-fedora-clang, r-devel-linux-x86_64-fedora-gcc, r-patched-linux-x86_64, r-patched-solaris-x86, r-release-linux-x86_64