CRAN Package Check Results for Package inlinedocs

Last updated on 2017-02-20 20:47:56.

Flavor Version Tinstall Tcheck Ttotal Status Flags
r-devel-linux-x86_64-debian-clang 2013.9.3 1.00 21.44 22.44 NOTE
r-devel-linux-x86_64-debian-gcc 2013.9.3 0.91 21.17 22.08 NOTE
r-devel-linux-x86_64-fedora-clang 2013.9.3 31.12 NOTE --no-stop-on-test-error
r-devel-linux-x86_64-fedora-gcc 2013.9.3 29.73 NOTE --no-stop-on-test-error
r-devel-macos-x86_64-clang 2013.9.3 28.39 NOTE --no-stop-on-test-error
r-devel-windows-ix86+x86_64 2013.9.3 5.00 51.00 56.00 OK
r-patched-linux-x86_64 2013.9.3 0.92 18.78 19.71 NOTE
r-patched-solaris-sparc 2013.9.3 165.80 NOTE
r-patched-solaris-x86 2013.9.3 35.50 NOTE
r-release-linux-x86_64 2013.9.3 0.78 18.58 19.36 NOTE
r-release-osx-x86_64-mavericks 2013.9.3 OK
r-release-windows-ix86+x86_64 2013.9.3 4.00 38.00 42.00 OK
r-oldrel-windows-ix86+x86_64 2013.9.3 4.00 37.00 41.00 OK

Check Details

Version: 2013.9.3
Check: S3 generic/method consistency
Result: NOTE
    Found the following apparent S3 methods exported but not registered:
     combine.NULL print.allfun
    See section ‘Registering S3 methods’ in the ‘Writing R Extensions’
    manual.
Flavors: r-devel-linux-x86_64-debian-clang, r-devel-linux-x86_64-debian-gcc, r-patched-linux-x86_64, r-patched-solaris-sparc, r-patched-solaris-x86, r-release-linux-x86_64

Version: 2013.9.3
Flags: --no-stop-on-test-error
Check: S3 generic/method consistency
Result: NOTE
    Found the following apparent S3 methods exported but not registered:
     combine.NULL print.allfun
    See section ‘Registering S3 methods’ in the ‘Writing R Extensions’
    manual.
Flavors: r-devel-linux-x86_64-fedora-clang, r-devel-linux-x86_64-fedora-gcc, r-devel-macos-x86_64-clang