CRAN Package Check Results for Package inlinedocs

Last updated on 2016-12-09 15:47:54.

Flavor Version Tinstall Tcheck Ttotal Status Flags
r-devel-linux-x86_64-debian-clang 2013.9.3 0.95 21.55 22.50 NOTE
r-devel-linux-x86_64-debian-gcc 2013.9.3 0.97 21.22 22.19 NOTE
r-devel-linux-x86_64-fedora-clang 2013.9.3 32.90 NOTE --no-stop-on-test-error
r-devel-linux-x86_64-fedora-gcc 2013.9.3 31.33 NOTE --no-stop-on-test-error
r-devel-macos-x86_64-clang 2013.9.3 27.86 NOTE --no-stop-on-test-error
r-devel-windows-ix86+x86_64 2013.9.3 5.00 52.00 57.00 OK
r-patched-linux-x86_64 2013.9.3 0.77 18.53 19.31 NOTE
r-patched-solaris-sparc 2013.9.3 162.60 NOTE
r-patched-solaris-x86 2013.9.3 35.60 NOTE
r-release-linux-x86_64 2013.9.3 0.88 18.55 19.43 NOTE
r-release-osx-x86_64-mavericks 2013.9.3 OK
r-release-windows-ix86+x86_64 2013.9.3 4.00 38.00 42.00 OK
r-oldrel-windows-ix86+x86_64 2013.9.3 4.00 37.00 41.00 OK

Check Details

Version: 2013.9.3
Check: S3 generic/method consistency
Result: NOTE
    Found the following apparent S3 methods exported but not registered:
     combine.NULL print.allfun
    See section ‘Registering S3 methods’ in the ‘Writing R Extensions’
    manual.
Flavors: r-devel-linux-x86_64-debian-clang, r-devel-linux-x86_64-debian-gcc, r-patched-linux-x86_64, r-patched-solaris-sparc, r-patched-solaris-x86, r-release-linux-x86_64

Version: 2013.9.3
Flags: --no-stop-on-test-error
Check: S3 generic/method consistency
Result: NOTE
    Found the following apparent S3 methods exported but not registered:
     combine.NULL print.allfun
    See section ‘Registering S3 methods’ in the ‘Writing R Extensions’
    manual.
Flavors: r-devel-linux-x86_64-fedora-clang, r-devel-linux-x86_64-fedora-gcc, r-devel-macos-x86_64-clang