CRAN Package Check Results for Package inlinedocs

Last updated on 2015-05-25 16:47:14.

Flavor Version Tinstall Tcheck Ttotal Status Flags
r-devel-linux-x86_64-debian-clang 2013.9.3 0.86 18.61 19.47 NOTE
r-devel-linux-x86_64-debian-gcc 2013.9.3 0.84 18.66 19.49 NOTE
r-devel-linux-x86_64-fedora-clang 2013.9.3 29.52 NOTE
r-devel-linux-x86_64-fedora-gcc 2013.9.3 28.01 NOTE
r-devel-osx-x86_64-clang 2013.9.3 35.16 NOTE
r-devel-windows-ix86+x86_64 2013.9.3 4.00 30.00 34.00 OK
r-patched-linux-x86_64 2013.9.3 1.30 18.31 19.61 NOTE
r-patched-solaris-sparc 2013.9.3 180.70 NOTE
r-patched-solaris-x86 2013.9.3 40.60 NOTE
r-release-linux-x86_64 2013.9.3 0.97 18.58 19.55 NOTE
r-release-osx-x86_64-mavericks 2013.9.3 OK
r-release-osx-x86_64-snowleopard 2013.9.3 OK
r-release-windows-ix86+x86_64 2013.9.3 3.00 32.00 35.00 OK
r-oldrel-windows-ix86+x86_64 2013.9.3 8.00 29.00 37.00 OK

Check Details

Version: 2013.9.3
Check: S3 generic/method consistency
Result: NOTE
    Found the following apparent S3 methods exported but not registered:
     combine.NULL print.allfun
    See section ‘Registering S3 methods’ in the ‘Writing R Extensions’
    manual.
Flavors: r-devel-linux-x86_64-debian-clang, r-devel-linux-x86_64-debian-gcc, r-devel-linux-x86_64-fedora-clang, r-devel-linux-x86_64-fedora-gcc, r-devel-osx-x86_64-clang, r-patched-linux-x86_64, r-patched-solaris-sparc, r-patched-solaris-x86, r-release-linux-x86_64