CRAN Package Check Results for Package insane

Last updated on 2022-08-17 20:54:44 CEST.

Flavor Version Tinstall Tcheck Ttotal Status Flags
r-devel-linux-x86_64-debian-clang 0.1.0 8.49 81.72 90.21 NOTE
r-devel-linux-x86_64-debian-gcc 0.1.0 NOTE
r-devel-linux-x86_64-fedora-clang 0.1.0 116.02 NOTE
r-devel-linux-x86_64-fedora-gcc 0.1.0 112.12 NOTE
r-devel-windows-x86_64 0.1.0 20.00 113.00 133.00 NOTE
r-patched-linux-x86_64 0.1.0 8.09 75.67 83.76 NOTE
r-release-linux-x86_64 0.1.0 7.64 75.88 83.52 NOTE
r-release-macos-arm64 0.1.0 34.00 NOTE
r-release-macos-x86_64 0.1.0 60.00 NOTE
r-release-windows-x86_64 0.1.0 21.00 115.00 136.00 NOTE
r-oldrel-macos-arm64 0.1.0 44.00 NOTE
r-oldrel-macos-x86_64 0.1.0 68.00 NOTE
r-oldrel-windows-ix86+x86_64 0.1.0 22.00 111.00 133.00 NOTE

Check Details

Version: 0.1.0
Check: LazyData
Result: NOTE
     'LazyData' is specified without a 'data' directory
Flavors: r-devel-linux-x86_64-debian-clang, r-devel-linux-x86_64-debian-gcc, r-devel-linux-x86_64-fedora-clang, r-devel-linux-x86_64-fedora-gcc, r-devel-windows-x86_64, r-patched-linux-x86_64, r-release-linux-x86_64, r-release-macos-arm64, r-release-macos-x86_64, r-release-windows-x86_64, r-oldrel-macos-arm64, r-oldrel-macos-x86_64, r-oldrel-windows-ix86+x86_64