CRAN Package Check Results for Package insol

Last updated on 2017-03-24 04:47:32.

Flavor Version Tinstall Tcheck Ttotal Status Flags
r-devel-linux-x86_64-debian-clang 1.1.1 1.18 34.31 35.49 NOTE
r-devel-linux-x86_64-debian-gcc 1.1.1 1.10 33.82 34.92 NOTE
r-devel-linux-x86_64-fedora-clang 1.1.1 51.53 NOTE --no-stop-on-test-error
r-devel-linux-x86_64-fedora-gcc 1.1.1 49.27 NOTE --no-stop-on-test-error
r-devel-macos-x86_64-clang 1.1.1 40.78 NOTE --no-stop-on-test-error
r-devel-windows-ix86+x86_64 1.1.1 6.00 87.00 93.00 NOTE
r-patched-linux-x86_64 1.1.1 1.27 30.53 31.80 NOTE
r-patched-solaris-sparc 1.1.1 335.30 NOTE
r-patched-solaris-x86 1.1.1 72.10 NOTE
r-release-linux-x86_64 1.1.1 1.09 30.16 31.25 NOTE
r-release-osx-x86_64-mavericks 1.1.1 NOTE
r-release-windows-ix86+x86_64 1.1.1 11.00 84.00 95.00 NOTE
r-oldrel-windows-ix86+x86_64 1.1.1 9.00 112.00 121.00 NOTE

Check Details

Version: 1.1.1
Check: R code for possible problems
Result: NOTE
    cgrad: no visible global function definition for ‘res’
    doshade: no visible global function definition for ‘projection’
    doshade: no visible global function definition for ‘extent’
    doshade: no visible global function definition for ‘res’
    doshade: no visible global function definition for ‘raster’
    doshade: no visible global function definition for ‘extent<-’
    Undefined global functions or variables:
     extent extent<- projection raster res
Flavors: r-devel-linux-x86_64-debian-clang, r-devel-linux-x86_64-debian-gcc, r-devel-windows-ix86+x86_64, r-patched-linux-x86_64, r-patched-solaris-sparc, r-patched-solaris-x86, r-release-linux-x86_64, r-release-osx-x86_64-mavericks, r-release-windows-ix86+x86_64

Version: 1.1.1
Check: compiled code
Result: NOTE
    File ‘insol/libs/insol.so’:
     Found no calls to: ‘R_registerRoutines’, ‘R_useDynamicSymbols’
    
    It is good practice to register native routines and to disable symbol
    search.
    
    See ‘Writing portable packages’ in the ‘Writing R Extensions’ manual.
Flavors: r-devel-linux-x86_64-debian-clang, r-devel-linux-x86_64-debian-gcc

Version: 1.1.1
Flags: --no-stop-on-test-error
Check: R code for possible problems
Result: NOTE
    cgrad: no visible global function definition for ‘res’
    doshade: no visible global function definition for ‘projection’
    doshade: no visible global function definition for ‘extent’
    doshade: no visible global function definition for ‘res’
    doshade: no visible global function definition for ‘raster’
    doshade: no visible global function definition for ‘extent<-’
    Undefined global functions or variables:
     extent extent<- projection raster res
Flavors: r-devel-linux-x86_64-fedora-clang, r-devel-linux-x86_64-fedora-gcc, r-devel-macos-x86_64-clang

Version: 1.1.1
Flags: --no-stop-on-test-error
Check: compiled code
Result: NOTE
    File ‘insol/libs/insol.so’:
     Found no calls to: ‘R_registerRoutines’, ‘R_useDynamicSymbols’
    
    It is good practice to register native routines and to disable symbol
    search.
    
    See ‘Writing portable packages’ in the ‘Writing R Extensions’ manual.
Flavors: r-devel-linux-x86_64-fedora-clang, r-devel-linux-x86_64-fedora-gcc, r-devel-macos-x86_64-clang

Version: 1.1.1
Check: R code for possible problems
Result: NOTE
    cgrad: no visible global function definition for 'res'
    doshade: no visible global function definition for 'projection'
    doshade: no visible global function definition for 'extent'
    doshade: no visible global function definition for 'res'
    doshade: no visible global function definition for 'raster'
    doshade: no visible global function definition for 'extent<-'
Flavor: r-oldrel-windows-ix86+x86_64