CRAN Package Check Results for Package insol

Last updated on 2015-01-25 17:48:05.

Flavor Version Tinstall Tcheck Ttotal Status Flags
r-devel-linux-x86_64-debian-clang 1.1.1 1.15 36.61 37.76 NOTE
r-devel-linux-x86_64-debian-gcc 1.1.1 1.08 35.10 36.18 NOTE
r-devel-linux-x86_64-fedora-clang 1.1.1 57.26 NOTE
r-devel-linux-x86_64-fedora-gcc 1.1.1 54.99 NOTE
r-devel-osx-x86_64-clang 1.1.1 56.44 NOTE
r-devel-windows-ix86+x86_64 1.1.1 7.00 89.00 96.00 NOTE
r-patched-linux-x86_64 1.1.1 1.12 33.99 35.10 NOTE
r-patched-solaris-sparc 1.1.1 346.70 NOTE
r-patched-solaris-x86 1.1.1 78.40 NOTE
r-release-linux-ix86 1.1.1 1.56 43.71 45.26 NOTE
r-release-linux-x86_64 1.1.1 1.12 33.99 35.10 NOTE
r-release-osx-x86_64-mavericks 1.1.1 NOTE
r-release-osx-x86_64-snowleopard 1.1.1 OK
r-release-windows-ix86+x86_64 1.1.1 6.00 86.00 92.00 NOTE
r-oldrel-windows-ix86+x86_64 1.1.1 6.00 91.00 97.00 OK

Check Details

Version: 1.1.1
Check: R code for possible problems
Result: NOTE
    cgrad: no visible global function definition for ‘res’
    doshade: no visible global function definition for ‘projection’
    doshade: no visible global function definition for ‘extent’
    doshade: no visible global function definition for ‘res’
    doshade: no visible global function definition for ‘raster’
    doshade: no visible global function definition for ‘extent<-’
Flavors: r-devel-linux-x86_64-debian-clang, r-devel-linux-x86_64-debian-gcc, r-devel-linux-x86_64-fedora-clang, r-devel-linux-x86_64-fedora-gcc, r-devel-osx-x86_64-clang, r-devel-windows-ix86+x86_64, r-patched-linux-x86_64, r-patched-solaris-sparc, r-patched-solaris-x86, r-release-linux-ix86, r-release-linux-x86_64, r-release-osx-x86_64-mavericks, r-release-windows-ix86+x86_64