CRAN Package Check Results for Package insol

Last updated on 2016-05-30 10:47:37.

Flavor Version Tinstall Tcheck Ttotal Status Flags
r-devel-linux-x86_64-debian-gcc 1.1.1 0.99 31.37 32.36 NOTE
r-devel-linux-x86_64-fedora-clang 1.1.1 50.23 NOTE
r-devel-linux-x86_64-fedora-gcc 1.1.1 46.00 NOTE
r-devel-osx-x86_64-clang 1.1.1 54.06 NOTE
r-devel-windows-ix86+x86_64 1.1.1 6.00 81.00 87.00 NOTE
r-patched-linux-x86_64 1.1.1 0.98 31.49 32.46 NOTE
r-patched-solaris-sparc 1.1.1 323.90 NOTE
r-patched-solaris-x86 1.1.1 68.40 NOTE
r-release-linux-x86_64 1.1.1 1.05 31.32 32.37 NOTE
r-release-osx-x86_64-mavericks 1.1.1 NOTE
r-release-windows-ix86+x86_64 1.1.1 9.00 84.00 93.00 NOTE
r-oldrel-windows-ix86+x86_64 1.1.1 6.00 91.00 97.00 NOTE

Check Details

Version: 1.1.1
Check: R code for possible problems
Result: NOTE
    cgrad: no visible global function definition for ‘res’
    doshade: no visible global function definition for ‘projection’
    doshade: no visible global function definition for ‘extent’
    doshade: no visible global function definition for ‘res’
    doshade: no visible global function definition for ‘raster’
    doshade: no visible global function definition for ‘extent<-’
    Undefined global functions or variables:
     extent extent<- projection raster res
Flavors: r-devel-linux-x86_64-debian-gcc, r-devel-linux-x86_64-fedora-clang, r-devel-linux-x86_64-fedora-gcc, r-devel-osx-x86_64-clang, r-devel-windows-ix86+x86_64, r-patched-linux-x86_64, r-patched-solaris-sparc, r-patched-solaris-x86, r-release-linux-x86_64, r-release-osx-x86_64-mavericks, r-release-windows-ix86+x86_64

Version: 1.1.1
Check: R code for possible problems
Result: NOTE
    cgrad: no visible global function definition for 'res'
    doshade: no visible global function definition for 'projection'
    doshade: no visible global function definition for 'extent'
    doshade: no visible global function definition for 'res'
    doshade: no visible global function definition for 'raster'
    doshade: no visible global function definition for 'extent<-'
Flavor: r-oldrel-windows-ix86+x86_64