CRAN Package Check Results for Package insol

Last updated on 2018-04-24 00:46:47 CEST.

Flavor Version Tinstall Tcheck Ttotal Status Flags
r-devel-linux-x86_64-debian-clang 1.1.1 2.08 37.88 39.96 NOTE
r-devel-linux-x86_64-debian-gcc 1.1.1 1.89 32.09 33.98 NOTE
r-devel-linux-x86_64-fedora-clang 1.1.1 51.98 NOTE
r-devel-linux-x86_64-fedora-gcc 1.1.1 49.84 NOTE
r-devel-windows-ix86+x86_64 1.1.1 13.00 109.00 122.00 NOTE
r-devel-osx-x86_64 1.1.1 NOTE
r-patched-linux-x86_64 1.1.1 2.16 40.31 42.47 NOTE
r-patched-solaris-x86 1.1.1 79.40 NOTE
r-release-linux-x86_64 1.1.1 2.41 40.12 42.53 NOTE
r-release-windows-ix86+x86_64 1.1.1 8.00 86.00 94.00 NOTE
r-release-osx-x86_64 1.1.1 NOTE
r-oldrel-windows-ix86+x86_64 1.1.1 5.00 124.00 129.00 NOTE

Check Details

Version: 1.1.1
Check: R code for possible problems
Result: NOTE
    cgrad: no visible global function definition for ‘res’
    doshade: no visible global function definition for ‘projection’
    doshade: no visible global function definition for ‘extent’
    doshade: no visible global function definition for ‘res’
    doshade: no visible global function definition for ‘raster’
    doshade: no visible global function definition for ‘extent<-’
    Undefined global functions or variables:
     extent extent<- projection raster res
Flavors: r-devel-linux-x86_64-debian-clang, r-devel-linux-x86_64-debian-gcc, r-devel-linux-x86_64-fedora-clang, r-devel-linux-x86_64-fedora-gcc, r-devel-windows-ix86+x86_64, r-devel-osx-x86_64, r-patched-linux-x86_64, r-patched-solaris-x86, r-release-linux-x86_64, r-release-windows-ix86+x86_64, r-release-osx-x86_64, r-oldrel-windows-ix86+x86_64

Version: 1.1.1
Check: compiled code
Result: NOTE
    File ‘insol/libs/insol.so’:
     Found no calls to: ‘R_registerRoutines’, ‘R_useDynamicSymbols’
    
    It is good practice to register native routines and to disable symbol
    search.
    
    See ‘Writing portable packages’ in the ‘Writing R Extensions’ manual.
Flavors: r-devel-linux-x86_64-debian-clang, r-devel-linux-x86_64-debian-gcc, r-devel-linux-x86_64-fedora-clang, r-devel-linux-x86_64-fedora-gcc, r-patched-linux-x86_64, r-release-linux-x86_64