CRAN Package Check Results for Package insol

Last updated on 2015-08-30 23:47:44.

Flavor Version Tinstall Tcheck Ttotal Status Flags
r-devel-linux-x86_64-debian-clang 1.1.1 0.94 32.32 33.26 NOTE
r-devel-linux-x86_64-debian-gcc 1.1.1 0.97 33.94 34.91 NOTE
r-devel-linux-x86_64-fedora-clang 1.1.1 49.66 NOTE
r-devel-linux-x86_64-fedora-gcc 1.1.1 46.68 NOTE
r-devel-osx-x86_64-clang 1.1.1 48.48 NOTE
r-devel-windows-ix86+x86_64 1.1.1 10.00 89.00 99.00 NOTE
r-patched-linux-x86_64 1.1.1 1.21 31.62 32.83 NOTE
r-patched-solaris-sparc 1.1.1 354.40 NOTE
r-patched-solaris-x86 1.1.1 75.80 NOTE
r-release-linux-x86_64 1.1.1 1.03 31.76 32.79 NOTE
r-release-osx-x86_64-mavericks 1.1.1 NOTE
r-release-windows-ix86+x86_64 1.1.1 10.00 84.00 94.00 NOTE
r-oldrel-windows-ix86+x86_64 1.1.1 9.00 100.00 109.00 NOTE

Check Details

Version: 1.1.1
Check: R code for possible problems
Result: NOTE
    cgrad: no visible global function definition for ‘res’
    doshade: no visible global function definition for ‘projection’
    doshade: no visible global function definition for ‘extent’
    doshade: no visible global function definition for ‘res’
    doshade: no visible global function definition for ‘raster’
    doshade: no visible global function definition for ‘extent<-’
    Undefined global functions or variables:
     extent extent<- projection raster res
Flavors: r-devel-linux-x86_64-debian-clang, r-devel-linux-x86_64-debian-gcc, r-devel-linux-x86_64-fedora-clang, r-devel-linux-x86_64-fedora-gcc, r-devel-osx-x86_64-clang, r-devel-windows-ix86+x86_64

Version: 1.1.1
Check: R code for possible problems
Result: NOTE
    cgrad: no visible global function definition for ‘res’
    doshade: no visible global function definition for ‘projection’
    doshade: no visible global function definition for ‘extent’
    doshade: no visible global function definition for ‘res’
    doshade: no visible global function definition for ‘raster’
    doshade: no visible global function definition for ‘extent<-’
Flavors: r-patched-linux-x86_64, r-patched-solaris-sparc, r-patched-solaris-x86, r-release-linux-x86_64, r-release-osx-x86_64-mavericks, r-release-windows-ix86+x86_64, r-oldrel-windows-ix86+x86_64