CRAN Package Check Results for Package insol

Last updated on 2016-10-01 18:47:26.

Flavor Version Tinstall Tcheck Ttotal Status Flags
r-devel-linux-x86_64-debian-clang 1.1.1 1.22 32.82 34.04 NOTE
r-devel-linux-x86_64-debian-gcc 1.1.1 1.22 32.28 33.50 NOTE
r-devel-linux-x86_64-fedora-clang 1.1.1 48.10 NOTE
r-devel-linux-x86_64-fedora-gcc 1.1.1 42.97 NOTE
r-devel-macos-x86_64-clang 1.1.1 37.07 NOTE
r-devel-windows-ix86+x86_64 1.1.1 6.00 102.00 108.00 NOTE
r-patched-linux-x86_64 1.1.1 1.08 31.14 32.21 NOTE
r-patched-solaris-sparc 1.1.1 326.50 NOTE
r-patched-solaris-x86 1.1.1 67.10 NOTE
r-release-linux-x86_64 1.1.1 1.05 31.60 32.65 NOTE
r-release-osx-x86_64-mavericks 1.1.1 NOTE
r-release-windows-ix86+x86_64 1.1.1 5.00 109.00 114.00 NOTE
r-oldrel-windows-ix86+x86_64 1.1.1 6.00 81.00 87.00 NOTE

Check Details

Version: 1.1.1
Check: R code for possible problems
Result: NOTE
    cgrad: no visible global function definition for ‘res’
    doshade: no visible global function definition for ‘projection’
    doshade: no visible global function definition for ‘extent’
    doshade: no visible global function definition for ‘res’
    doshade: no visible global function definition for ‘raster’
    doshade: no visible global function definition for ‘extent<-’
    Undefined global functions or variables:
     extent extent<- projection raster res
Flavors: r-devel-linux-x86_64-debian-clang, r-devel-linux-x86_64-debian-gcc, r-devel-linux-x86_64-fedora-clang, r-devel-linux-x86_64-fedora-gcc, r-devel-macos-x86_64-clang, r-devel-windows-ix86+x86_64, r-patched-linux-x86_64, r-patched-solaris-sparc, r-patched-solaris-x86, r-release-linux-x86_64, r-release-osx-x86_64-mavericks, r-release-windows-ix86+x86_64

Version: 1.1.1
Check: R code for possible problems
Result: NOTE
    cgrad: no visible global function definition for 'res'
    doshade: no visible global function definition for 'projection'
    doshade: no visible global function definition for 'extent'
    doshade: no visible global function definition for 'res'
    doshade: no visible global function definition for 'raster'
    doshade: no visible global function definition for 'extent<-'
Flavor: r-oldrel-windows-ix86+x86_64