CRAN Package Check Results for Package insol

Last updated on 2015-07-05 22:47:30.

Flavor Version Tinstall Tcheck Ttotal Status Flags
r-devel-linux-x86_64-debian-clang 1.1.1 0.98 31.58 32.56 NOTE
r-devel-linux-x86_64-debian-gcc 1.1.1 0.97 31.19 32.16 NOTE
r-devel-linux-x86_64-fedora-clang 1.1.1 50.52 NOTE
r-devel-linux-x86_64-fedora-gcc 1.1.1 48.40 NOTE
r-devel-osx-x86_64-clang 1.1.1 48.66 NOTE
r-devel-windows-ix86+x86_64 1.1.1 11.00 89.00 100.00 NOTE
r-patched-linux-x86_64 1.1.1 1.05 31.64 32.69 NOTE
r-patched-solaris-sparc 1.1.1 339.40 NOTE
r-patched-solaris-x86 1.1.1 74.50 NOTE
r-release-linux-x86_64 1.1.1 1.03 31.64 32.67 NOTE
r-release-osx-x86_64-mavericks 1.1.1 NOTE
r-release-windows-ix86+x86_64 1.1.1 8.00 79.00 87.00 NOTE
r-oldrel-windows-ix86+x86_64 1.1.1 10.00 83.00 93.00 NOTE

Check Details

Version: 1.1.1
Check: R code for possible problems
Result: NOTE
    cgrad: no visible global function definition for ‘res’
    doshade: no visible global function definition for ‘projection’
    doshade: no visible global function definition for ‘extent’
    doshade: no visible global function definition for ‘res’
    doshade: no visible global function definition for ‘raster’
    doshade: no visible global function definition for ‘extent<-’
    Undefined global functions or variables:
     extent extent<- projection raster res
Flavors: r-devel-linux-x86_64-debian-clang, r-devel-linux-x86_64-debian-gcc, r-devel-linux-x86_64-fedora-clang, r-devel-linux-x86_64-fedora-gcc, r-devel-osx-x86_64-clang, r-devel-windows-ix86+x86_64

Version: 1.1.1
Check: R code for possible problems
Result: NOTE
    cgrad: no visible global function definition for ‘res’
    doshade: no visible global function definition for ‘projection’
    doshade: no visible global function definition for ‘extent’
    doshade: no visible global function definition for ‘res’
    doshade: no visible global function definition for ‘raster’
    doshade: no visible global function definition for ‘extent<-’
Flavors: r-patched-linux-x86_64, r-patched-solaris-sparc, r-patched-solaris-x86, r-release-linux-x86_64, r-release-osx-x86_64-mavericks, r-release-windows-ix86+x86_64, r-oldrel-windows-ix86+x86_64