CRAN Package Check Results for Package insol

Last updated on 2017-01-24 03:47:29.

Flavor Version Tinstall Tcheck Ttotal Status Flags
r-devel-linux-x86_64-debian-clang 1.1.1 1.24 34.07 35.30 NOTE
r-devel-linux-x86_64-debian-gcc 1.1.1 1.24 32.88 34.12 NOTE
r-devel-linux-x86_64-fedora-clang 1.1.1 50.76 NOTE --no-stop-on-test-error
r-devel-linux-x86_64-fedora-gcc 1.1.1 51.09 NOTE --no-stop-on-test-error
r-devel-macos-x86_64-clang 1.1.1 40.70 NOTE --no-stop-on-test-error
r-devel-windows-ix86+x86_64 1.1.1 6.00 91.00 97.00 NOTE
r-patched-linux-x86_64 1.1.1 1.03 30.63 31.66 NOTE
r-patched-solaris-sparc 1.1.1 324.80 NOTE
r-patched-solaris-x86 1.1.1 67.90 NOTE
r-release-linux-x86_64 1.1.1 1.03 30.56 31.58 NOTE
r-release-osx-x86_64-mavericks 1.1.1 NOTE
r-release-windows-ix86+x86_64 1.1.1 17.00 86.00 103.00 NOTE
r-oldrel-windows-ix86+x86_64 1.1.1 14.00 103.00 117.00 NOTE

Check Details

Version: 1.1.1
Check: R code for possible problems
Result: NOTE
    cgrad: no visible global function definition for ‘res’
    doshade: no visible global function definition for ‘projection’
    doshade: no visible global function definition for ‘extent’
    doshade: no visible global function definition for ‘res’
    doshade: no visible global function definition for ‘raster’
    doshade: no visible global function definition for ‘extent<-’
    Undefined global functions or variables:
     extent extent<- projection raster res
Flavors: r-devel-linux-x86_64-debian-clang, r-devel-linux-x86_64-debian-gcc, r-devel-windows-ix86+x86_64, r-patched-linux-x86_64, r-patched-solaris-sparc, r-patched-solaris-x86, r-release-linux-x86_64, r-release-osx-x86_64-mavericks, r-release-windows-ix86+x86_64

Version: 1.1.1
Flags: --no-stop-on-test-error
Check: R code for possible problems
Result: NOTE
    cgrad: no visible global function definition for ‘res’
    doshade: no visible global function definition for ‘projection’
    doshade: no visible global function definition for ‘extent’
    doshade: no visible global function definition for ‘res’
    doshade: no visible global function definition for ‘raster’
    doshade: no visible global function definition for ‘extent<-’
    Undefined global functions or variables:
     extent extent<- projection raster res
Flavors: r-devel-linux-x86_64-fedora-clang, r-devel-linux-x86_64-fedora-gcc, r-devel-macos-x86_64-clang

Version: 1.1.1
Check: R code for possible problems
Result: NOTE
    cgrad: no visible global function definition for 'res'
    doshade: no visible global function definition for 'projection'
    doshade: no visible global function definition for 'extent'
    doshade: no visible global function definition for 'res'
    doshade: no visible global function definition for 'raster'
    doshade: no visible global function definition for 'extent<-'
Flavor: r-oldrel-windows-ix86+x86_64