CRAN Package Check Results for Package insol

Last updated on 2016-02-05 21:47:43.

Flavor Version Tinstall Tcheck Ttotal Status Flags
r-devel-linux-x86_64-debian-gcc 1.1.1 1.11 29.98 31.08 NOTE
r-devel-linux-x86_64-fedora-clang 1.1.1 46.85 NOTE
r-devel-linux-x86_64-fedora-gcc 1.1.1 45.19 NOTE
r-devel-osx-x86_64-clang 1.1.1 55.01 NOTE
r-devel-windows-ix86+x86_64 1.1.1 7.00 112.00 119.00 NOTE
r-patched-linux-x86_64 1.1.1 1.14 32.02 33.16 NOTE
r-patched-solaris-sparc 1.1.1 324.00 NOTE
r-patched-solaris-x86 1.1.1 67.00 NOTE
r-release-linux-x86_64 1.1.1 1.29 32.21 33.50 NOTE
r-release-osx-x86_64-mavericks 1.1.1 NOTE
r-release-windows-ix86+x86_64 1.1.1 9.00 90.00 99.00 NOTE
r-oldrel-windows-ix86+x86_64 1.1.1 8.00 101.00 109.00 NOTE

Check Details

Version: 1.1.1
Check: R code for possible problems
Result: NOTE
    cgrad: no visible global function definition for ‘res’
    doshade: no visible global function definition for ‘projection’
    doshade: no visible global function definition for ‘extent’
    doshade: no visible global function definition for ‘res’
    doshade: no visible global function definition for ‘raster’
    doshade: no visible global function definition for ‘extent<-’
    Undefined global functions or variables:
     extent extent<- projection raster res
Flavors: r-devel-linux-x86_64-debian-gcc, r-devel-linux-x86_64-fedora-clang, r-devel-linux-x86_64-fedora-gcc, r-devel-osx-x86_64-clang, r-devel-windows-ix86+x86_64

Version: 1.1.1
Check: R code for possible problems
Result: NOTE
    cgrad: no visible global function definition for ‘res’
    doshade: no visible global function definition for ‘projection’
    doshade: no visible global function definition for ‘extent’
    doshade: no visible global function definition for ‘res’
    doshade: no visible global function definition for ‘raster’
    doshade: no visible global function definition for ‘extent<-’
Flavors: r-patched-linux-x86_64, r-patched-solaris-sparc, r-patched-solaris-x86, r-release-linux-x86_64, r-release-osx-x86_64-mavericks, r-release-windows-ix86+x86_64, r-oldrel-windows-ix86+x86_64