CRAN Package Check Results for Package insol

Last updated on 2017-06-25 10:47:07.

Flavor Version Tinstall Tcheck Ttotal Status Flags
r-devel-linux-x86_64-debian-clang 1.1.1 1.18 33.74 34.93 NOTE
r-devel-linux-x86_64-debian-gcc 1.1.1 1.11 33.77 34.88 NOTE
r-devel-linux-x86_64-fedora-clang 1.1.1 50.39 NOTE
r-devel-linux-x86_64-fedora-gcc 1.1.1 48.32 NOTE
r-devel-windows-ix86+x86_64 1.1.1 7.00 114.00 121.00 NOTE
r-patched-linux-x86_64 1.1.1 1.19 33.22 34.41 NOTE
r-patched-solaris-sparc 1.1.1 335.30 NOTE
r-patched-solaris-x86 1.1.1 73.60 NOTE
r-release-linux-x86_64 1.1.1 1.16 34.10 35.25 NOTE
r-release-windows-ix86+x86_64 1.1.1 11.00 116.00 127.00 NOTE
r-release-osx-x86_64 1.1.1 NOTE
r-oldrel-windows-ix86+x86_64 1.1.1 8.00 107.00 115.00 NOTE
r-oldrel-osx-x86_64 1.1.1 NOTE

Check Details

Version: 1.1.1
Check: R code for possible problems
Result: NOTE
    cgrad: no visible global function definition for ‘res’
    doshade: no visible global function definition for ‘projection’
    doshade: no visible global function definition for ‘extent’
    doshade: no visible global function definition for ‘res’
    doshade: no visible global function definition for ‘raster’
    doshade: no visible global function definition for ‘extent<-’
    Undefined global functions or variables:
     extent extent<- projection raster res
Flavors: r-devel-linux-x86_64-debian-clang, r-devel-linux-x86_64-debian-gcc, r-devel-linux-x86_64-fedora-clang, r-devel-linux-x86_64-fedora-gcc, r-devel-windows-ix86+x86_64, r-patched-linux-x86_64, r-patched-solaris-sparc, r-patched-solaris-x86, r-release-linux-x86_64, r-release-windows-ix86+x86_64, r-release-osx-x86_64, r-oldrel-windows-ix86+x86_64, r-oldrel-osx-x86_64

Version: 1.1.1
Check: compiled code
Result: NOTE
    File ‘insol/libs/insol.so’:
     Found no calls to: ‘R_registerRoutines’, ‘R_useDynamicSymbols’
    
    It is good practice to register native routines and to disable symbol
    search.
    
    See ‘Writing portable packages’ in the ‘Writing R Extensions’ manual.
Flavors: r-devel-linux-x86_64-debian-clang, r-devel-linux-x86_64-debian-gcc, r-devel-linux-x86_64-fedora-clang, r-devel-linux-x86_64-fedora-gcc, r-patched-linux-x86_64, r-release-linux-x86_64