CRAN Package Check Results for Package insol

Last updated on 2014-09-18 11:48:42.

Flavor Version Tinstall Tcheck Ttotal Status Flags
r-devel-linux-x86_64-debian-clang 1.1.1 1.17 33.58 34.76 NOTE
r-devel-linux-x86_64-debian-gcc 1.1.1 1.08 33.08 34.15 NOTE
r-devel-linux-x86_64-fedora-clang 1.1.1 56.28 NOTE
r-devel-linux-x86_64-fedora-gcc 1.1.1 51.81 NOTE
r-devel-osx-x86_64-clang 1.1.1 55.13 NOTE
r-devel-windows-ix86+x86_64 1.1.1 5.00 85.00 90.00 NOTE
r-patched-linux-x86_64 1.1.1 1.11 35.38 36.49 OK
r-patched-solaris-sparc 1.1.1 365.20 OK
r-patched-solaris-x86 1.1.1 81.50 OK
r-release-linux-ix86 1.1.1 1.75 50.69 52.44 OK
r-release-linux-x86_64 1.1.1 1.14 34.66 35.81 OK
r-release-osx-x86_64-mavericks 1.1.1 OK
r-release-osx-x86_64-snowleopard 1.1.1 OK
r-release-windows-ix86+x86_64 1.1.1 5.00 91.00 96.00 OK
r-oldrel-windows-ix86+x86_64 1.1.1 6.00 96.00 102.00 OK

Check Details

Version: 1.1.1
Check: R code for possible problems
Result: NOTE
    cgrad: no visible global function definition for ‘res’
    doshade: no visible global function definition for ‘projection’
    doshade: no visible global function definition for ‘extent’
    doshade: no visible global function definition for ‘res’
    doshade: no visible global function definition for ‘raster’
    doshade: no visible global function definition for ‘extent<-’
Flavors: r-devel-linux-x86_64-debian-clang, r-devel-linux-x86_64-debian-gcc, r-devel-linux-x86_64-fedora-clang, r-devel-linux-x86_64-fedora-gcc, r-devel-osx-x86_64-clang, r-devel-windows-ix86+x86_64