CRAN Package Check Results for Package insol

Last updated on 2015-05-28 17:47:50.

Flavor Version Tinstall Tcheck Ttotal Status Flags
r-devel-linux-x86_64-debian-clang 1.1.1 1.06 32.86 33.92 NOTE
r-devel-linux-x86_64-debian-gcc 1.1.1 1.03 32.03 33.06 NOTE
r-devel-linux-x86_64-fedora-clang 1.1.1 50.47 NOTE
r-devel-linux-x86_64-fedora-gcc 1.1.1 48.30 NOTE
r-devel-osx-x86_64-clang 1.1.1 52.20 NOTE
r-devel-windows-ix86+x86_64 1.1.1 6.00 88.00 94.00 NOTE
r-patched-linux-x86_64 1.1.1 1.08 31.48 32.57 NOTE
r-patched-solaris-sparc 1.1.1 339.40 NOTE
r-patched-solaris-x86 1.1.1 73.90 NOTE
r-release-linux-x86_64 1.1.1 1.10 31.58 32.69 NOTE
r-release-osx-x86_64-mavericks 1.1.1 NOTE
r-release-osx-x86_64-snowleopard 1.1.1 NOTE
r-release-windows-ix86+x86_64 1.1.1 6.00 82.00 88.00 NOTE
r-oldrel-windows-ix86+x86_64 1.1.1 6.00 89.00 95.00 NOTE

Check Details

Version: 1.1.1
Check: R code for possible problems
Result: NOTE
    cgrad: no visible global function definition for ‘res’
    doshade: no visible global function definition for ‘projection’
    doshade: no visible global function definition for ‘extent’
    doshade: no visible global function definition for ‘res’
    doshade: no visible global function definition for ‘raster’
    doshade: no visible global function definition for ‘extent<-’
Flavors: r-devel-linux-x86_64-debian-clang, r-devel-linux-x86_64-debian-gcc, r-devel-linux-x86_64-fedora-clang, r-devel-linux-x86_64-fedora-gcc, r-devel-osx-x86_64-clang, r-devel-windows-ix86+x86_64, r-patched-linux-x86_64, r-patched-solaris-sparc, r-patched-solaris-x86, r-release-linux-x86_64, r-release-osx-x86_64-mavericks, r-release-osx-x86_64-snowleopard, r-release-windows-ix86+x86_64, r-oldrel-windows-ix86+x86_64

Version: 1.1.1
Check: package dependencies
Result: NOTE
    Package suggested but not available for checking: ‘raster’
Flavor: r-release-osx-x86_64-snowleopard