CRAN Package Check Results for Package insol

Last updated on 2014-04-24 03:47:46.

Flavor Version Tinstall Tcheck Ttotal Status Flags
r-devel-linux-x86_64-debian-clang 1.1.1 1.18 34.78 35.96 OK
r-devel-linux-x86_64-debian-gcc 1.1.1 1.16 35.33 36.49 OK
r-devel-linux-x86_64-fedora-clang 1.1.1 57.92 OK
r-devel-linux-x86_64-fedora-gcc 1.1.1 56.43 OK
r-devel-osx-x86_64-clang 1.1.1 53.35 OK
r-devel-osx-x86_64-gcc 1.1.1 NOTE
r-devel-windows-ix86+x86_64 1.1.1 5.00 85.00 90.00 OK
r-patched-linux-x86_64 1.1.1 1.16 34.38 35.54 OK
r-patched-solaris-sparc 1.1.1 363.70 OK
r-patched-solaris-x86 1.1.1 82.50 OK
r-release-linux-ix86 1.1.1 3.00 64.00 67.00 OK
r-release-linux-x86_64 1.1.1 1.16 35.46 36.62 OK
r-release-osx-x86_64-mavericks 1.1.1 WARN
r-release-osx-x86_64-snowleopard 1.1.1 OK
r-release-windows-ix86+x86_64 1.1.1 5.00 90.00 95.00 OK
r-oldrel-windows-ix86+x86_64 1.1.1 5.00 86.00 91.00 OK

Check Details

Version: 1.1.1
Check: package dependencies
Result: NOTE
    Package suggested but not available for checking: ‘raster’
Flavor: r-devel-osx-x86_64-gcc

Version: 1.1.1
Check: R code for possible problems
Result: NOTE
    cgrad: no visible global function definition for ‘res’
    doshade: no visible global function definition for ‘projection’
    doshade: no visible global function definition for ‘extent’
    doshade: no visible global function definition for ‘res’
    doshade: no visible global function definition for ‘raster’
    doshade: no visible global function definition for ‘extent<-’
Flavor: r-devel-osx-x86_64-gcc

Version: 1.1.1
Check: PDF version of manual
Result: WARNING
    LaTeX errors when creating PDF version.
    This typically indicates Rd problems.
    LaTeX errors found:
    ! LaTeX Error: File `upquote.sty' not found.
    
    Type X to quit or <RETURN> to proceed,
    or enter new name. (Default extension: sty)
    
    52be13a/Rd2.tex:8: ==> Fatal error occurred, no output PDF file produced!
Flavor: r-release-osx-x86_64-mavericks