CRAN Package Check Results for Package insol

Last updated on 2018-06-21 23:50:24 CEST.

Flavor Version Tinstall Tcheck Ttotal Status Flags
r-devel-linux-x86_64-debian-clang 1.1.1 2.47 38.51 40.98 NOTE
r-devel-linux-x86_64-debian-gcc 1.1.1 1.91 33.44 35.35 NOTE
r-devel-linux-x86_64-fedora-clang 1.1.1 53.76 NOTE
r-devel-linux-x86_64-fedora-gcc 1.1.1 50.32 NOTE
r-devel-windows-ix86+x86_64 1.1.1 8.00 90.00 98.00 NOTE
r-patched-linux-x86_64 1.1.1 2.56 40.82 43.38 NOTE
r-patched-solaris-x86 1.1.1 79.50 NOTE
r-release-linux-x86_64 1.1.1 2.04 39.69 41.73 NOTE
r-release-windows-ix86+x86_64 1.1.1 6.00 90.00 96.00 NOTE
r-release-osx-x86_64 1.1.1 NOTE
r-oldrel-windows-ix86+x86_64 1.1.1 9.00 88.00 97.00 NOTE
r-oldrel-osx-x86_64 1.1.1 NOTE

Check Details

Version: 1.1.1
Check: R code for possible problems
Result: NOTE
    cgrad: no visible global function definition for ‘res’
    doshade: no visible global function definition for ‘projection’
    doshade: no visible global function definition for ‘extent’
    doshade: no visible global function definition for ‘res’
    doshade: no visible global function definition for ‘raster’
    doshade: no visible global function definition for ‘extent<-’
    Undefined global functions or variables:
     extent extent<- projection raster res
Flavors: r-devel-linux-x86_64-debian-clang, r-devel-linux-x86_64-debian-gcc, r-devel-linux-x86_64-fedora-clang, r-devel-linux-x86_64-fedora-gcc, r-devel-windows-ix86+x86_64, r-patched-linux-x86_64, r-patched-solaris-x86, r-release-linux-x86_64, r-release-windows-ix86+x86_64, r-release-osx-x86_64, r-oldrel-windows-ix86+x86_64, r-oldrel-osx-x86_64

Version: 1.1.1
Check: compiled code
Result: NOTE
    File ‘insol/libs/insol.so’:
     Found no calls to: ‘R_registerRoutines’, ‘R_useDynamicSymbols’
    
    It is good practice to register native routines and to disable symbol
    search.
    
    See ‘Writing portable packages’ in the ‘Writing R Extensions’ manual.
Flavors: r-devel-linux-x86_64-debian-clang, r-devel-linux-x86_64-debian-gcc, r-devel-linux-x86_64-fedora-clang, r-devel-linux-x86_64-fedora-gcc, r-patched-linux-x86_64, r-release-linux-x86_64