CRAN Package Check Results for Package insol

Last updated on 2016-07-01 05:48:25.

Flavor Version Tinstall Tcheck Ttotal Status Flags
r-devel-linux-x86_64-debian-gcc 1.1.1 1.25 34.20 35.45 NOTE
r-devel-linux-x86_64-fedora-clang 1.1.1 46.37 NOTE
r-devel-linux-x86_64-fedora-gcc 1.1.1 45.03 NOTE
r-devel-osx-x86_64-clang 1.1.1 37.18 NOTE
r-devel-windows-ix86+x86_64 1.1.1 7.00 84.00 91.00 NOTE
r-patched-linux-x86_64 1.1.1 1.34 35.06 36.41 NOTE
r-patched-solaris-sparc 1.1.1 326.50 NOTE
r-patched-solaris-x86 1.1.1 69.30 NOTE
r-release-linux-x86_64 1.1.1 1.18 32.92 34.11 NOTE
r-release-osx-x86_64-mavericks 1.1.1 NOTE
r-release-windows-ix86+x86_64 1.1.1 10.00 88.00 98.00 NOTE
r-oldrel-windows-ix86+x86_64 1.1.1 9.00 115.00 124.00 NOTE

Check Details

Version: 1.1.1
Check: R code for possible problems
Result: NOTE
    cgrad: no visible global function definition for ‘res’
    doshade: no visible global function definition for ‘projection’
    doshade: no visible global function definition for ‘extent’
    doshade: no visible global function definition for ‘res’
    doshade: no visible global function definition for ‘raster’
    doshade: no visible global function definition for ‘extent<-’
    Undefined global functions or variables:
     extent extent<- projection raster res
Flavors: r-devel-linux-x86_64-debian-gcc, r-devel-linux-x86_64-fedora-clang, r-devel-linux-x86_64-fedora-gcc, r-devel-osx-x86_64-clang, r-devel-windows-ix86+x86_64, r-patched-linux-x86_64, r-patched-solaris-sparc, r-patched-solaris-x86, r-release-linux-x86_64, r-release-osx-x86_64-mavericks, r-release-windows-ix86+x86_64

Version: 1.1.1
Check: R code for possible problems
Result: NOTE
    cgrad: no visible global function definition for 'res'
    doshade: no visible global function definition for 'projection'
    doshade: no visible global function definition for 'extent'
    doshade: no visible global function definition for 'res'
    doshade: no visible global function definition for 'raster'
    doshade: no visible global function definition for 'extent<-'
Flavor: r-oldrel-windows-ix86+x86_64