CRAN Package Check Results for Package insol

Last updated on 2015-02-28 12:51:14.

Flavor Version Tinstall Tcheck Ttotal Status Flags
r-devel-linux-x86_64-debian-clang 1.1.1 1.18 31.25 32.42 NOTE
r-devel-linux-x86_64-debian-gcc 1.1.1 1.04 32.26 33.30 NOTE
r-devel-linux-x86_64-fedora-clang 1.1.1 51.71 NOTE
r-devel-linux-x86_64-fedora-gcc 1.1.1 49.71 NOTE
r-devel-osx-x86_64-clang 1.1.1 52.55 NOTE
r-devel-windows-ix86+x86_64 1.1.1 9.00 108.00 117.00 NOTE
r-patched-linux-x86_64 1.1.1 1.09 34.10 35.19 NOTE
r-patched-solaris-sparc 1.1.1 346.70 NOTE
r-patched-solaris-x86 1.1.1 80.80 NOTE
r-release-linux-ix86 1.1.1 1.70 46.75 48.45 NOTE
r-release-linux-x86_64 1.1.1 1.06 34.72 35.78 NOTE
r-release-osx-x86_64-mavericks 1.1.1 NOTE
r-release-osx-x86_64-snowleopard 1.1.1 OK
r-release-windows-ix86+x86_64 1.1.1 6.00 128.00 134.00 NOTE
r-oldrel-windows-ix86+x86_64 1.1.1 6.00 131.00 137.00 OK

Check Details

Version: 1.1.1
Check: R code for possible problems
Result: NOTE
    cgrad: no visible global function definition for ‘res’
    doshade: no visible global function definition for ‘projection’
    doshade: no visible global function definition for ‘extent’
    doshade: no visible global function definition for ‘res’
    doshade: no visible global function definition for ‘raster’
    doshade: no visible global function definition for ‘extent<-’
Flavors: r-devel-linux-x86_64-debian-clang, r-devel-linux-x86_64-debian-gcc, r-devel-linux-x86_64-fedora-clang, r-devel-linux-x86_64-fedora-gcc, r-devel-osx-x86_64-clang, r-devel-windows-ix86+x86_64, r-patched-linux-x86_64, r-patched-solaris-sparc, r-patched-solaris-x86, r-release-linux-ix86, r-release-linux-x86_64, r-release-osx-x86_64-mavericks, r-release-windows-ix86+x86_64