CRAN Package Check Results for Package insol

Last updated on 2014-11-26 11:48:38.

Flavor Version Tinstall Tcheck Ttotal Status Flags
r-devel-linux-x86_64-debian-clang 1.1.1 1.17 34.51 35.68 NOTE
r-devel-linux-x86_64-debian-gcc 1.1.1 1.09 35.83 36.92 NOTE
r-devel-linux-x86_64-fedora-clang 1.1.1 57.36 NOTE
r-devel-linux-x86_64-fedora-gcc 1.1.1 56.82 NOTE
r-devel-osx-x86_64-clang 1.1.1 56.22 NOTE
r-devel-windows-ix86+x86_64 1.1.1 5.00 85.00 90.00 NOTE
r-patched-linux-x86_64 1.1.1 1.21 33.63 34.84 NOTE
r-patched-solaris-sparc 1.1.1 351.10 NOTE
r-patched-solaris-x86 1.1.1 79.00 NOTE
r-release-linux-ix86 1.1.1 1.56 45.38 46.94 NOTE
r-release-linux-x86_64 1.1.1 1.12 37.43 38.55 NOTE
r-release-osx-x86_64-mavericks 1.1.1 OK
r-release-osx-x86_64-snowleopard 1.1.1 OK
r-release-windows-ix86+x86_64 1.1.1 5.00 88.00 93.00 NOTE
r-oldrel-windows-ix86+x86_64 1.1.1 6.00 87.00 93.00 OK

Check Details

Version: 1.1.1
Check: R code for possible problems
Result: NOTE
    cgrad: no visible global function definition for ‘res’
    doshade: no visible global function definition for ‘projection’
    doshade: no visible global function definition for ‘extent’
    doshade: no visible global function definition for ‘res’
    doshade: no visible global function definition for ‘raster’
    doshade: no visible global function definition for ‘extent<-’
Flavors: r-devel-linux-x86_64-debian-clang, r-devel-linux-x86_64-debian-gcc, r-devel-linux-x86_64-fedora-clang, r-devel-linux-x86_64-fedora-gcc, r-devel-osx-x86_64-clang, r-devel-windows-ix86+x86_64, r-patched-linux-x86_64, r-patched-solaris-sparc, r-patched-solaris-x86, r-release-linux-ix86, r-release-linux-x86_64, r-release-windows-ix86+x86_64