CRAN Package Check Results for Package insol

Last updated on 2016-04-30 03:51:14.

Flavor Version Tinstall Tcheck Ttotal Status Flags
r-devel-linux-x86_64-debian-gcc 1.1.1 1.06 31.12 32.17 NOTE
r-devel-linux-x86_64-fedora-clang 1.1.1 47.02 NOTE
r-devel-linux-x86_64-fedora-gcc 1.1.1 45.73 NOTE
r-devel-osx-x86_64-clang 1.1.1 53.18 NOTE
r-devel-windows-ix86+x86_64 1.1.1 5.00 88.00 93.00 NOTE
r-patched-linux-x86_64 1.1.1 1.00 30.74 31.75 NOTE
r-patched-solaris-sparc 1.1.1 326.60 NOTE
r-patched-solaris-x86 1.1.1 69.50 NOTE
r-release-linux-x86_64 1.1.1 1.14 32.13 33.27 NOTE
r-release-osx-x86_64-mavericks 1.1.1 NOTE
r-release-windows-ix86+x86_64 1.1.1 6.00 89.00 95.00 NOTE
r-oldrel-windows-ix86+x86_64 1.1.1 9.00 88.00 97.00 NOTE

Check Details

Version: 1.1.1
Check: R code for possible problems
Result: NOTE
    cgrad: no visible global function definition for ‘res’
    doshade: no visible global function definition for ‘projection’
    doshade: no visible global function definition for ‘extent’
    doshade: no visible global function definition for ‘res’
    doshade: no visible global function definition for ‘raster’
    doshade: no visible global function definition for ‘extent<-’
    Undefined global functions or variables:
     extent extent<- projection raster res
Flavors: r-devel-linux-x86_64-debian-gcc, r-devel-linux-x86_64-fedora-clang, r-devel-linux-x86_64-fedora-gcc, r-devel-osx-x86_64-clang, r-devel-windows-ix86+x86_64, r-patched-linux-x86_64, r-patched-solaris-sparc, r-patched-solaris-x86

Version: 1.1.1
Check: R code for possible problems
Result: NOTE
    cgrad: no visible global function definition for ‘res’
    doshade: no visible global function definition for ‘projection’
    doshade: no visible global function definition for ‘extent’
    doshade: no visible global function definition for ‘res’
    doshade: no visible global function definition for ‘raster’
    doshade: no visible global function definition for ‘extent<-’
Flavors: r-release-linux-x86_64, r-release-osx-x86_64-mavericks, r-release-windows-ix86+x86_64, r-oldrel-windows-ix86+x86_64