CRAN Package Check Results for Package insol

Last updated on 2014-08-29 23:48:49.

Flavor Version Tinstall Tcheck Ttotal Status Flags
r-devel-linux-x86_64-debian-clang 1.1.1 1.20 34.72 35.92 NOTE
r-devel-linux-x86_64-debian-gcc 1.1.1 1.16 33.63 34.79 NOTE
r-devel-linux-x86_64-fedora-clang 1.1.1 55.75 NOTE
r-devel-linux-x86_64-fedora-gcc 1.1.1 53.66 NOTE
r-devel-osx-x86_64-clang 1.1.1 55.01 NOTE
r-devel-windows-ix86+x86_64 1.1.1 6.00 97.00 103.00 NOTE
r-patched-linux-x86_64 1.1.1 1.15 34.46 35.61 OK
r-patched-solaris-sparc 1.1.1 365.20 OK
r-patched-solaris-x86 1.1.1 84.50 OK
r-release-linux-ix86 1.1.1 1.89 51.12 53.01 OK
r-release-linux-x86_64 1.1.1 1.15 37.69 38.84 OK
r-release-osx-x86_64-mavericks 1.1.1 OK
r-release-osx-x86_64-snowleopard 1.1.1 OK
r-release-windows-ix86+x86_64 1.1.1 6.00 83.00 89.00 OK
r-oldrel-windows-ix86+x86_64 1.1.1 5.00 85.00 90.00 OK

Check Details

Version: 1.1.1
Check: R code for possible problems
Result: NOTE
    cgrad: no visible global function definition for ‘res’
    doshade: no visible global function definition for ‘projection’
    doshade: no visible global function definition for ‘extent’
    doshade: no visible global function definition for ‘res’
    doshade: no visible global function definition for ‘raster’
    doshade: no visible global function definition for ‘extent<-’
Flavors: r-devel-linux-x86_64-debian-clang, r-devel-linux-x86_64-debian-gcc, r-devel-linux-x86_64-fedora-clang, r-devel-linux-x86_64-fedora-gcc, r-devel-osx-x86_64-clang, r-devel-windows-ix86+x86_64