CRAN Package Check Results for Package insol

Last updated on 2014-10-30 12:51:34.

Flavor Version Tinstall Tcheck Ttotal Status Flags
r-devel-linux-x86_64-debian-clang 1.1.1 1.11 35.93 37.04 NOTE
r-devel-linux-x86_64-debian-gcc 1.1.1 1.09 34.06 35.15 NOTE
r-devel-linux-x86_64-fedora-clang 1.1.1 55.62 NOTE
r-devel-linux-x86_64-fedora-gcc 1.1.1 53.27 NOTE
r-devel-osx-x86_64-clang 1.1.1 54.96 NOTE
r-devel-windows-ix86+x86_64 1.1.1 5.00 79.00 84.00 NOTE
r-patched-linux-x86_64 1.1.1 1.12 33.51 34.63 NOTE
r-patched-solaris-sparc 1.1.1 351.10 NOTE
r-patched-solaris-x86 1.1.1 80.40 NOTE
r-release-linux-ix86 1.1.1 1.78 48.58 50.36 OK
r-release-linux-x86_64 1.1.1 1.14 35.72 36.86 OK
r-release-osx-x86_64-mavericks 1.1.1 OK
r-release-osx-x86_64-snowleopard 1.1.1 OK
r-release-windows-ix86+x86_64 1.1.1 6.00 94.00 100.00 OK
r-oldrel-windows-ix86+x86_64 1.1.1 6.00 86.00 92.00 OK

Check Details

Version: 1.1.1
Check: R code for possible problems
Result: NOTE
    cgrad: no visible global function definition for ‘res’
    doshade: no visible global function definition for ‘projection’
    doshade: no visible global function definition for ‘extent’
    doshade: no visible global function definition for ‘res’
    doshade: no visible global function definition for ‘raster’
    doshade: no visible global function definition for ‘extent<-’
Flavors: r-devel-linux-x86_64-debian-clang, r-devel-linux-x86_64-debian-gcc, r-devel-linux-x86_64-fedora-clang, r-devel-linux-x86_64-fedora-gcc, r-devel-osx-x86_64-clang, r-devel-windows-ix86+x86_64, r-patched-linux-x86_64, r-patched-solaris-sparc, r-patched-solaris-x86