CRAN Package Check Results for Package insol

Last updated on 2016-12-09 15:47:54.

Flavor Version Tinstall Tcheck Ttotal Status Flags
r-devel-linux-x86_64-debian-clang 1.1.1 1.20 33.82 35.02 NOTE
r-devel-linux-x86_64-debian-gcc 1.1.1 1.16 33.17 34.32 NOTE
r-devel-linux-x86_64-fedora-clang 1.1.1 51.86 NOTE --no-stop-on-test-error
r-devel-linux-x86_64-fedora-gcc 1.1.1 50.53 NOTE --no-stop-on-test-error
r-devel-macos-x86_64-clang 1.1.1 41.54 NOTE
r-devel-windows-ix86+x86_64 1.1.1 6.00 114.00 120.00 NOTE
r-patched-linux-x86_64 1.1.1 1.02 30.04 31.06 NOTE
r-patched-solaris-sparc 1.1.1 326.50 NOTE
r-patched-solaris-x86 1.1.1 67.70 NOTE
r-release-linux-x86_64 1.1.1 1.06 30.20 31.26 NOTE
r-release-osx-x86_64-mavericks 1.1.1 NOTE
r-release-windows-ix86+x86_64 1.1.1 5.00 115.00 120.00 NOTE
r-oldrel-windows-ix86+x86_64 1.1.1 10.00 85.00 95.00 NOTE

Check Details

Version: 1.1.1
Check: R code for possible problems
Result: NOTE
    cgrad: no visible global function definition for ‘res’
    doshade: no visible global function definition for ‘projection’
    doshade: no visible global function definition for ‘extent’
    doshade: no visible global function definition for ‘res’
    doshade: no visible global function definition for ‘raster’
    doshade: no visible global function definition for ‘extent<-’
    Undefined global functions or variables:
     extent extent<- projection raster res
Flavors: r-devel-linux-x86_64-debian-clang, r-devel-linux-x86_64-debian-gcc, r-devel-macos-x86_64-clang, r-devel-windows-ix86+x86_64, r-patched-linux-x86_64, r-patched-solaris-sparc, r-patched-solaris-x86, r-release-linux-x86_64, r-release-osx-x86_64-mavericks, r-release-windows-ix86+x86_64

Version: 1.1.1
Flags: --no-stop-on-test-error
Check: R code for possible problems
Result: NOTE
    cgrad: no visible global function definition for ‘res’
    doshade: no visible global function definition for ‘projection’
    doshade: no visible global function definition for ‘extent’
    doshade: no visible global function definition for ‘res’
    doshade: no visible global function definition for ‘raster’
    doshade: no visible global function definition for ‘extent<-’
    Undefined global functions or variables:
     extent extent<- projection raster res
Flavors: r-devel-linux-x86_64-fedora-clang, r-devel-linux-x86_64-fedora-gcc

Version: 1.1.1
Check: R code for possible problems
Result: NOTE
    cgrad: no visible global function definition for 'res'
    doshade: no visible global function definition for 'projection'
    doshade: no visible global function definition for 'extent'
    doshade: no visible global function definition for 'res'
    doshade: no visible global function definition for 'raster'
    doshade: no visible global function definition for 'extent<-'
Flavor: r-oldrel-windows-ix86+x86_64