CRAN Package Check Results for Package insol

Last updated on 2014-12-18 00:48:51.

Flavor Version Tinstall Tcheck Ttotal Status Flags
r-devel-linux-x86_64-debian-clang 1.1.1 1.11 32.88 33.99 NOTE
r-devel-linux-x86_64-debian-gcc 1.1.1 1.10 32.81 33.90 NOTE
r-devel-linux-x86_64-fedora-clang 1.1.1 59.07 NOTE
r-devel-linux-x86_64-fedora-gcc 1.1.1 49.86 NOTE
r-devel-osx-x86_64-clang 1.1.1 56.46 NOTE
r-devel-windows-ix86+x86_64 1.1.1 9.00 87.00 96.00 NOTE
r-patched-linux-x86_64 1.1.1 1.10 35.06 36.17 NOTE
r-patched-solaris-sparc 1.1.1 351.10 NOTE
r-patched-solaris-x86 1.1.1 79.50 NOTE
r-release-linux-ix86 1.1.1 1.56 43.74 45.31 NOTE
r-release-linux-x86_64 1.1.1 1.11 33.23 34.34 NOTE
r-release-osx-x86_64-mavericks 1.1.1 OK
r-release-osx-x86_64-snowleopard 1.1.1 OK
r-release-windows-ix86+x86_64 1.1.1 6.00 82.00 88.00 NOTE
r-oldrel-windows-ix86+x86_64 1.1.1 6.00 87.00 93.00 OK

Check Details

Version: 1.1.1
Check: R code for possible problems
Result: NOTE
    cgrad: no visible global function definition for ‘res’
    doshade: no visible global function definition for ‘projection’
    doshade: no visible global function definition for ‘extent’
    doshade: no visible global function definition for ‘res’
    doshade: no visible global function definition for ‘raster’
    doshade: no visible global function definition for ‘extent<-’
Flavors: r-devel-linux-x86_64-debian-clang, r-devel-linux-x86_64-debian-gcc, r-devel-linux-x86_64-fedora-clang, r-devel-linux-x86_64-fedora-gcc, r-devel-osx-x86_64-clang, r-devel-windows-ix86+x86_64, r-patched-linux-x86_64, r-patched-solaris-sparc, r-patched-solaris-x86, r-release-linux-ix86, r-release-linux-x86_64, r-release-windows-ix86+x86_64