CRAN Package Check Results for Package insol

Last updated on 2015-04-02 06:46:44.

Flavor Version Tinstall Tcheck Ttotal Status Flags
r-devel-linux-x86_64-debian-clang 1.1.1 1.06 31.80 32.86 NOTE
r-devel-linux-x86_64-debian-gcc 1.1.1 1.02 33.34 34.36 NOTE
r-devel-linux-x86_64-fedora-clang 1.1.1 51.28 NOTE
r-devel-linux-x86_64-fedora-gcc 1.1.1 50.64 NOTE
r-devel-osx-x86_64-clang 1.1.1 56.06 NOTE
r-prerel-windows-ix86+x86_64 1.1.1 9.00 87.00 96.00 NOTE
r-prerel-linux-x86_64 1.1.1 1.01 32.08 33.09 NOTE
r-prerel-solaris-sparc 1.1.1 359.20 NOTE
r-prerel-solaris-x86 1.1.1 73.40 NOTE
r-release-linux-x86_64 1.1.1 1.06 34.37 35.43 NOTE
r-release-osx-x86_64-mavericks 1.1.1 NOTE
r-release-osx-x86_64-snowleopard 1.1.1 OK
r-release-windows-ix86+x86_64 1.1.1 6.00 91.00 97.00 NOTE
r-oldrel-windows-ix86+x86_64 1.1.1 6.00 92.00 98.00 OK

Check Details

Version: 1.1.1
Check: R code for possible problems
Result: NOTE
    cgrad: no visible global function definition for ‘res’
    doshade: no visible global function definition for ‘projection’
    doshade: no visible global function definition for ‘extent’
    doshade: no visible global function definition for ‘res’
    doshade: no visible global function definition for ‘raster’
    doshade: no visible global function definition for ‘extent<-’
Flavors: r-devel-linux-x86_64-debian-clang, r-devel-linux-x86_64-debian-gcc, r-devel-linux-x86_64-fedora-clang, r-devel-linux-x86_64-fedora-gcc, r-devel-osx-x86_64-clang, r-prerel-windows-ix86+x86_64, r-prerel-linux-x86_64, r-prerel-solaris-sparc, r-prerel-solaris-x86, r-release-linux-x86_64, r-release-osx-x86_64-mavericks, r-release-windows-ix86+x86_64