CRAN Package Check Results for Package installr

Last updated on 2014-08-01 13:46:59.

Flavor Version Tinstall Tcheck Ttotal Status Flags
r-devel-windows-ix86+x86_64 0.15.3 4.00 29.00 33.00 OK
r-release-osx-x86_64-mavericks 0.15.3 WARN
r-release-osx-x86_64-snowleopard 0.15.3 WARN
r-release-windows-ix86+x86_64 0.15.3 3.00 38.00 41.00 OK
r-oldrel-windows-ix86+x86_64 0.15.3 6.00 40.00 46.00 OK

Check Details

Version: 0.15.3
Check: Rd cross-references
Result: WARNING
    Missing link or links in documentation object 'ask.user.yn.question.Rd':
     winDialog
    
    Missing link or links in documentation object 'check.for.updates.R.Rd':
     winDialog
    
    Missing link or links in documentation object 'installr.Rd':
     winDialog
    
    Missing link or links in documentation object 'os.manage.Rd':
     winDialog
    
    Missing link or links in documentation object 'updateR.Rd':
     winDialog
    
    See the information in section 'Cross-references' of the 'Writing R
    Extensions' manual.
Flavors: r-release-osx-x86_64-mavericks, r-release-osx-x86_64-snowleopard