CRAN Package Check Results for Package installr

Last updated on 2016-05-31 05:47:31.

Flavor Version Tinstall Tcheck Ttotal Status Flags
r-devel-windows-ix86+x86_64 0.17.8 4.00 38.00 42.00 OK
r-release-osx-x86_64-mavericks 0.17.8 WARN
r-release-windows-ix86+x86_64 0.17.8 6.00 38.00 44.00 OK
r-oldrel-windows-ix86+x86_64 0.17.8 5.00 39.00 44.00 OK

Check Details

Version: 0.17.8
Check: Rd cross-references
Result: WARN
    Missing link or links in documentation object 'ask.user.yn.question.Rd':
     ‘winDialog’
    
    Missing link or links in documentation object 'check.for.updates.R.Rd':
     ‘winDialog’
    
    Missing link or links in documentation object 'installr.Rd':
     ‘winDialog’
    
    Missing link or links in documentation object 'os.manage.Rd':
     ‘winDialog’
    
    Missing link or links in documentation object 'updateR.Rd':
     ‘winDialog’
    
    See section 'Cross-references' in the 'Writing R Extensions' manual.
Flavor: r-release-osx-x86_64-mavericks