CRAN Package Check Results for Package installr

Last updated on 2017-11-25 11:55:24 CET.

Flavor Version Tinstall Tcheck Ttotal Status Flags
r-devel-windows-ix86+x86_64 0.19.0 4.00 40.00 44.00 OK
r-release-windows-ix86+x86_64 0.19.0 5.00 38.00 43.00 OK
r-release-osx-x86_64 0.19.0 WARN
r-oldrel-windows-ix86+x86_64 0.19.0 4.00 41.00 45.00 OK
r-oldrel-osx-x86_64 0.19.0 WARN

Check Details

Version: 0.19.0
Check: Rd cross-references
Result: WARN
    Missing link or links in documentation object 'ask.user.yn.question.Rd':
     ‘winDialog’
    
    Missing link or links in documentation object 'check.for.updates.R.Rd':
     ‘winDialog’
    
    Missing link or links in documentation object 'installr.Rd':
     ‘winDialog’
    
    Missing link or links in documentation object 'os.manage.Rd':
     ‘winDialog’
    
    Missing link or links in documentation object 'updateR.Rd':
     ‘winDialog’
    
    See section 'Cross-references' in the 'Writing R Extensions' manual.
Flavors: r-release-osx-x86_64, r-oldrel-osx-x86_64