CRAN Package Check Results for Package installr

Last updated on 2014-04-19 11:48:52.

Flavor Version Tinstall Tcheck Ttotal Status Flags
r-devel-macosx-x86_64-gcc 0.14.0 WARN --install=no
r-devel-windows-ix86+x86_64 0.14.0 3.00 27.00 30.00 OK
r-patched-solaris-sparc 0.14.0 113.80 WARN --install=no
r-patched-solaris-x86 0.14.0 26.10 WARN --install=no
r-release-macosx-x86_64 0.14.0 WARN --install=no
r-release-windows-ix86+x86_64 0.14.0 4.00 28.00 32.00 OK
r-oldrel-windows-ix86+x86_64 0.14.0 4.00 29.00 33.00 OK

Check Details

Version: 0.14.0
Check: Rd cross-references
Result: WARNING
    Package unavailable to check Rd xrefs: ‘ggplot2’
    Missing link or links in documentation object 'ask.user.yn.question.Rd':
     ‘winDialog’
    
    Missing link or links in documentation object 'check.for.updates.R.Rd':
     ‘winDialog’
    
    Missing link or links in documentation object 'installr.Rd':
     ‘winDialog’
    
    Missing link or links in documentation object 'os.manage.Rd':
     ‘winDialog’
    
    Missing link or links in documentation object 'updateR.Rd':
     ‘winDialog’
    
    See the information in section 'Cross-references' of the 'Writing R
    Extensions' manual.
Flavor: r-devel-macosx-x86_64-gcc

Version: 0.14.0
Check: Rd cross-references
Result: WARNING
    Missing link or links in documentation object 'ask.user.yn.question.Rd':
     ‘winDialog’
    
    Missing link or links in documentation object 'check.for.updates.R.Rd':
     ‘winDialog’
    
    Missing link or links in documentation object 'installr.Rd':
     ‘winDialog’
    
    Missing link or links in documentation object 'os.manage.Rd':
     ‘winDialog’
    
    Missing link or links in documentation object 'updateR.Rd':
     ‘winDialog’
    
    See the information in section 'Cross-references' of the 'Writing R
    Extensions' manual.
Flavors: r-patched-solaris-sparc, r-patched-solaris-x86, r-release-macosx-x86_64