CRAN Package Check Results for Package installr

Last updated on 2014-10-31 20:48:11.

Flavor Version Tinstall Tcheck Ttotal Status Flags
r-devel-windows-ix86+x86_64 0.15.3 4.00 25.00 29.00 NOTE
r-release-osx-x86_64-mavericks 0.15.3 WARN
r-release-osx-x86_64-snowleopard 0.15.3 WARN
r-release-windows-ix86+x86_64 0.15.3 3.00 30.00 33.00 OK
r-oldrel-windows-ix86+x86_64 0.15.3 3.00 27.00 30.00 OK

Check Details

Version: 0.15.3
Check: R code for possible problems
Result: NOTE
    format_RStudio_CRAN_data: no visible binding for global variable
     'data.table'
    format_RStudio_CRAN_data: no visible global function definition for
     'as.data.table'
    format_RStudio_CRAN_data: no visible global function definition for
     'setkey'
    freegeoip: no visible global function definition for 'fromJSON'
    install.Rtools: no visible global function definition for 'find_rtools'
    install.Rtools: no visible global function definition for
     'readHTMLTable'
    lineplot_package_downloads: no visible global function definition for
     'ddply'
    lineplot_package_downloads: no visible global function definition for
     '.'
    lineplot_package_downloads: no visible global function definition for
     'ggplot'
    lineplot_package_downloads: no visible global function definition for
     'aes'
    lineplot_package_downloads: no visible global function definition for
     'geom_line'
    lineplot_package_downloads: no visible global function definition for
     'ylab'
    lineplot_package_downloads: no visible global function definition for
     'theme_bw'
    lineplot_package_downloads: no visible global function definition for
     'theme'
    lineplot_package_downloads: no visible global function definition for
     'element_text'
    pkgDNLs_worldmapcolor: no visible global function definition for
     'fortify'
    pkgDNLs_worldmapcolor: no visible global function definition for
     'ggplot'
    pkgDNLs_worldmapcolor: no visible global function definition for
     'geom_polygon'
    pkgDNLs_worldmapcolor: no visible global function definition for
     'aes_string'
    pkgDNLs_worldmapcolor: no visible global function definition for
     'coord_equal'
    pkgDNLs_worldmapcolor: no visible global function definition for
     'scale_fill_gradientn'
    pkgDNLs_worldmapcolor: no visible global function definition for 'labs'
    read_RStudio_CRAN_data: no visible global function definition for
     'rbindlist'
Flavor: r-devel-windows-ix86+x86_64

Version: 0.15.3
Check: Rd cross-references
Result: WARN
    Missing link or links in documentation object 'ask.user.yn.question.Rd':
     ‘winDialog’
    
    Missing link or links in documentation object 'check.for.updates.R.Rd':
     ‘winDialog’
    
    Missing link or links in documentation object 'installr.Rd':
     ‘winDialog’
    
    Missing link or links in documentation object 'os.manage.Rd':
     ‘winDialog’
    
    Missing link or links in documentation object 'updateR.Rd':
     ‘winDialog’
    
    See the information in section 'Cross-references' of the 'Writing R
    Extensions' manual.
Flavors: r-release-osx-x86_64-mavericks, r-release-osx-x86_64-snowleopard