CRAN Package Check Results for Package installr

Last updated on 2015-07-01 21:46:36.

Flavor Version Tinstall Tcheck Ttotal Status Flags
r-devel-windows-ix86+x86_64 0.16.0 6.00 31.00 37.00 NOTE
r-release-osx-x86_64-mavericks 0.16.0 WARN
r-release-windows-ix86+x86_64 0.16.0 6.00 28.00 34.00 OK
r-oldrel-windows-ix86+x86_64 0.16.0 6.00 32.00 38.00 OK

Check Details

Version: 0.16.0
Check: R code for possible problems
Result: NOTE
    New.R.RunMe: no visible global function definition for 'head'
    New.R.RunMe: no visible global function definition for 'flush.console'
    New.R.RunMe: no visible global function definition for
     'update.packages'
    Old.R.RunMe: no visible global function definition for 'head'
    Old.R.RunMe: no visible global function definition for 'flush.console'
    add.installr.GUI: no visible global function definition for
     'winMenuNames'
    add.installr.GUI: no visible global function definition for
     'winMenuAdd'
    add.installr.GUI: no visible global function definition for
     'winMenuAddItem'
    add_load_installr_on_startup_menu: no visible global function
     definition for 'winMenuNames'
    add_load_installr_on_startup_menu: no visible global function
     definition for 'winMenuItems'
    add_load_installr_on_startup_menu: no visible global function
     definition for 'winMenuDelItem'
    add_load_installr_on_startup_menu: no visible global function
     definition for 'winMenuAddItem'
    add_remove_installr_from_startup_menu: no visible global function
     definition for 'winMenuNames'
    add_remove_installr_from_startup_menu: no visible global function
     definition for 'winMenuItems'
    add_remove_installr_from_startup_menu: no visible global function
     definition for 'winMenuDelItem'
    add_remove_installr_from_startup_menu: no visible global function
     definition for 'winMenuAddItem'
    ask.user.yn.question: no visible global function definition for
     'winDialog'
    ask.user.yn.question: no visible global function definition for 'menu'
    barplot_package_users_per_day: no visible global function definition
     for 'aggregate'
    barplot_package_users_per_day: no visible global function definition
     for 'par'
    browse.latest.R.NEWS: no visible global function definition for
     'browseURL'
    check.for.updates.R: no visible global function definition for
     'winDialog'
    copy.packages.between.libraries: no visible global function definition
     for 'installed.packages'
    copy.packages.between.libraries: no visible global function definition
     for 'flush.console'
    cranometer: no visible global function definition for 'getCRANmirrors'
    cranometer: no visible global function definition for 'download.file'
    create.global.library: no visible global function definition for 'head'
    download_RStudio_CRAN_data: no visible global function definition for
     'download.file'
    get.installed.R.folders: no visible global function definition for
     'head'
    install.FFmpeg: no visible global function definition for
     'download.file'
    install.LyX: no visible global function definition for 'menu'
    install.Rtools: no visible global function definition for 'tail'
    install.Rtools: no visible global function definition for 'menu'
    install.URL: no visible global function definition for 'download.file'
    install.packages.zip: no visible global function definition for
     'download.file'
    install.packages.zip: no visible global function definition for
     'install.packages'
    install.pandoc: no visible global function definition for 'head'
    install.pandoc: no visible global function definition for 'winDialog'
    install.pandoc: no visible global function definition for 'menu'
    installr: no visible global function definition for 'menu'
    most_downloaded_packages: no visible global function definition for
     'head'
    os.manage: no visible global function definition for 'menu'
    os.manage: no visible global function definition for 'winDialogString'
    read_RStudio_CRAN_data: no visible global function definition for
     'flush.console'
    read_RStudio_CRAN_data: no visible global function definition for
     'read.table'
    remove.installr.GUI: no visible global function definition for
     'winMenuNames'
    remove.installr.GUI: no visible global function definition for
     'winMenuDel'
    require2: no visible global function definition for 'install.packages'
    source.https: no visible global function definition for 'download.file'
    uninstall.R: no visible global function definition for 'menu'
    uninstall.packages : uninstall_1_pkg: no visible global function
     definition for 'installed.packages'
    uninstall.packages : uninstall_1_pkg: no visible global function
     definition for 'remove.packages'
    up_folder : <anonymous>: no visible global function definition for
     'head'
    xlsx2csv: no visible global function definition for 'head'
    xlsx2csv: no visible global function definition for 'tail'
    xx.global.library: no visible global function definition for 'head'
    xx.global.library: no visible global function definition for
     'installed.packages'
    xx.global.library : <anonymous>: no visible global function definition
     for 'tail'
    xx.global.library: no visible global function definition for
     'flush.console'
    xx.global.library: no visible global function definition for
     'update.packages'
Flavor: r-devel-windows-ix86+x86_64

Version: 0.16.0
Check: Rd cross-references
Result: WARN
    Missing link or links in documentation object 'ask.user.yn.question.Rd':
     ‘winDialog’
    
    Missing link or links in documentation object 'check.for.updates.R.Rd':
     ‘winDialog’
    
    Missing link or links in documentation object 'installr.Rd':
     ‘winDialog’
    
    Missing link or links in documentation object 'os.manage.Rd':
     ‘winDialog’
    
    Missing link or links in documentation object 'updateR.Rd':
     ‘winDialog’
    
    See section 'Cross-references' in the 'Writing R Extensions' manual.
Flavor: r-release-osx-x86_64-mavericks