CRAN Package Check Results for Package intReg

Last updated on 2015-07-02 06:48:12.

Flavor Version Tinstall Tcheck Ttotal Status Flags
r-devel-linux-x86_64-debian-clang 0.2-8 0.68 19.13 19.81 NOTE
r-devel-linux-x86_64-debian-gcc 0.2-8 0.76 18.21 18.97 NOTE
r-devel-linux-x86_64-fedora-clang 0.2-8 38.80 NOTE
r-devel-linux-x86_64-fedora-gcc 0.2-8 37.88 NOTE
r-devel-osx-x86_64-clang 0.2-8 37.54 OK
r-devel-windows-ix86+x86_64 0.2-8 3.00 33.00 36.00 NOTE
r-patched-linux-x86_64 0.2-8 0.71 19.86 20.57 OK
r-patched-solaris-sparc 0.2-8 248.20 OK
r-patched-solaris-x86 0.2-8 52.80 OK
r-release-linux-x86_64 0.2-8 0.70 19.65 20.35 OK
r-release-osx-x86_64-mavericks 0.2-8 OK
r-release-windows-ix86+x86_64 0.2-8 3.00 34.00 37.00 OK
r-oldrel-windows-ix86+x86_64 0.2-8 4.00 62.00 66.00 OK

Check Details

Version: 0.2-8
Check: R code for possible problems
Result: NOTE
    intReg: no visible binding for global variable ‘plogis’
    intReg: no visible binding for global variable ‘pnorm’
    intReg: no visible binding for global variable ‘pcauchy’
    intReg: no visible binding for global variable ‘dlogis’
    intReg: no visible binding for global variable ‘dnorm’
    intReg: no visible binding for global variable ‘dcauchy’
    intReg: no visible global function definition for ‘model.matrix’
    intReg: no visible global function definition for ‘model.weights’
    intReg: no visible global function definition for ‘model.offset’
    intReg: no visible global function definition for ‘model.response’
    intReg: no visible global function definition for ‘glm.fit’
    intReg: Error while checking: invalid ‘envir’ argument
    model.matrix.intReg: no visible global function definition for
     ‘model.frame’
    print.intReg: no visible global function definition for ‘coef’
    print.summary.intReg: no visible global function definition for
     ‘logLik’
    print.summary.intReg: no visible global function definition for
     ‘printCoefmat’
    summary.intReg: no visible global function definition for ‘coef’
Flavors: r-devel-linux-x86_64-debian-clang, r-devel-linux-x86_64-debian-gcc, r-devel-linux-x86_64-fedora-clang, r-devel-linux-x86_64-fedora-gcc, r-devel-windows-ix86+x86_64