CRAN Package Check Results for Package intReg

Last updated on 2015-04-21 12:48:44.

Flavor Version Tinstall Tcheck Ttotal Status Flags
r-devel-linux-x86_64-debian-clang 0.2-8 0.72 19.16 19.88 OK
r-devel-linux-x86_64-debian-gcc 0.2-8 0.72 18.94 19.66 OK
r-devel-linux-x86_64-fedora-clang 0.2-8 40.21 OK
r-devel-linux-x86_64-fedora-gcc 0.2-8 38.23 OK
r-devel-osx-x86_64-clang 0.2-8 38.38 OK
r-devel-windows-ix86+x86_64 0.2-8 4.00 42.00 46.00 OK
r-patched-linux-x86_64 0.2-8 0.71 19.22 19.93 OK
r-patched-solaris-sparc 0.2-8 248.70 OK
r-patched-solaris-x86 0.2-8 52.30 OK
r-release-linux-x86_64 0.2-8 0.72 18.68 19.40 OK
r-release-osx-x86_64-mavericks 0.2-8 ERROR
r-release-osx-x86_64-snowleopard 0.2-8 ERROR
r-release-windows-ix86+x86_64 0.2-8 2.00 30.00 32.00 OK
r-oldrel-windows-ix86+x86_64 0.2-8 4.00 124.00 128.00 OK

Check Details

Version: 0.2-8
Check: package dependencies
Result: NOTE
    Package suggested but not available for checking: ‘Ecdat’
Flavor: r-release-osx-x86_64-mavericks

Version: 0.2-8
Check: examples
Result: ERROR
    Running examples in ‘intReg-Ex.R’ failed
    The error most likely occurred in:
    
    > ### Name: coef.intReg
    > ### Title: Extract (only informative) coefficients, standard errors, and
    > ### variance-covariance matrix from 'intReg' model.
    > ### Aliases: coef.intReg print.coef.intReg print.summary.intReg
    > ### summary.intReg stdEr.intReg vcov.intReg
    > ### Keywords: methods
    >
    > ### ** Examples
    >
    > ## Example of observation-specific boundaries
    > ## Estimate the willingness to pay for the Kakadu National Park
    > ## Data given in intervals -- 'lower' for lower bound and 'upper' for upper bound.
    > ## Note that dichotomous-coice answers are already coded to 'lower' and 'upper'
    > data(Kakadu, package="Ecdat")
    Error in find.package(package, lib.loc, verbose = verbose) :
     there is no package called ‘Ecdat’
    Calls: data -> find.package
    Execution halted
Flavor: r-release-osx-x86_64-mavericks

Version: 0.2-8
Check: tests
Result: ERROR
    Running the tests in ‘tests/intReg.R’ failed.
    Last 13 lines of output:
     Loading required package: miscTools
     Loading required package: maxLik
    
     Please cite the 'maxLik' package as:
     Henningsen, Arne and Toomet, Ott (2011). maxLik: A package for maximum likelihood estimation in R. Computational Statistics 26(3), 443-458. DOI 10.1007/s00180-010-0217-1.
    
     If you have questions, suggestions, or comments regarding the 'maxLik' package, please use a forum or 'tracker' at maxLik's R-Forge site:
     https://r-forge.r-project.org/projects/maxlik/
     > data(Kakadu, package="Ecdat")
     Error in find.package(package, lib.loc, verbose = verbose) :
     there is no package called 'Ecdat'
     Calls: data -> find.package
     Execution halted
Flavor: r-release-osx-x86_64-mavericks

Version: 0.2-8
Check: package dependencies
Result: ERROR
    Packages required but not available: ‘miscTools’ ‘maxLik’
    
    Package suggested but not available for checking: ‘Ecdat’
    
    See section ‘The DESCRIPTION file’ in the ‘Writing R Extensions’
    manual.
Flavor: r-release-osx-x86_64-snowleopard