CRAN Package Check Results for Package intReg

Last updated on 2014-04-19 03:49:21.

Flavor Version Tinstall Tcheck Ttotal Status Flags
r-devel-linux-x86_64-debian-clang 0.1-2 1.04 22.07 23.11 NOTE
r-devel-linux-x86_64-debian-gcc 0.1-2 0.93 21.96 22.90 NOTE
r-devel-linux-x86_64-fedora-clang 0.1-2 46.05 NOTE
r-devel-linux-x86_64-fedora-gcc 0.1-2 43.95 NOTE
r-devel-macosx-x86_64-clang 0.1-2 41.21 NOTE
r-devel-macosx-x86_64-gcc 0.1-2 ERROR
r-devel-windows-ix86+x86_64 0.1-2 3.00 38.00 41.00 NOTE
r-patched-linux-x86_64 0.1-2 0.93 22.86 23.79 NOTE
r-patched-solaris-sparc 0.1-2 250.10 NOTE
r-patched-solaris-x86 0.1-2 56.20 NOTE
r-release-linux-ix86 0.1-2 2.00 52.00 54.00 NOTE
r-release-linux-x86_64 0.1-2 0.92 22.44 23.37 NOTE
r-release-macosx-x86_64 0.1-2 NOTE
r-release-windows-ix86+x86_64 0.1-2 4.00 43.00 47.00 NOTE
r-oldrel-windows-ix86+x86_64 0.1-2 4.00 56.00 60.00 NOTE

Check Details

Version: 0.1-2
Check: DESCRIPTION meta-information
Result: NOTE
    Package listed in more than one of Depends, Imports, Suggests, Enhances:
     ‘sets’
    A package should be listed in only one of these fields.
Flavors: r-devel-linux-x86_64-debian-clang, r-devel-linux-x86_64-debian-gcc, r-devel-linux-x86_64-fedora-clang, r-devel-linux-x86_64-fedora-gcc, r-devel-macosx-x86_64-clang, r-devel-windows-ix86+x86_64, r-patched-linux-x86_64, r-patched-solaris-sparc, r-patched-solaris-x86, r-release-linux-ix86, r-release-linux-x86_64, r-release-macosx-x86_64, r-release-windows-ix86+x86_64, r-oldrel-windows-ix86+x86_64

Version: 0.1-2
Check: dependencies in R code
Result: NOTE
    'library' or 'require' calls to packages already attached by Depends:
     ‘maxLik’ ‘sets’
     Please remove these calls from your code.
    Namespace in Imports field not imported from: ‘sets’
     All declared Imports should be used.
    Packages in Depends field not imported from:
     ‘maxLik’ ‘sets’
     These packages need to be imported from (in the NAMESPACE file)
     for when this namespace is loaded but not attached.
    Unexported objects imported by ':::' calls:
     ‘maxLik:::coef.maxLik’ ‘maxLik:::nParam.maxim’
     ‘maxLik:::summary.maxLik’ ‘maxLik:::vcov.maxLik’
     See the note in ?`:::` about the use of this operator.
    See the information on DESCRIPTION files in the chapter ‘Creating R
    packages’ of the ‘Writing R Extensions’ manual.
Flavors: r-devel-linux-x86_64-debian-clang, r-devel-linux-x86_64-debian-gcc, r-devel-linux-x86_64-fedora-clang, r-devel-linux-x86_64-fedora-gcc, r-devel-macosx-x86_64-clang, r-devel-windows-ix86+x86_64, r-patched-linux-x86_64, r-patched-solaris-sparc, r-patched-solaris-x86, r-release-linux-ix86, r-release-linux-x86_64, r-release-windows-ix86+x86_64, r-oldrel-windows-ix86+x86_64

Version: 0.1-2
Check: R code for possible problems
Result: NOTE
    intReg: no visible binding for global variable ‘pgumbel’
    intReg: no visible binding for global variable ‘dgumbel’
Flavors: r-devel-linux-x86_64-debian-clang, r-devel-linux-x86_64-debian-gcc, r-devel-linux-x86_64-fedora-clang, r-devel-linux-x86_64-fedora-gcc, r-devel-macosx-x86_64-clang, r-devel-windows-ix86+x86_64, r-patched-linux-x86_64, r-patched-solaris-sparc, r-patched-solaris-x86, r-release-linux-ix86, r-release-linux-x86_64, r-release-macosx-x86_64, r-release-windows-ix86+x86_64, r-oldrel-windows-ix86+x86_64

Version: 0.1-2
Check: package dependencies
Result: ERROR
    Package required but not available: ‘maxLik’
    
    Package suggested but not available for checking: ‘Ecdat’
    
    See the information on DESCRIPTION files in the chapter ‘Creating R
    packages’ of the ‘Writing R Extensions’ manual.
Flavor: r-devel-macosx-x86_64-gcc

Version: 0.1-2
Check: dependencies in R code
Result: NOTE
    'library' or 'require' calls to packages already attached by Depends:
     'maxLik' 'sets'
     Please remove these calls from your code.
    Unexported objects imported by ':::' calls:
     'maxLik:::coef.maxLik' 'maxLik:::nParam.maxim'
     'maxLik:::summary.maxLik' 'maxLik:::vcov.maxLik'
     See the note in ?`:::` about the use of this operator.
    See the information on DESCRIPTION files in the chapter 'Creating R
    packages' of the 'Writing R Extensions' manual.
Flavor: r-release-macosx-x86_64