CRAN Package Check Results for Package intReg

Last updated on 2015-09-02 14:47:49.

Flavor Version Tinstall Tcheck Ttotal Status Flags
r-devel-linux-x86_64-debian-clang 0.2-8 0.64 18.85 19.50 NOTE
r-devel-linux-x86_64-debian-gcc 0.2-8 0.64 18.18 18.82 NOTE
r-devel-linux-x86_64-fedora-clang 0.2-8 37.77 NOTE
r-devel-linux-x86_64-fedora-gcc 0.2-8 35.75 NOTE
r-devel-osx-x86_64-clang 0.2-8 33.60 OK
r-devel-windows-ix86+x86_64 0.2-8 4.00 40.00 44.00 NOTE
r-patched-linux-x86_64 0.2-8 0.70 18.27 18.97 OK
r-patched-solaris-sparc 0.2-8 246.60 OK
r-patched-solaris-x86 0.2-8 50.70 OK
r-release-linux-x86_64 0.2-8 0.89 19.40 20.29 OK
r-release-osx-x86_64-mavericks 0.2-8 OK
r-release-windows-ix86+x86_64 0.2-8 4.00 34.00 38.00 OK
r-oldrel-windows-ix86+x86_64 0.2-8 6.00 48.00 54.00 OK

Check Details

Version: 0.2-8
Check: R code for possible problems
Result: NOTE
    intReg: no visible binding for global variable ‘plogis’
    intReg: no visible binding for global variable ‘pnorm’
    intReg: no visible binding for global variable ‘pcauchy’
    intReg: no visible binding for global variable ‘dlogis’
    intReg: no visible binding for global variable ‘dnorm’
    intReg: no visible binding for global variable ‘dcauchy’
    intReg: no visible global function definition for ‘model.matrix’
    intReg: no visible global function definition for ‘model.weights’
    intReg: no visible global function definition for ‘model.offset’
    intReg: no visible global function definition for ‘model.response’
    intReg: no visible global function definition for ‘glm.fit’
    intReg: no visible global function definition for ‘binomial’
    intReg: no visible binding for global variable ‘coef’
    intReg: no visible global function definition for ‘lm’
    intReg: no visible global function definition for ‘coef’
    intReg: no visible global function definition for ‘var’
    model.matrix.intReg: no visible global function definition for
     ‘model.frame’
    print.intReg: no visible global function definition for ‘coef’
    print.summary.intReg: no visible global function definition for
     ‘logLik’
    print.summary.intReg: no visible global function definition for
     ‘printCoefmat’
    summary.intReg: no visible global function definition for ‘coef’
    Undefined global functions or variables:
     binomial coef dcauchy dlogis dnorm glm.fit lm logLik model.frame
     model.matrix model.offset model.response model.weights pcauchy plogis
     pnorm printCoefmat var
    Consider adding
     importFrom("stats", "binomial", "coef", "dcauchy", "dlogis", "dnorm",
     "glm.fit", "lm", "logLik", "model.frame", "model.matrix",
     "model.offset", "model.response", "model.weights",
     "pcauchy", "plogis", "pnorm", "printCoefmat", "var")
    to your NAMESPACE.
Flavors: r-devel-linux-x86_64-debian-clang, r-devel-linux-x86_64-debian-gcc, r-devel-linux-x86_64-fedora-clang, r-devel-linux-x86_64-fedora-gcc, r-devel-windows-ix86+x86_64