CRAN Package Check Results for Package intRvals

Last updated on 2024-04-22 08:51:28 CEST.

Flavor Version Tinstall Tcheck Ttotal Status Flags
r-devel-linux-x86_64-debian-clang 1.0.1 8.94 107.37 116.31 NOTE
r-devel-linux-x86_64-debian-gcc 1.0.1 7.39 78.79 86.18 NOTE
r-devel-linux-x86_64-fedora-clang 1.0.1 144.91 NOTE
r-devel-linux-x86_64-fedora-gcc 1.0.1 140.14 NOTE
r-prerel-macos-arm64 1.0.1 44.00 NOTE
r-prerel-windows-x86_64 1.0.1 9.00 96.00 105.00 NOTE
r-patched-linux-x86_64 1.0.1 6.97 104.45 111.42 NOTE
r-release-linux-x86_64 1.0.1 7.98 107.22 115.20 OK
r-release-macos-arm64 1.0.1 48.00 OK
r-release-macos-x86_64 1.0.1 75.00 OK
r-release-windows-x86_64 1.0.1 13.00 117.00 130.00 OK
r-oldrel-macos-arm64 1.0.1 48.00 OK
r-oldrel-windows-x86_64 1.0.1 13.00 124.00 137.00 OK

Check Details

Version: 1.0.1
Check: Rd files
Result: NOTE checkRd: (-1) intRvals-package.Rd:60: Lost braces 60 | B\'{e}dard, J. & Gauthier, G. 1986. Assessment of faecal output in geese. Journal of Applied Ecology, 23, 77-90. | ^ checkRd: (-1) partition.Rd:64: Lost braces 64 | Bates, D., M\"{a}chler, M., Bolker, B.M. & Walker, S.C. (2015). Fitting linear mixed-effects models using lme4. Journal of Statistical Software, 67, 1-48. | ^ Flavors: r-devel-linux-x86_64-debian-clang, r-devel-linux-x86_64-debian-gcc, r-devel-linux-x86_64-fedora-clang, r-devel-linux-x86_64-fedora-gcc, r-prerel-macos-arm64, r-prerel-windows-x86_64, r-patched-linux-x86_64