CRAN Package Check Results for Package intamap

Last updated on 2017-12-11 20:46:55 CET.

Flavor Version Tinstall Tcheck Ttotal Status Flags
r-devel-linux-x86_64-debian-clang 1.4-1 2.84 139.07 141.91 OK
r-devel-linux-x86_64-debian-gcc 1.4-1 3.56 123.20 126.76 OK
r-devel-linux-x86_64-fedora-clang 1.4-1 178.82 OK
r-devel-linux-x86_64-fedora-gcc 1.4-1 177.53 OK
r-devel-windows-ix86+x86_64 1.4-1 10.00 144.00 154.00 OK
r-patched-linux-x86_64 1.4-1 3.61 162.05 165.66 OK
r-patched-solaris-x86 1.4-1 262.60 OK
r-release-linux-x86_64 1.4-1 4.05 162.93 166.98 OK
r-release-windows-ix86+x86_64 1.4-1 7.00 167.00 174.00 OK
r-release-osx-x86_64 1.4-1 NOTE
r-oldrel-windows-ix86+x86_64 1.4-1 9.00 191.00 200.00 OK
r-oldrel-osx-x86_64 1.4-1 OK

Check Details

Version: 1.4-1
Check: package dependencies
Result: NOTE
    Package which this enhances but not available for checking: ‘psgp’
Flavor: r-release-osx-x86_64