CRAN Package Check Results for Package intamap

Last updated on 2015-02-28 12:51:14.

Flavor Version Tinstall Tcheck Ttotal Status Flags
r-devel-linux-x86_64-debian-clang 1.3-37 2.55 72.11 74.66 NOTE
r-devel-linux-x86_64-debian-gcc 1.3-37 2.31 70.77 73.08 NOTE
r-devel-linux-x86_64-fedora-clang 1.3-37 161.39 NOTE
r-devel-linux-x86_64-fedora-gcc 1.3-37 154.83 NOTE
r-devel-osx-x86_64-clang 1.3-37 133.45 NOTE
r-devel-windows-ix86+x86_64 1.3-37 9.00 97.00 106.00 NOTE
r-patched-linux-x86_64 1.3-37 3.56 93.54 97.10 NOTE
r-patched-solaris-sparc 1.3-37 1292.30 NOTE
r-patched-solaris-x86 1.3-37 272.20 NOTE
r-release-linux-ix86 1.3-37 3.90 109.20 113.09 NOTE
r-release-linux-x86_64 1.3-37 3.84 92.21 96.06 NOTE
r-release-osx-x86_64-mavericks 1.3-37 NOTE
r-release-osx-x86_64-snowleopard 1.3-37 NOTE
r-release-windows-ix86+x86_64 1.3-37 13.00 141.00 154.00 NOTE
r-oldrel-windows-ix86+x86_64 1.3-37 12.00 144.00 156.00 OK

Check Details

Version: 1.3-37
Check: dependencies in R code
Result: NOTE
    'library' or 'require' calls in package code:
     ‘doParallel’ ‘psgp’ ‘rgdal’
     Please use :: or requireNamespace() instead.
     See section 'Suggested packages' in the 'Writing R Extensions' manual.
Flavors: r-devel-linux-x86_64-debian-clang, r-devel-linux-x86_64-debian-gcc, r-devel-linux-x86_64-fedora-clang, r-devel-linux-x86_64-fedora-gcc, r-devel-osx-x86_64-clang, r-devel-windows-ix86+x86_64, r-patched-linux-x86_64, r-patched-solaris-sparc, r-patched-solaris-x86

Version: 1.3-37
Check: R code for possible problems
Result: NOTE
    conformProjections: no visible global function definition for ‘CRSargs’
    createIntamapObject: no visible global function definition for
     ‘CRSargs’
    createIntamapObject: no visible global function definition for
     ‘readOGR’
    postProcess.default: no visible global function definition for
     ‘CRSargs’
    predictioncopula: no visible global function definition for
     ‘makeCluster’
    predictioncopula: no visible global function definition for
     ‘clusterApply’
    predictioncopula: no visible global function definition for
     ‘stopCluster’
    spatialPredict.automap: no visible global function definition for
     ‘makeCluster’
    spatialPredict.automap: no visible global function definition for
     ‘registerDoParallel’
    spatialPredict.automap: no visible global function definition for
     ‘clusterEvalQ’
    spatialPredict.automap: no visible global function definition for
     ‘%dopar%’
    spatialPredict.automap: no visible global function definition for
     ‘foreach’
    spatialPredict.automap: no visible global function definition for
     ‘stopCluster’
    spatialPredict.transGaussian: no visible global function definition for
     ‘makeCluster’
    spatialPredict.transGaussian: no visible global function definition for
     ‘registerDoParallel’
    spatialPredict.transGaussian: no visible global function definition for
     ‘clusterEvalQ’
    spatialPredict.transGaussian: no visible global function definition for
     ‘%dopar%’
    spatialPredict.transGaussian: no visible global function definition for
     ‘foreach’
    spatialPredict.transGaussian: no visible global function definition for
     ‘stopCluster’
Flavors: r-devel-linux-x86_64-debian-clang, r-devel-linux-x86_64-debian-gcc, r-devel-linux-x86_64-fedora-clang, r-devel-linux-x86_64-fedora-gcc, r-devel-osx-x86_64-clang, r-devel-windows-ix86+x86_64, r-patched-linux-x86_64, r-patched-solaris-sparc, r-patched-solaris-x86, r-release-linux-ix86, r-release-linux-x86_64, r-release-osx-x86_64-mavericks, r-release-windows-ix86+x86_64

Version: 1.3-37
Check: package dependencies
Result: NOTE
    Package suggested but not available for checking: ‘rgdal’
    
    Package which this enhances but not available for checking: ‘psgp’
Flavor: r-release-osx-x86_64-mavericks

Version: 1.3-37
Check: package dependencies
Result: NOTE
    Package which this enhances but not available for checking: 'psgp'
Flavor: r-release-osx-x86_64-snowleopard