CRAN Package Check Results for Package intamap

Last updated on 2014-08-23 18:47:33.

Flavor Version Tinstall Tcheck Ttotal Status Flags
r-devel-linux-x86_64-debian-clang 1.3-37 3.64 87.38 91.01 NOTE
r-devel-linux-x86_64-debian-gcc 1.3-37 3.58 85.18 88.76 NOTE
r-devel-linux-x86_64-fedora-clang 1.3-37 206.11 NOTE
r-devel-linux-x86_64-fedora-gcc 1.3-37 193.95 NOTE
r-devel-osx-x86_64-clang 1.3-37 162.39 NOTE
r-devel-windows-ix86+x86_64 1.3-37 10.00 126.00 136.00 OK
r-patched-linux-x86_64 1.3-37 3.69 91.71 95.40 OK
r-patched-solaris-sparc 1.3-37 1241.50 OK
r-patched-solaris-x86 1.3-37 279.30 OK
r-release-linux-ix86 1.3-37 4.36 114.49 118.85 OK
r-release-linux-x86_64 1.3-37 5.14 93.27 98.41 OK
r-release-osx-x86_64-mavericks 1.3-37 ERROR
r-release-osx-x86_64-snowleopard 1.3-37 NOTE
r-release-windows-ix86+x86_64 1.3-37 11.00 133.00 144.00 OK
r-oldrel-windows-ix86+x86_64 1.3-37 12.00 136.00 148.00 OK

Check Details

Version: 1.3-37
Check: R code for possible problems
Result: NOTE
    conformProjections: no visible global function definition for ‘CRSargs’
    createIntamapObject: no visible global function definition for
     ‘CRSargs’
    createIntamapObject: no visible global function definition for
     ‘readOGR’
    postProcess.default: no visible global function definition for
     ‘CRSargs’
    predictioncopula: no visible global function definition for
     ‘makeCluster’
    predictioncopula: no visible global function definition for
     ‘clusterApply’
    predictioncopula: no visible global function definition for
     ‘stopCluster’
    spatialPredict.automap: no visible global function definition for
     ‘makeCluster’
    spatialPredict.automap: no visible global function definition for
     ‘registerDoParallel’
    spatialPredict.automap: no visible global function definition for
     ‘clusterEvalQ’
    spatialPredict.automap: no visible global function definition for
     ‘%dopar%’
    spatialPredict.automap: no visible global function definition for
     ‘foreach’
    spatialPredict.automap: no visible global function definition for
     ‘stopCluster’
    spatialPredict.transGaussian: no visible global function definition for
     ‘makeCluster’
    spatialPredict.transGaussian: no visible global function definition for
     ‘registerDoParallel’
    spatialPredict.transGaussian: no visible global function definition for
     ‘clusterEvalQ’
    spatialPredict.transGaussian: no visible global function definition for
     ‘%dopar%’
    spatialPredict.transGaussian: no visible global function definition for
     ‘foreach’
    spatialPredict.transGaussian: no visible global function definition for
     ‘stopCluster’
Flavors: r-devel-linux-x86_64-debian-clang, r-devel-linux-x86_64-debian-gcc, r-devel-linux-x86_64-fedora-clang, r-devel-linux-x86_64-fedora-gcc, r-devel-osx-x86_64-clang

Version: 1.3-37
Check: package dependencies
Result: ERROR
    Packages required but not available: ‘gstat’ ‘automap’
    
    Package suggested but not available for checking: ‘rgdal’
    
    Package which this enhances but not available for checking: ‘psgp’
    
    See the information on DESCRIPTION files in the chapter ‘Creating R
    packages’ of the ‘Writing R Extensions’ manual.
Flavor: r-release-osx-x86_64-mavericks

Version: 1.3-37
Check: package dependencies
Result: NOTE
    Package which this enhances but not available for checking: 'psgp'
Flavor: r-release-osx-x86_64-snowleopard