CRAN Package Check Results for Package intamap

Last updated on 2017-04-27 05:51:47.

Flavor Version Tinstall Tcheck Ttotal Status Flags
r-devel-linux-x86_64-debian-clang 1.4-1 3.17 100.07 103.23 OK
r-devel-linux-x86_64-debian-gcc 1.4-1 2.48 96.21 98.69 OK
r-devel-linux-x86_64-fedora-clang 1.4-1 192.81 OK --no-stop-on-test-error
r-devel-linux-x86_64-fedora-gcc 1.4-1 185.61 OK --no-stop-on-test-error
r-devel-windows-ix86+x86_64 1.4-1 7.00 153.00 160.00 OK
r-patched-linux-x86_64 1.4-1 2.71 95.08 97.79 OK
r-patched-solaris-sparc 1.4-1 1730.40 OK
r-patched-solaris-x86 1.4-1 248.20 OK
r-release-linux-x86_64 1.4-1 2.76 95.26 98.02 OK
r-release-windows-ix86+x86_64 1.4-1 7.00 164.00 171.00 OK
r-release-osx-x86_64 1.4-1 NOTE
r-oldrel-windows-ix86+x86_64 1.4-1 6.00 129.00 135.00 OK
r-oldrel-osx-x86_64 1.4-1 OK

Check Details

Version: 1.4-1
Check: package dependencies
Result: NOTE
    Package which this enhances but not available for checking: ‘psgp’
Flavor: r-release-osx-x86_64