CRAN Package Check Results for Package intamap

Last updated on 2015-03-31 19:51:06.

Flavor Version Tinstall Tcheck Ttotal Status Flags
r-devel-linux-x86_64-debian-clang 1.3-37 2.35 73.34 75.69 NOTE
r-devel-linux-x86_64-debian-gcc 1.3-37 2.26 73.90 76.16 NOTE
r-devel-linux-x86_64-fedora-clang 1.3-37 158.42 NOTE
r-devel-linux-x86_64-fedora-gcc 1.3-37 152.02 NOTE
r-devel-osx-x86_64-clang 1.3-37 137.47 NOTE
r-prerel-windows-ix86+x86_64 1.3-37 8.00 106.00 114.00 NOTE
r-prerel-linux-x86_64 1.3-37 2.33 71.60 73.93 NOTE
r-prerel-solaris-sparc 1.3-37 1020.20 NOTE
r-prerel-solaris-x86 1.3-37 219.60 NOTE
r-release-linux-x86_64 1.3-37 3.49 92.00 95.49 NOTE
r-release-osx-x86_64-mavericks 1.3-37 NOTE
r-release-osx-x86_64-snowleopard 1.3-37 NOTE
r-release-windows-ix86+x86_64 1.3-37 12.00 136.00 148.00 NOTE
r-oldrel-windows-ix86+x86_64 1.3-37 12.00 136.00 148.00 OK

Check Details

Version: 1.3-37
Check: dependencies in R code
Result: NOTE
    'library' or 'require' calls in package code:
     ‘doParallel’ ‘psgp’ ‘rgdal’
     Please use :: or requireNamespace() instead.
     See section 'Suggested packages' in the 'Writing R Extensions' manual.
Flavors: r-devel-linux-x86_64-debian-clang, r-devel-linux-x86_64-debian-gcc, r-devel-linux-x86_64-fedora-clang, r-devel-linux-x86_64-fedora-gcc, r-devel-osx-x86_64-clang, r-prerel-windows-ix86+x86_64, r-prerel-linux-x86_64, r-prerel-solaris-sparc, r-prerel-solaris-x86, r-release-linux-x86_64, r-release-windows-ix86+x86_64

Version: 1.3-37
Check: R code for possible problems
Result: NOTE
    conformProjections: no visible global function definition for ‘CRSargs’
    createIntamapObject: no visible global function definition for
     ‘CRSargs’
    createIntamapObject: no visible global function definition for
     ‘readOGR’
    postProcess.default: no visible global function definition for
     ‘CRSargs’
    predictioncopula: no visible global function definition for
     ‘makeCluster’
    predictioncopula: no visible global function definition for
     ‘clusterApply’
    predictioncopula: no visible global function definition for
     ‘stopCluster’
    spatialPredict.automap: no visible global function definition for
     ‘makeCluster’
    spatialPredict.automap: no visible global function definition for
     ‘registerDoParallel’
    spatialPredict.automap: no visible global function definition for
     ‘clusterEvalQ’
    spatialPredict.automap: no visible global function definition for
     ‘%dopar%’
    spatialPredict.automap: no visible global function definition for
     ‘foreach’
    spatialPredict.automap: no visible global function definition for
     ‘stopCluster’
    spatialPredict.transGaussian: no visible global function definition for
     ‘makeCluster’
    spatialPredict.transGaussian: no visible global function definition for
     ‘registerDoParallel’
    spatialPredict.transGaussian: no visible global function definition for
     ‘clusterEvalQ’
    spatialPredict.transGaussian: no visible global function definition for
     ‘%dopar%’
    spatialPredict.transGaussian: no visible global function definition for
     ‘foreach’
    spatialPredict.transGaussian: no visible global function definition for
     ‘stopCluster’
Flavors: r-devel-linux-x86_64-debian-clang, r-devel-linux-x86_64-debian-gcc, r-devel-linux-x86_64-fedora-clang, r-devel-linux-x86_64-fedora-gcc, r-devel-osx-x86_64-clang, r-prerel-windows-ix86+x86_64, r-prerel-linux-x86_64, r-prerel-solaris-sparc, r-prerel-solaris-x86, r-release-linux-x86_64, r-release-osx-x86_64-mavericks, r-release-windows-ix86+x86_64

Version: 1.3-37
Check: package dependencies
Result: NOTE
    Package suggested but not available for checking: ‘rgdal’
    
    Package which this enhances but not available for checking: ‘psgp’
Flavor: r-release-osx-x86_64-mavericks

Version: 1.3-37
Check: package dependencies
Result: NOTE
    Package which this enhances but not available for checking: 'psgp'
Flavor: r-release-osx-x86_64-snowleopard