CRAN Package Check Results for Package intamap

Last updated on 2018-02-19 21:49:36 CET.

Flavor Version Tinstall Tcheck Ttotal Status Flags
r-devel-linux-x86_64-debian-clang 1.4-1 7.08 117.03 124.11 NOTE
r-devel-linux-x86_64-debian-gcc 1.4-1 7.95 104.02 111.97 NOTE
r-devel-linux-x86_64-fedora-clang 1.4-1 168.61 NOTE
r-devel-linux-x86_64-fedora-gcc 1.4-1 164.12 NOTE
r-devel-windows-ix86+x86_64 1.4-1 10.00 126.00 136.00 OK
r-patched-linux-x86_64 1.4-1 4.00 159.11 163.11 NOTE
r-patched-solaris-x86 1.4-1 254.90 NOTE
r-release-linux-x86_64 1.4-1 4.05 160.22 164.27 NOTE
r-release-windows-ix86+x86_64 1.4-1 11.00 205.00 216.00 OK
r-release-osx-x86_64 1.4-1 NOTE
r-oldrel-windows-ix86+x86_64 1.4-1 9.00 161.00 170.00 OK
r-oldrel-osx-x86_64 1.4-1 OK

Check Details

Version: 1.4-1
Check: package dependencies
Result: NOTE
    Package which this enhances but not available for checking: ‘psgp’
Flavors: r-devel-linux-x86_64-debian-clang, r-devel-linux-x86_64-debian-gcc, r-devel-linux-x86_64-fedora-clang, r-devel-linux-x86_64-fedora-gcc, r-patched-linux-x86_64, r-patched-solaris-x86, r-release-linux-x86_64, r-release-osx-x86_64