CRAN Package Check Results for Package intamap

Last updated on 2014-12-21 23:47:03.

Flavor Version Tinstall Tcheck Ttotal Status Flags
r-devel-linux-x86_64-debian-clang 1.3-37 3.85 90.27 94.12 NOTE
r-devel-linux-x86_64-debian-gcc 1.3-37 3.40 86.70 90.10 NOTE
r-devel-linux-x86_64-fedora-clang 1.3-37 212.31 NOTE
r-devel-linux-x86_64-fedora-gcc 1.3-37 203.66 NOTE
r-devel-osx-x86_64-clang 1.3-37 168.86 NOTE
r-devel-windows-ix86+x86_64 1.3-37 11.00 131.00 142.00 NOTE
r-patched-linux-x86_64 1.3-37 3.70 94.00 97.70 NOTE
r-patched-solaris-sparc 1.3-37 1259.60 NOTE
r-patched-solaris-x86 1.3-37 284.90 NOTE
r-release-linux-ix86 1.3-37 4.16 109.50 113.66 NOTE
r-release-linux-x86_64 1.3-37 3.71 94.74 98.45 NOTE
r-release-osx-x86_64-mavericks 1.3-37 ERROR
r-release-osx-x86_64-snowleopard 1.3-37 NOTE
r-release-windows-ix86+x86_64 1.3-37 12.00 141.00 153.00 NOTE
r-oldrel-windows-ix86+x86_64 1.3-37 13.00 141.00 154.00 OK

Check Details

Version: 1.3-37
Check: R code for possible problems
Result: NOTE
    conformProjections: no visible global function definition for ‘CRSargs’
    createIntamapObject: no visible global function definition for
     ‘CRSargs’
    createIntamapObject: no visible global function definition for
     ‘readOGR’
    postProcess.default: no visible global function definition for
     ‘CRSargs’
    predictioncopula: no visible global function definition for
     ‘makeCluster’
    predictioncopula: no visible global function definition for
     ‘clusterApply’
    predictioncopula: no visible global function definition for
     ‘stopCluster’
    spatialPredict.automap: no visible global function definition for
     ‘makeCluster’
    spatialPredict.automap: no visible global function definition for
     ‘registerDoParallel’
    spatialPredict.automap: no visible global function definition for
     ‘clusterEvalQ’
    spatialPredict.automap: no visible global function definition for
     ‘%dopar%’
    spatialPredict.automap: no visible global function definition for
     ‘foreach’
    spatialPredict.automap: no visible global function definition for
     ‘stopCluster’
    spatialPredict.transGaussian: no visible global function definition for
     ‘makeCluster’
    spatialPredict.transGaussian: no visible global function definition for
     ‘registerDoParallel’
    spatialPredict.transGaussian: no visible global function definition for
     ‘clusterEvalQ’
    spatialPredict.transGaussian: no visible global function definition for
     ‘%dopar%’
    spatialPredict.transGaussian: no visible global function definition for
     ‘foreach’
    spatialPredict.transGaussian: no visible global function definition for
     ‘stopCluster’
Flavors: r-devel-linux-x86_64-debian-clang, r-devel-linux-x86_64-debian-gcc, r-devel-linux-x86_64-fedora-clang, r-devel-linux-x86_64-fedora-gcc, r-devel-osx-x86_64-clang, r-devel-windows-ix86+x86_64, r-patched-linux-x86_64, r-patched-solaris-sparc, r-patched-solaris-x86, r-release-linux-ix86, r-release-linux-x86_64, r-release-windows-ix86+x86_64

Version: 1.3-37
Check: package dependencies
Result: ERROR
    Packages required but not available: ‘gstat’ ‘automap’
    
    Package suggested but not available for checking: ‘rgdal’
    
    Package which this enhances but not available for checking: ‘psgp’
    
    See the information on DESCRIPTION files in the chapter ‘Creating R
    packages’ of the ‘Writing R Extensions’ manual.
Flavor: r-release-osx-x86_64-mavericks

Version: 1.3-37
Check: package dependencies
Result: NOTE
    Package which this enhances but not available for checking: 'psgp'
Flavor: r-release-osx-x86_64-snowleopard