CRAN Package Check Results for Package intamap

Last updated on 2015-04-25 03:47:45.

Flavor Version Tinstall Tcheck Ttotal Status Flags
r-devel-linux-x86_64-debian-clang 1.3-37 0.31 1.50 1.81 ERROR
r-devel-linux-x86_64-debian-gcc 1.3-37 2.26 71.38 73.65 NOTE
r-devel-linux-x86_64-fedora-clang 1.3-37 154.21 NOTE
r-devel-linux-x86_64-fedora-gcc 1.3-37 146.46 NOTE
r-devel-osx-x86_64-clang 1.3-37 132.54 NOTE
r-devel-windows-ix86+x86_64 1.3-37 7.00 106.00 113.00 NOTE
r-patched-linux-x86_64 1.3-37 2.79 71.56 74.35 NOTE
r-patched-solaris-sparc 1.3-37 1020.20 NOTE
r-patched-solaris-x86 1.3-37 221.90 NOTE
r-release-linux-x86_64 1.3-37 2.29 75.29 77.58 NOTE
r-release-osx-x86_64-mavericks 1.3-37 NOTE
r-release-osx-x86_64-snowleopard 1.3-37 ERROR
r-release-windows-ix86+x86_64 1.3-37 8.00 108.00 116.00 NOTE
r-oldrel-windows-ix86+x86_64 1.3-37 11.00 127.00 138.00 NOTE

Check Details

Version: 1.3-37
Check: dependencies in R code
Result: NOTE
    'library' or 'require' calls in package code:
     'doParallel' 'psgp' 'rgdal'
     Please use :: or requireNamespace() instead.
     See section 'Suggested packages' in the 'Writing R Extensions' manual.
Flavors: r-devel-windows-ix86+x86_64, r-patched-linux-x86_64, r-release-windows-ix86+x86_64, r-oldrel-windows-ix86+x86_64

Version: 1.3-37
Check: R code for possible problems
Result: NOTE
    conformProjections: no visible global function definition for 'CRSargs'
    createIntamapObject: no visible global function definition for
     'CRSargs'
    createIntamapObject: no visible global function definition for
     'readOGR'
    postProcess.default: no visible global function definition for
     'CRSargs'
    predictioncopula: no visible global function definition for
     'makeCluster'
    predictioncopula: no visible global function definition for
     'clusterApply'
    predictioncopula: no visible global function definition for
     'stopCluster'
    spatialPredict.automap: no visible global function definition for
     'makeCluster'
    spatialPredict.automap: no visible global function definition for
     'registerDoParallel'
    spatialPredict.automap: no visible global function definition for
     'clusterEvalQ'
    spatialPredict.automap: no visible global function definition for
     '%dopar%'
    spatialPredict.automap: no visible global function definition for
     'foreach'
    spatialPredict.automap: no visible global function definition for
     'stopCluster'
    spatialPredict.transGaussian: no visible global function definition for
     'makeCluster'
    spatialPredict.transGaussian: no visible global function definition for
     'registerDoParallel'
    spatialPredict.transGaussian: no visible global function definition for
     'clusterEvalQ'
    spatialPredict.transGaussian: no visible global function definition for
     '%dopar%'
    spatialPredict.transGaussian: no visible global function definition for
     'foreach'
    spatialPredict.transGaussian: no visible global function definition for
     'stopCluster'
Flavors: r-devel-windows-ix86+x86_64, r-patched-linux-x86_64, r-release-windows-ix86+x86_64, r-oldrel-windows-ix86+x86_64