CRAN Package Check Results for Package intamap

Last updated on 2014-04-21 17:47:53.

Flavor Version Tinstall Tcheck Ttotal Status Flags
r-devel-linux-x86_64-debian-clang 1.3-37 3.59 91.00 94.58 OK
r-devel-linux-x86_64-debian-gcc 1.3-37 3.57 93.26 96.83 OK
r-devel-linux-x86_64-fedora-clang 1.3-37 197.43 OK
r-devel-linux-x86_64-fedora-gcc 1.3-37 193.18 OK
r-devel-osx-x86_64-clang 1.3-37 149.08 OK
r-devel-osx-x86_64-gcc 1.3-37 ERROR
r-devel-windows-ix86+x86_64 1.3-37 10.00 125.00 135.00 OK
r-patched-linux-x86_64 1.3-37 3.55 91.79 95.34 OK
r-patched-solaris-sparc 1.3-37 1128.50 OK
r-patched-solaris-x86 1.3-37 258.40 OK
r-release-linux-x86_64 1.3-37 3.55 91.38 94.93 OK
r-release-osx-x86_64-mavericks 1.3-37 ERROR
r-release-osx-x86_64-snowleopard 1.3-37 NOTE
r-release-windows-ix86+x86_64 1.3-37 13.00 122.00 135.00 OK
r-oldrel-windows-ix86+x86_64 1.3-37 10.00 121.00 131.00 OK

Check Details

Version: 1.3-37
Check: package dependencies
Result: ERROR
    Packages required but not available: ‘gstat’ ‘automap’
    
    Package which this enhances but not available for checking: ‘psgp’
    
    See the information on DESCRIPTION files in the chapter ‘Creating R
    packages’ of the ‘Writing R Extensions’ manual.
Flavor: r-devel-osx-x86_64-gcc

Version: 1.3-37
Check: package dependencies
Result: ERROR
    Packages required but not available: ‘gstat’ ‘automap’
    
    Package suggested but not available for checking: ‘rgdal’
    
    Package which this enhances but not available for checking: ‘psgp’
    
    See the information on DESCRIPTION files in the chapter ‘Creating R
    packages’ of the ‘Writing R Extensions’ manual.
Flavor: r-release-osx-x86_64-mavericks

Version: 1.3-37
Check: package dependencies
Result: NOTE
    Package which this enhances but not available for checking: 'psgp'
Flavor: r-release-osx-x86_64-snowleopard