CRAN Package Check Results for Package intamap

Last updated on 2017-06-23 23:50:45.

Flavor Version Tinstall Tcheck Ttotal Status Flags
r-devel-linux-x86_64-debian-clang 1.4-1 2.46 101.75 104.20 OK
r-devel-linux-x86_64-debian-gcc 1.4-1 2.62 94.40 97.02 OK
r-devel-linux-x86_64-fedora-clang 1.4-1 190.81 OK
r-devel-linux-x86_64-fedora-gcc 1.4-1 188.03 OK
r-devel-windows-ix86+x86_64 1.4-1 15.00 200.00 215.00 OK
r-patched-linux-x86_64 1.4-1 2.72 94.85 97.57 OK
r-patched-solaris-sparc 1.4-1 1747.50 OK
r-patched-solaris-x86 1.4-1 255.60 OK
r-release-linux-x86_64 1.4-1 2.63 93.48 96.11 OK
r-release-windows-ix86+x86_64 1.4-1 6.00 205.00 211.00 OK
r-release-osx-x86_64 1.4-1 NOTE
r-oldrel-windows-ix86+x86_64 1.4-1 9.00 169.00 178.00 OK
r-oldrel-osx-x86_64 1.4-1 OK

Check Details

Version: 1.4-1
Check: package dependencies
Result: NOTE
    Package which this enhances but not available for checking: ‘psgp’
Flavor: r-release-osx-x86_64