CRAN Package Check Results for Package intamap

Last updated on 2017-10-18 03:48:18.

Flavor Version Tinstall Tcheck Ttotal Status Flags
r-devel-linux-x86_64-debian-clang 1.4-1 2.76 100.62 103.39 OK
r-devel-linux-x86_64-debian-gcc 1.4-1 3.23 104.12 107.35 OK
r-devel-linux-x86_64-fedora-clang 1.4-1 195.05 OK
r-devel-linux-x86_64-fedora-gcc 1.4-1 196.71 OK
r-devel-windows-ix86+x86_64 1.4-1 6.00 144.00 150.00 OK
r-patched-linux-x86_64 1.4-1 2.74 96.53 99.27 OK
r-patched-solaris-x86 1.4-1 263.80 OK
r-release-linux-x86_64 1.4-1 2.63 96.17 98.80 OK
r-release-windows-ix86+x86_64 1.4-1 11.00 141.00 152.00 OK
r-release-osx-x86_64 1.4-1 NOTE
r-oldrel-windows-ix86+x86_64 1.4-1 10.00 158.00 168.00 OK
r-oldrel-osx-x86_64 1.4-1 OK

Check Details

Version: 1.4-1
Check: package dependencies
Result: NOTE
    Package which this enhances but not available for checking: ‘psgp’
Flavor: r-release-osx-x86_64