CRAN Package Check Results for Package intamap

Last updated on 2014-07-26 10:48:26.

Flavor Version Tinstall Tcheck Ttotal Status Flags
r-devel-linux-x86_64-debian-clang 1.3-37 3.73 89.54 93.27 OK
r-devel-linux-x86_64-debian-gcc 1.3-37 3.63 88.07 91.70 OK
r-devel-linux-x86_64-fedora-clang 1.3-37 210.45 OK
r-devel-linux-x86_64-fedora-gcc 1.3-37 200.09 OK
r-devel-osx-x86_64-clang 1.3-37 161.66 OK
r-devel-windows-ix86+x86_64 1.3-37 9.00 124.00 133.00 OK
r-patched-linux-x86_64 1.3-37 3.68 90.10 93.78 OK
r-patched-solaris-sparc 1.3-37 1128.50 OK
r-patched-solaris-x86 1.3-37 274.10 OK
r-release-linux-ix86 1.3-37 4.40 112.86 117.25 OK
r-release-linux-x86_64 1.3-37 3.94 90.95 94.88 OK
r-release-osx-x86_64-mavericks 1.3-37 ERROR
r-release-osx-x86_64-snowleopard 1.3-37 NOTE
r-release-windows-ix86+x86_64 1.3-37 12.00 134.00 146.00 OK
r-oldrel-windows-ix86+x86_64 1.3-37 11.00 131.00 142.00 OK

Check Details

Version: 1.3-37
Check: package dependencies
Result: ERROR
    Packages required but not available: ‘gstat’ ‘automap’
    
    Package suggested but not available for checking: ‘rgdal’
    
    Package which this enhances but not available for checking: ‘psgp’
    
    See the information on DESCRIPTION files in the chapter ‘Creating R
    packages’ of the ‘Writing R Extensions’ manual.
Flavor: r-release-osx-x86_64-mavericks

Version: 1.3-37
Check: package dependencies
Result: NOTE
    Package which this enhances but not available for checking: 'psgp'
Flavor: r-release-osx-x86_64-snowleopard