CRAN Package Check Results for Package intamap

Last updated on 2015-09-02 05:47:10.

Flavor Version Tinstall Tcheck Ttotal Status Flags
r-devel-linux-x86_64-debian-clang 1.3-37 2.24 71.63 73.87 NOTE
r-devel-linux-x86_64-debian-gcc 1.3-37 2.10 68.53 70.63 NOTE
r-devel-linux-x86_64-fedora-clang 1.3-37 151.14 NOTE
r-devel-linux-x86_64-fedora-gcc 1.3-37 141.38 NOTE
r-devel-osx-x86_64-clang 1.3-37 119.50 NOTE
r-devel-windows-ix86+x86_64 1.3-37 13.00 121.00 134.00 NOTE
r-patched-linux-x86_64 1.3-37 2.34 71.61 73.96 NOTE
r-patched-solaris-sparc 1.3-37 1053.10 NOTE
r-patched-solaris-x86 1.3-37 229.30 NOTE
r-release-linux-x86_64 1.3-37 2.30 73.53 75.83 NOTE
r-release-osx-x86_64-mavericks 1.3-37 NOTE
r-release-windows-ix86+x86_64 1.3-37 9.00 119.00 128.00 NOTE
r-oldrel-windows-ix86+x86_64 1.3-37 17.00 200.00 217.00 NOTE

Check Details

Version: 1.3-37
Check: dependencies in R code
Result: NOTE
    'library' or 'require' calls in package code:
     ‘doParallel’ ‘psgp’ ‘rgdal’
     Please use :: or requireNamespace() instead.
     See section 'Suggested packages' in the 'Writing R Extensions' manual.
Flavors: r-devel-linux-x86_64-debian-clang, r-devel-linux-x86_64-debian-gcc, r-devel-linux-x86_64-fedora-clang, r-devel-linux-x86_64-fedora-gcc, r-devel-osx-x86_64-clang, r-devel-windows-ix86+x86_64, r-patched-linux-x86_64, r-patched-solaris-sparc, r-patched-solaris-x86, r-release-linux-x86_64, r-release-osx-x86_64-mavericks, r-release-windows-ix86+x86_64, r-oldrel-windows-ix86+x86_64

Version: 1.3-37
Check: R code for possible problems
Result: NOTE
    SpatialDataFrame: no visible global function definition for ‘is’
    acdfDef: no visible global function definition for ‘pnorm’
    bayesCopula: no visible global function definition for ‘model.matrix’
    bayesCopula: no visible global function definition for
     ‘delete.response’
    bayesCopula: no visible global function definition for ‘terms’
    bayesCopula: no visible global function definition for ‘median’
    biharmonicSplineAnisotropy: no visible global function definition for
     ‘chull’
    checkSetup: no visible global function definition for ‘is’
    checkSetup: no visible global function definition for ‘getSlots’
    coarsenGrid: no visible global function definition for ‘as’
    coarsenGrid: no visible global function definition for ‘getSlots’
    condSimYama: no visible global function definition for ‘dist’
    condSimYama: no visible global function definition for ‘rnorm’
    condSimYama: no visible global function definition for ‘as.formula’
    condcopuladenschi2: no visible global function definition for ‘qchisq’
    condcopuladenschi2: no visible global function definition for ‘dchisq’
    condcopuladensgauss: no visible global function definition for ‘qnorm’
    condcopuladensgauss: no visible global function definition for ‘dnorm’
    conformProjections: no visible global function definition for ‘CRSargs’
    createIntamapObject: no visible global function definition for
     ‘CRSargs’
    createIntamapObject: no visible global function definition for
     ‘extends’
    createIntamapObject: no visible global function definition for
     ‘as.formula’
    createIntamapObject: no visible global function definition for
     ‘readOGR’
    createIntamapObject: no visible global function definition for
     ‘modifyList’
    createPlot: no visible global function definition for ‘pdf’
    createPlot: no visible global function definition for ‘dev.off’
    ellipse2: no visible global function definition for ‘qchisq’
    estimateAnisotropy: no visible global function definition for ‘is’
    estimateAnisotropy: no visible global function definition for
     ‘as.formula’
    estimateAnisotropy: no visible global function definition for ‘predict’
    estimateAnisotropySc: no visible global function definition for ‘image’
    estimateAnisotropySc: no visible global function definition for
     ‘rainbow’
    estimateAnisotropySc: no visible global function definition for ‘title’
    estimateAnisotropySc: no visible global function definition for
     ‘points’
    estimateParameters.automap: no visible global function definition for
     ‘var’
    estimateParameters.copula: no visible global function definition for
     ‘model.matrix’
    estimateParameters.idw: no visible global function definition for
     ‘as.formula’
    estimateTimeModel: no visible global function definition for
     ‘write.table’
    estimateTimeModel: no visible global function definition for ‘loess’
    findGrid: no visible global function definition for ‘slot’
    findGrid : <anonymous>: no visible global function definition for
     ‘slot’
    findGrid: no visible global function definition for ‘is’
    findquantiles: no visible global function definition for ‘integrate’
    gammatesting: no visible global function definition for ‘ks.test’
    gammatesting: no visible binding for global variable ‘pgamma’
    generateRandomObject: no visible global function definition for ‘runif’
    generateTimeModels: no visible global function definition for
     ‘as.formula’
    getIntamapParams: no visible global function definition for
     ‘modifyList’
    getOutputTable : <anonymous>: no visible global function definition for
     ‘var’
    getOutputTable: no visible global function definition for ‘qnorm’
    getOutputTable : <anonymous>: no visible global function definition for
     ‘quantile’
    getOutputTable: no visible global function definition for ‘pnorm’
    gevfit : init: no visible global function definition for ‘cor’
    gevfit: no visible global function definition for ‘optim’
    gevfit: no visible global function definition for ‘lsfit’
    gevfit: no visible binding for global variable ‘data’
    gevtesting: no visible global function definition for ‘ks.test’
    interpolate: no visible global function definition for ‘as.formula’
    interpolate: no visible global function definition for ‘modifyList’
    interpolate: no visible global function definition for ‘is’
    interpolate: no visible global function definition for ‘capture.output’
    interpolateBlock: no visible global function definition for
     ‘as.formula’
    interpolateBlock: no visible global function definition for
     ‘modifyList’
    interpolateBlock: no visible global function definition for ‘is’
    isNonGauss: no visible global function definition for ‘sd’
    isNonGauss: no visible global function definition for ‘fivenum’
    isNonGauss: no visible global function definition for ‘IQR’
    isNonGauss: no visible global function definition for ‘boxplot.stats’
    iwqsel: no visible global function definition for ‘quantile’
    jpdf_old : erfc: no visible global function definition for ‘pnorm’
    likelianiso: no visible global function definition for ‘dist’
    likelianiso: no visible global function definition for ‘qchisq’
    likelianiso: no visible global function definition for ‘dchisq’
    likelianiso2: no visible global function definition for ‘dist’
    likelianiso2: no visible global function definition for ‘qnorm’
    logistesting: no visible global function definition for ‘ks.test’
    logistesting: no visible binding for global variable ‘plogis’
    methodParameters.default: no visible global function definition for
     ‘is’
    normtesting: no visible global function definition for ‘ks.test’
    normtesting: no visible binding for global variable ‘pnorm’
    pfunc: no visible global function definition for ‘integrate’
    pfunc: no visible global function definition for ‘uniroot’
    plotIntamap: no visible global function definition for ‘par’
    postProcess.default: no visible global function definition for
     ‘CRSargs’
    predictTime: no visible global function definition for ‘data’
    predictTime: no visible global function definition for ‘as.formula’
    predictTime: no visible global function definition for ‘predict’
    predictioncopula: no visible global function definition for ‘qchisq’
    predictioncopula: no visible global function definition for ‘qnorm’
    predictioncopula: no visible global function definition for ‘dist’
    predictioncopula: no visible global function definition for
     ‘makeCluster’
    predictioncopula: no visible global function definition for
     ‘clusterApply’
    predictioncopula: no visible global function definition for
     ‘stopCluster’
    profilelikelihood: no visible global function definition for ‘dist’
    profilelikelihood: no visible global function definition for ‘optim’
    profilelikelihood2: no visible global function definition for ‘dist’
    profilelikelihood2: no visible global function definition for ‘optim’
    rotateAnisotropicData: no visible global function definition for ‘is’
    rotateAnisotropicData: no visible global function definition for
     ‘as.formula’
    rotateAnisotropicData: no visible global function definition for
     ‘getSlots’
    rotateAnisotropicDataOld: no visible global function definition for
     ‘as.formula’
    spatialAggregate: no visible global function definition for ‘aggregate’
    spatialAggregate: no visible global function definition for ‘getSlots’
    spatialAggregate : <anonymous>: no visible global function definition
     for ‘var’
    spatialPredict.automap: no visible global function definition for
     ‘makeCluster’
    spatialPredict.automap: no visible global function definition for
     ‘registerDoParallel’
    spatialPredict.automap: no visible global function definition for
     ‘clusterEvalQ’
    spatialPredict.automap: no visible global function definition for
     ‘%dopar%’
    spatialPredict.automap: no visible global function definition for
     ‘foreach’
    spatialPredict.automap: no visible global function definition for
     ‘stopCluster’
    spatialPredict.block: no visible global function definition for ‘as’
    spatialPredict.idw: no visible global function definition for
     ‘as.formula’
    spatialPredict.transGaussian: no visible global function definition for
     ‘makeCluster’
    spatialPredict.transGaussian: no visible global function definition for
     ‘registerDoParallel’
    spatialPredict.transGaussian: no visible global function definition for
     ‘clusterEvalQ’
    spatialPredict.transGaussian: no visible global function definition for
     ‘%dopar%’
    spatialPredict.transGaussian: no visible global function definition for
     ‘foreach’
    spatialPredict.transGaussian: no visible global function definition for
     ‘stopCluster’
    timeCalibration: no visible global function definition for ‘rnorm’
    timeSampling: no visible global function definition for ‘is’
    ttesting: no visible global function definition for ‘ks.test’
    ttesting: no visible binding for global variable ‘pt’
    unbiasedKrige: no visible global function definition for ‘is’
    unbiasedKrige: no visible global function definition for ‘as.formula’
    unbiasedKrige: no visible global function definition for ‘quantile’
    yamamotoKrige: no visible global function definition for ‘as.formula’
    yamamotoKrige: no visible global function definition for ‘is’
    yamamotoKrige: no visible global function definition for ‘dist’
    Undefined global functions or variables:
     %dopar% CRSargs IQR aggregate as as.formula boxplot.stats
     capture.output chull clusterApply clusterEvalQ cor data dchisq
     delete.response dev.off dist dnorm extends fivenum foreach getSlots
     image integrate is ks.test loess lsfit makeCluster median
     model.matrix modifyList optim par pdf pgamma plogis pnorm points
     predict pt qchisq qnorm quantile rainbow readOGR registerDoParallel
     rnorm runif sd slot stopCluster terms title uniroot var write.table
    Consider adding
     importFrom("grDevices", "boxplot.stats", "chull", "dev.off", "pdf",
     "rainbow")
     importFrom("graphics", "image", "par", "points", "title")
     importFrom("methods", "as", "extends", "getSlots", "is", "slot")
     importFrom("stats", "IQR", "aggregate", "as.formula", "cor", "dchisq",
     "delete.response", "dist", "dnorm", "fivenum", "integrate",
     "ks.test", "loess", "lsfit", "median", "model.matrix",
     "optim", "pgamma", "plogis", "pnorm", "predict", "pt",
     "qchisq", "qnorm", "quantile", "rnorm", "runif", "sd",
     "terms", "uniroot", "var")
     importFrom("utils", "capture.output", "data", "modifyList",
     "write.table")
    to your NAMESPACE (and ensure that your DESCRIPTION Imports field
    contains 'methods').
Flavors: r-devel-linux-x86_64-debian-clang, r-devel-linux-x86_64-debian-gcc, r-devel-linux-x86_64-fedora-clang, r-devel-linux-x86_64-fedora-gcc, r-devel-windows-ix86+x86_64

Version: 1.3-37
Check: R code for possible problems
Result: NOTE
    conformProjections: no visible global function definition for ‘CRSargs’
    createIntamapObject: no visible global function definition for
     ‘CRSargs’
    createIntamapObject: no visible global function definition for
     ‘readOGR’
    postProcess.default: no visible global function definition for
     ‘CRSargs’
    predictioncopula: no visible global function definition for
     ‘makeCluster’
    predictioncopula: no visible global function definition for
     ‘clusterApply’
    predictioncopula: no visible global function definition for
     ‘stopCluster’
    spatialPredict.automap: no visible global function definition for
     ‘makeCluster’
    spatialPredict.automap: no visible global function definition for
     ‘registerDoParallel’
    spatialPredict.automap: no visible global function definition for
     ‘clusterEvalQ’
    spatialPredict.automap: no visible global function definition for
     ‘%dopar%’
    spatialPredict.automap: no visible global function definition for
     ‘foreach’
    spatialPredict.automap: no visible global function definition for
     ‘stopCluster’
    spatialPredict.transGaussian: no visible global function definition for
     ‘makeCluster’
    spatialPredict.transGaussian: no visible global function definition for
     ‘registerDoParallel’
    spatialPredict.transGaussian: no visible global function definition for
     ‘clusterEvalQ’
    spatialPredict.transGaussian: no visible global function definition for
     ‘%dopar%’
    spatialPredict.transGaussian: no visible global function definition for
     ‘foreach’
    spatialPredict.transGaussian: no visible global function definition for
     ‘stopCluster’
    Undefined global functions or variables:
     %dopar% CRSargs clusterApply clusterEvalQ foreach makeCluster readOGR
     registerDoParallel stopCluster
Flavor: r-devel-osx-x86_64-clang

Version: 1.3-37
Check: R code for possible problems
Result: NOTE
    conformProjections: no visible global function definition for ‘CRSargs’
    createIntamapObject: no visible global function definition for
     ‘CRSargs’
    createIntamapObject: no visible global function definition for
     ‘readOGR’
    postProcess.default: no visible global function definition for
     ‘CRSargs’
    predictioncopula: no visible global function definition for
     ‘makeCluster’
    predictioncopula: no visible global function definition for
     ‘clusterApply’
    predictioncopula: no visible global function definition for
     ‘stopCluster’
    spatialPredict.automap: no visible global function definition for
     ‘makeCluster’
    spatialPredict.automap: no visible global function definition for
     ‘registerDoParallel’
    spatialPredict.automap: no visible global function definition for
     ‘clusterEvalQ’
    spatialPredict.automap: no visible global function definition for
     ‘%dopar%’
    spatialPredict.automap: no visible global function definition for
     ‘foreach’
    spatialPredict.automap: no visible global function definition for
     ‘stopCluster’
    spatialPredict.transGaussian: no visible global function definition for
     ‘makeCluster’
    spatialPredict.transGaussian: no visible global function definition for
     ‘registerDoParallel’
    spatialPredict.transGaussian: no visible global function definition for
     ‘clusterEvalQ’
    spatialPredict.transGaussian: no visible global function definition for
     ‘%dopar%’
    spatialPredict.transGaussian: no visible global function definition for
     ‘foreach’
    spatialPredict.transGaussian: no visible global function definition for
     ‘stopCluster’
Flavors: r-patched-linux-x86_64, r-patched-solaris-sparc, r-patched-solaris-x86, r-release-linux-x86_64, r-release-osx-x86_64-mavericks, r-release-windows-ix86+x86_64, r-oldrel-windows-ix86+x86_64

Version: 1.3-37
Check: package dependencies
Result: NOTE
    Package suggested but not available for checking: ‘rgdal’
    
    Package which this enhances but not available for checking: ‘psgp’
Flavor: r-release-osx-x86_64-mavericks