CRAN Package Check Results for Package intamapInteractive

Last updated on 2014-10-31 06:47:20.

Flavor Version Tinstall Tcheck Ttotal Status Flags
r-devel-linux-x86_64-debian-clang 1.1-10 7.61 117.20 124.80 NOTE
r-devel-linux-x86_64-debian-gcc 1.1-10 7.28 114.07 121.36 NOTE
r-devel-linux-x86_64-fedora-clang 1.1-10 304.86 NOTE
r-devel-linux-x86_64-fedora-gcc 1.1-10 287.00 NOTE
r-devel-osx-x86_64-clang 1.1-10 233.05 NOTE
r-devel-windows-ix86+x86_64 1.1-10 21.00 176.00 197.00 NOTE
r-patched-linux-x86_64 1.1-10 7.76 120.85 128.61 NOTE
r-patched-solaris-sparc 1.1-10 1698.70 NOTE
r-patched-solaris-x86 1.1-10 384.60 NOTE
r-release-linux-ix86 1.1-10 9.16 145.39 154.55 NOTE
r-release-linux-x86_64 1.1-10 7.84 124.43 132.27 NOTE
r-release-osx-x86_64-mavericks 1.1-10 ERROR
r-release-osx-x86_64-snowleopard 1.1-10 NOTE
r-release-windows-ix86+x86_64 1.1-10 23.00 179.00 202.00 NOTE
r-oldrel-windows-ix86+x86_64 1.1-10 23.00 176.00 199.00 NOTE

Check Details

Version: 1.1-10
Check: dependencies in R code
Result: NOTE
    Missing or unexported object: ‘rgdal::spTransform’
    Unexported objects imported by ':::' calls:
     ‘intamap:::commonArea’ ‘intamap:::estimateAnisotropySc’
     See the note in ?`:::` about the use of this operator.
    See the information on DESCRIPTION files in the chapter ‘Creating R
    packages’ of the ‘Writing R Extensions’ manual.
Flavors: r-devel-linux-x86_64-debian-clang, r-devel-linux-x86_64-debian-gcc, r-devel-linux-x86_64-fedora-clang, r-devel-linux-x86_64-fedora-gcc, r-devel-osx-x86_64-clang, r-devel-windows-ix86+x86_64, r-patched-linux-x86_64, r-patched-solaris-sparc, r-patched-solaris-x86, r-release-linux-ix86, r-release-linux-x86_64, r-release-osx-x86_64-snowleopard, r-release-windows-ix86+x86_64, r-oldrel-windows-ix86+x86_64

Version: 1.1-10
Check: R code for possible problems
Result: NOTE
    addManual: no visible global function definition for ‘coordinates’
    addManual: no visible global function definition for ‘coordinates<-’
    anisotropyChoice: no visible global function definition for
     ‘coordinates’
    anisotropyChoice: no visible global function definition for
     ‘SpatialPoints’
    biasCorr: no visible global function definition for ‘is.projected’
    biasCorr: no visible global function definition for ‘proj4string’
    calculateMukv: no visible global function definition for ‘coordinates’
    calculateMukv: no visible global function definition for
     ‘SpatialPointsDataFrame’
    delManual: no visible global function definition for ‘coordinates’
    doSegmentation: no visible global function definition for ‘coordinates’
    findBiasUK: no visible global function definition for ‘coordinates’
    findBiasUK: no visible global function definition for ‘coordinates<-’
    findBoundaryLines: no visible global function definition for
     ‘proj4string<-’
    findBoundaryLines: no visible global function definition for ‘CRS’
    findBoundaryLines: no visible global function definition for
     ‘coordinates<-’
    findBoundaryLines: no visible global function definition for
     ‘is.projected’
    optimizeNetwork: no visible global function definition for
     ‘SpatialPointsDataFrame’
    optimizeNetwork: no visible global function definition for
     ‘coordinates’
    regionalDiff: no visible global function definition for ‘SpatialLines’
    regionalDiff: no visible global function definition for ‘Lines’
    regionalDiff: no visible global function definition for ‘Line’
    regionalDiff: no visible global function definition for ‘coordinates’
    regionalDiff: no visible global function definition for ‘proj4string<-’
    regionalDiff: no visible global function definition for ‘CRS’
    regionalDiff: no visible global function definition for ‘proj4string’
    spCovAdd: no visible global function definition for ‘SpatialPoints’
    spCovAdd: no visible global function definition for ‘coordinates’
    spCovAdd: no visible global function definition for ‘coordinates<-’
    spCovDel: no visible global function definition for ‘coordinates’
    spCovDel: no visible global function definition for ‘coordinates<-’
    ssaMap: no visible global function definition for ‘coordinates’
    ssaMap: no visible global function definition for ‘bbox’
    ssaMap: no visible global function definition for ‘SpatialPoints’
    ssaMap: no visible global function definition for ‘Polygons’
    ssaMap: no visible global function definition for ‘Polygon’
    ssaMap: no visible global function definition for
     ‘SpatialPolygonsDataFrame’
    ssaMap: no visible global function definition for ‘SpatialPolygons’
    ssaMap: no visible global function definition for ‘coordinates<-’
    ssaMap: no visible global function definition for ‘zerodist’
    ssaMap: no visible global function definition for ‘proj4string’
    ssaMap: no visible global function definition for ‘over’
    ssaMap: no visible global function definition for ‘CRS’
    ssaMap: no visible global function definition for ‘gridded<-’
    ssaOptim: no visible global function definition for
     ‘SpatialPointsDataFrame’
    ssaOptim: no visible global function definition for ‘coordinates’
    ssaOptim: no visible global function definition for ‘SpatialPoints’
    ssaOptim: no visible global function definition for ‘gridded<-’
    ssaOptim: no visible global function definition for ‘proj4string’
    ssaOptim: no visible global function definition for ‘proj4string<-’
    ssaOptim: no visible global function definition for ‘over’
    ssaOptim: no visible global function definition for ‘CRS’
Flavors: r-devel-linux-x86_64-debian-clang, r-devel-linux-x86_64-debian-gcc, r-devel-linux-x86_64-fedora-clang, r-devel-linux-x86_64-fedora-gcc, r-devel-osx-x86_64-clang, r-devel-windows-ix86+x86_64, r-patched-linux-x86_64, r-patched-solaris-sparc, r-patched-solaris-x86

Version: 1.1-10
Check: package dependencies
Result: ERROR
    Packages required but not available: ‘intamap’ ‘automap’ ‘gstat’
    
    Package suggested but not available for checking: ‘rgdal’
    
    See the information on DESCRIPTION files in the chapter ‘Creating R
    packages’ of the ‘Writing R Extensions’ manual.
Flavor: r-release-osx-x86_64-mavericks