CRAN Package Check Results for Package intamapInteractive

Last updated on 2015-05-26 04:47:00.

Flavor Version Tinstall Tcheck Ttotal Status Flags
r-devel-linux-x86_64-debian-clang 1.1-10 6.11 88.86 94.97 NOTE
r-devel-linux-x86_64-debian-gcc 1.1-10 4.96 87.70 92.66 NOTE
r-devel-linux-x86_64-fedora-clang 1.1-10 200.14 NOTE
r-devel-linux-x86_64-fedora-gcc 1.1-10 188.43 NOTE
r-devel-osx-x86_64-clang 1.1-10 178.96 NOTE
r-devel-windows-ix86+x86_64 1.1-10 16.00 135.00 151.00 NOTE
r-patched-linux-x86_64 1.1-10 5.09 85.55 90.64 NOTE
r-patched-solaris-sparc 1.1-10 1220.40 NOTE
r-patched-solaris-x86 1.1-10 266.00 NOTE
r-release-linux-x86_64 1.1-10 4.90 87.69 92.59 NOTE
r-release-osx-x86_64-mavericks 1.1-10 NOTE
r-release-osx-x86_64-snowleopard 1.1-10 ERROR
r-release-windows-ix86+x86_64 1.1-10 15.00 131.00 146.00 NOTE
r-oldrel-windows-ix86+x86_64 1.1-10 28.00 173.00 201.00 NOTE

Check Details

Version: 1.1-10
Check: dependencies in R code
Result: NOTE
    'library' or 'require' call to ‘rgdal’ in package code.
     Please use :: or requireNamespace() instead.
     See section 'Suggested packages' in the 'Writing R Extensions' manual.
    Missing or unexported object: ‘rgdal::spTransform’
    Unexported objects imported by ':::' calls:
     ‘intamap:::commonArea’ ‘intamap:::estimateAnisotropySc’
     See the note in ?`:::` about the use of this operator.
Flavors: r-devel-linux-x86_64-debian-clang, r-devel-linux-x86_64-debian-gcc, r-devel-linux-x86_64-fedora-clang, r-devel-linux-x86_64-fedora-gcc, r-devel-osx-x86_64-clang, r-devel-windows-ix86+x86_64, r-patched-linux-x86_64, r-patched-solaris-sparc, r-patched-solaris-x86, r-release-linux-x86_64, r-release-windows-ix86+x86_64, r-oldrel-windows-ix86+x86_64

Version: 1.1-10
Check: R code for possible problems
Result: NOTE
    addManual: no visible global function definition for ‘coordinates’
    addManual: no visible global function definition for ‘coordinates<-’
    anisotropyChoice: no visible global function definition for
     ‘coordinates’
    anisotropyChoice: no visible global function definition for
     ‘SpatialPoints’
    biasCorr: no visible global function definition for ‘is.projected’
    biasCorr: no visible global function definition for ‘proj4string’
    calculateMukv: no visible global function definition for ‘coordinates’
    calculateMukv: no visible global function definition for
     ‘SpatialPointsDataFrame’
    delManual: no visible global function definition for ‘coordinates’
    doSegmentation: no visible global function definition for ‘coordinates’
    findBiasUK: no visible global function definition for ‘coordinates’
    findBiasUK: no visible global function definition for ‘coordinates<-’
    findBoundaryLines: no visible global function definition for
     ‘proj4string<-’
    findBoundaryLines: no visible global function definition for ‘CRS’
    findBoundaryLines: no visible global function definition for
     ‘coordinates<-’
    findBoundaryLines: no visible global function definition for
     ‘is.projected’
    optimizeNetwork: no visible global function definition for
     ‘SpatialPointsDataFrame’
    optimizeNetwork: no visible global function definition for
     ‘coordinates’
    regionalDiff: no visible global function definition for ‘SpatialLines’
    regionalDiff: no visible global function definition for ‘Lines’
    regionalDiff: no visible global function definition for ‘Line’
    regionalDiff: no visible global function definition for ‘coordinates’
    regionalDiff: no visible global function definition for ‘proj4string<-’
    regionalDiff: no visible global function definition for ‘CRS’
    regionalDiff: no visible global function definition for ‘proj4string’
    spCovAdd: no visible global function definition for ‘SpatialPoints’
    spCovAdd: no visible global function definition for ‘coordinates’
    spCovAdd: no visible global function definition for ‘coordinates<-’
    spCovDel: no visible global function definition for ‘coordinates’
    spCovDel: no visible global function definition for ‘coordinates<-’
    ssaMap: no visible global function definition for ‘coordinates’
    ssaMap: no visible global function definition for ‘bbox’
    ssaMap: no visible global function definition for ‘SpatialPoints’
    ssaMap: no visible global function definition for ‘Polygons’
    ssaMap: no visible global function definition for ‘Polygon’
    ssaMap: no visible global function definition for
     ‘SpatialPolygonsDataFrame’
    ssaMap: no visible global function definition for ‘SpatialPolygons’
    ssaMap: no visible global function definition for ‘coordinates<-’
    ssaMap: no visible global function definition for ‘zerodist’
    ssaMap: no visible global function definition for ‘proj4string’
    ssaMap: no visible global function definition for ‘over’
    ssaMap: no visible global function definition for ‘CRS’
    ssaMap: no visible global function definition for ‘gridded<-’
    ssaOptim: no visible global function definition for
     ‘SpatialPointsDataFrame’
    ssaOptim: no visible global function definition for ‘coordinates’
    ssaOptim: no visible global function definition for ‘SpatialPoints’
    ssaOptim: no visible global function definition for ‘gridded<-’
    ssaOptim: no visible global function definition for ‘proj4string’
    ssaOptim: no visible global function definition for ‘proj4string<-’
    ssaOptim: no visible global function definition for ‘over’
    ssaOptim: no visible global function definition for ‘CRS’
Flavors: r-devel-linux-x86_64-debian-clang, r-devel-linux-x86_64-debian-gcc, r-devel-linux-x86_64-fedora-clang, r-devel-linux-x86_64-fedora-gcc, r-devel-osx-x86_64-clang, r-devel-windows-ix86+x86_64, r-patched-linux-x86_64, r-patched-solaris-sparc, r-patched-solaris-x86, r-release-linux-x86_64, r-release-osx-x86_64-mavericks, r-release-windows-ix86+x86_64, r-oldrel-windows-ix86+x86_64

Version: 1.1-10
Check: package dependencies
Result: NOTE
    Package suggested but not available for checking: ‘rgdal’
Flavor: r-release-osx-x86_64-mavericks

Version: 1.1-10
Check: dependencies in R code
Result: NOTE
    'library' or 'require' call to ‘rgdal’ in package code.
     Please use :: or requireNamespace() instead.
     See section 'Suggested packages' in the 'Writing R Extensions' manual.
    Unexported objects imported by ':::' calls:
     ‘intamap:::commonArea’ ‘intamap:::estimateAnisotropySc’
     See the note in ?`:::` about the use of this operator.
Flavor: r-release-osx-x86_64-mavericks

Version: 1.1-10
Check: package dependencies
Result: ERROR
    Packages required but not available: ‘intamap’ ‘spcosa’ ‘automap’ ‘gstat’
    
    See section ‘The DESCRIPTION file’ in the ‘Writing R Extensions’
    manual.
Flavor: r-release-osx-x86_64-snowleopard