CRAN Package Check Results for Package intamapInteractive

Last updated on 2014-04-24 17:49:46.

Flavor Version Tinstall Tcheck Ttotal Status Flags
r-devel-linux-x86_64-debian-clang 1.1-10 8.27 125.60 133.86 NOTE
r-devel-linux-x86_64-debian-gcc 1.1-10 8.54 126.89 135.44 NOTE
r-devel-linux-x86_64-fedora-clang 1.1-10 304.23 NOTE
r-devel-linux-x86_64-fedora-gcc 1.1-10 292.91 NOTE
r-devel-osx-x86_64-clang 1.1-10 216.27 NOTE
r-devel-osx-x86_64-gcc 1.1-10 ERROR
r-devel-windows-ix86+x86_64 1.1-10 20.00 170.00 190.00 NOTE
r-patched-linux-x86_64 1.1-10 8.04 121.33 129.37 NOTE
r-patched-solaris-sparc 1.1-10 1551.30 NOTE
r-patched-solaris-x86 1.1-10 364.20 NOTE
r-release-linux-ix86 1.1-10 12.00 197.00 209.00 NOTE
r-release-linux-x86_64 1.1-10 8.18 123.84 132.02 NOTE
r-release-osx-x86_64-mavericks 1.1-10 ERROR
r-release-osx-x86_64-snowleopard 1.1-10 NOTE
r-release-windows-ix86+x86_64 1.1-10 19.00 180.00 199.00 NOTE
r-oldrel-windows-ix86+x86_64 1.1-10 21.00 158.00 179.00 NOTE

Check Details

Version: 1.1-10
Check: dependencies in R code
Result: NOTE
    Missing or unexported object: ‘rgdal::spTransform’
    Unexported objects imported by ':::' calls:
     ‘intamap:::commonArea’ ‘intamap:::estimateAnisotropySc’
     See the note in ?`:::` about the use of this operator.
    See the information on DESCRIPTION files in the chapter ‘Creating R
    packages’ of the ‘Writing R Extensions’ manual.
Flavors: r-devel-linux-x86_64-debian-clang, r-devel-linux-x86_64-debian-gcc, r-devel-linux-x86_64-fedora-clang, r-devel-linux-x86_64-fedora-gcc, r-devel-osx-x86_64-clang, r-devel-windows-ix86+x86_64, r-patched-linux-x86_64, r-patched-solaris-sparc, r-patched-solaris-x86, r-release-linux-ix86, r-release-linux-x86_64, r-release-osx-x86_64-snowleopard, r-release-windows-ix86+x86_64, r-oldrel-windows-ix86+x86_64

Version: 1.1-10
Check: package dependencies
Result: ERROR
    Packages required but not available: ‘intamap’ ‘spcosa’ ‘automap’ ‘gstat’
    
    See the information on DESCRIPTION files in the chapter ‘Creating R
    packages’ of the ‘Writing R Extensions’ manual.
Flavor: r-devel-osx-x86_64-gcc

Version: 1.1-10
Check: package dependencies
Result: ERROR
    Packages required but not available: ‘intamap’ ‘automap’ ‘gstat’
    
    Package suggested but not available for checking: ‘rgdal’
    
    See the information on DESCRIPTION files in the chapter ‘Creating R
    packages’ of the ‘Writing R Extensions’ manual.
Flavor: r-release-osx-x86_64-mavericks