CRAN Package Check Results for Package intamapInteractive

Last updated on 2014-07-22 11:51:19.

Flavor Version Tinstall Tcheck Ttotal Status Flags
r-devel-linux-x86_64-debian-clang 1.1-10 7.90 115.81 123.71 NOTE
r-devel-linux-x86_64-debian-gcc 1.1-10 7.54 113.51 121.04 NOTE
r-devel-linux-x86_64-fedora-clang 1.1-10 310.87 NOTE
r-devel-linux-x86_64-fedora-gcc 1.1-10 291.58 NOTE
r-devel-osx-x86_64-clang 1.1-10 220.74 NOTE
r-devel-windows-ix86+x86_64 1.1-10 22.00 176.00 198.00 NOTE
r-patched-linux-x86_64 1.1-10 7.68 115.64 123.32 NOTE
r-patched-solaris-sparc 1.1-10 1551.30 NOTE
r-patched-solaris-x86 1.1-10 372.00 NOTE
r-release-linux-ix86 1.1-10 8.89 138.75 147.64 NOTE
r-release-linux-x86_64 1.1-10 7.78 118.00 125.78 NOTE
r-release-osx-x86_64-mavericks 1.1-10 ERROR
r-release-osx-x86_64-snowleopard 1.1-10 NOTE
r-release-windows-ix86+x86_64 1.1-10 23.00 181.00 204.00 NOTE
r-oldrel-windows-ix86+x86_64 1.1-10 21.00 166.00 187.00 NOTE

Check Details

Version: 1.1-10
Check: dependencies in R code
Result: NOTE
    Missing or unexported object: ‘rgdal::spTransform’
    Unexported objects imported by ':::' calls:
     ‘intamap:::commonArea’ ‘intamap:::estimateAnisotropySc’
     See the note in ?`:::` about the use of this operator.
    See the information on DESCRIPTION files in the chapter ‘Creating R
    packages’ of the ‘Writing R Extensions’ manual.
Flavors: r-devel-linux-x86_64-debian-clang, r-devel-linux-x86_64-debian-gcc, r-devel-linux-x86_64-fedora-clang, r-devel-linux-x86_64-fedora-gcc, r-devel-osx-x86_64-clang, r-devel-windows-ix86+x86_64, r-patched-linux-x86_64, r-patched-solaris-sparc, r-patched-solaris-x86, r-release-linux-ix86, r-release-linux-x86_64, r-release-osx-x86_64-snowleopard, r-release-windows-ix86+x86_64, r-oldrel-windows-ix86+x86_64

Version: 1.1-10
Check: package dependencies
Result: ERROR
    Packages required but not available: ‘intamap’ ‘automap’ ‘gstat’
    
    Package suggested but not available for checking: ‘rgdal’
    
    See the information on DESCRIPTION files in the chapter ‘Creating R
    packages’ of the ‘Writing R Extensions’ manual.
Flavor: r-release-osx-x86_64-mavericks