CRAN Package Check Results for Package intamapInteractive

Last updated on 2015-07-04 11:49:47.

Flavor Version Tinstall Tcheck Ttotal Status Flags
r-devel-linux-x86_64-debian-clang 1.1-10 5.20 88.16 93.37 NOTE
r-devel-linux-x86_64-debian-gcc 1.1-10 5.07 87.20 92.27 NOTE
r-devel-linux-x86_64-fedora-clang 1.1-10 197.87 NOTE
r-devel-linux-x86_64-fedora-gcc 1.1-10 185.84 NOTE
r-devel-osx-x86_64-clang 1.1-10 158.92 NOTE
r-devel-windows-ix86+x86_64 1.1-10 14.00 130.00 144.00 NOTE
r-patched-linux-x86_64 1.1-10 4.92 85.07 89.99 NOTE
r-patched-solaris-sparc 1.1-10 1257.50 NOTE
r-patched-solaris-x86 1.1-10 265.60 NOTE
r-release-linux-x86_64 1.1-10 5.62 87.57 93.20 NOTE
r-release-osx-x86_64-mavericks 1.1-10 NOTE
r-release-windows-ix86+x86_64 1.1-10 22.00 129.00 151.00 NOTE
r-oldrel-windows-ix86+x86_64 1.1-10 24.00 183.00 207.00 NOTE

Check Details

Version: 1.1-10
Check: dependencies in R code
Result: NOTE
    'library' or 'require' call to ‘rgdal’ in package code.
     Please use :: or requireNamespace() instead.
     See section 'Suggested packages' in the 'Writing R Extensions' manual.
    Missing or unexported object: ‘rgdal::spTransform’
    Unexported objects imported by ':::' calls:
     ‘intamap:::commonArea’ ‘intamap:::estimateAnisotropySc’
     See the note in ?`:::` about the use of this operator.
Flavors: r-devel-linux-x86_64-debian-clang, r-devel-linux-x86_64-debian-gcc, r-devel-linux-x86_64-fedora-clang, r-devel-linux-x86_64-fedora-gcc, r-devel-osx-x86_64-clang, r-devel-windows-ix86+x86_64, r-patched-linux-x86_64, r-patched-solaris-sparc, r-patched-solaris-x86, r-release-linux-x86_64, r-release-windows-ix86+x86_64, r-oldrel-windows-ix86+x86_64

Version: 1.1-10
Check: R code for possible problems
Result: NOTE
    addManual: no visible global function definition for ‘coordinates’
    addManual: no visible global function definition for ‘title’
    addManual: no visible global function definition for ‘points’
    addManual: no visible global function definition for ‘locator’
    addManual: no visible global function definition for ‘coordinates<-’
    anisotropyChoice: no visible global function definition for
     ‘as.formula’
    anisotropyChoice: no visible global function definition for
     ‘coordinates’
    anisotropyChoice: no visible global function definition for ‘chull’
    anisotropyChoice: no visible global function definition for
     ‘SpatialPoints’
    biasCorr: no visible global function definition for ‘as.formula’
    biasCorr: no visible global function definition for ‘is.projected’
    biasCorr: no visible global function definition for ‘proj4string’
    calculateDensity: no visible global function definition for
     ‘filled.contour’
    calculateDensity: no visible binding for global variable
     ‘terrain.colors’
    calculateDensity: no visible global function definition for
     ‘dev.copy2eps’
    calculateMukv: no visible global function definition for ‘getSlots’
    calculateMukv: no visible global function definition for ‘terms’
    calculateMukv: no visible global function definition for ‘coordinates’
    calculateMukv: no visible global function definition for
     ‘SpatialPointsDataFrame’
    dSolve: no visible global function definition for ‘as.formula’
    dSolve: no visible global function definition for ‘lm’
    delManual: no visible global function definition for ‘title’
    delManual: no visible global function definition for ‘points’
    delManual: no visible global function definition for ‘coordinates’
    delManual: no visible global function definition for ‘identify’
    doSegmentation: no visible global function definition for ‘coordinates’
    fillPerimeters: no visible global function definition for ‘points’
    fillPerimeters: no visible global function definition for
     ‘dev.copy2eps’
    findBiasUK: no visible global function definition for ‘coordinates’
    findBiasUK: no visible global function definition for ‘na.omit’
    findBiasUK: no visible global function definition for ‘coordinates<-’
    findBoundaryLines: no visible global function definition for
     ‘proj4string<-’
    findBoundaryLines: no visible global function definition for ‘CRS’
    findBoundaryLines: no visible global function definition for ‘extends’
    findBoundaryLines: no visible global function definition for
     ‘coordinates<-’
    findBoundaryLines: no visible global function definition for
     ‘is.projected’
    findPerimeters: no visible global function definition for ‘points’
    localNetworkBias: no visible global function definition for ‘write.csv’
    optimizeNetwork: no visible global function definition for
     ‘SpatialPointsDataFrame’
    optimizeNetwork: no visible global function definition for
     ‘coordinates’
    regionalDiff: no visible global function definition for ‘SpatialLines’
    regionalDiff: no visible global function definition for ‘Lines’
    regionalDiff: no visible global function definition for ‘Line’
    regionalDiff: no visible global function definition for ‘coordinates’
    regionalDiff: no visible global function definition for ‘proj4string<-’
    regionalDiff: no visible global function definition for ‘CRS’
    regionalDiff: no visible global function definition for ‘proj4string’
    rmDist: no visible global function definition for ‘sd’
    segmentData: no visible global function definition for ‘points’
    segmentData: no visible global function definition for ‘mtext’
    spCovAdd: no visible global function definition for ‘SpatialPoints’
    spCovAdd: no visible global function definition for ‘coordinates’
    spCovAdd: no visible global function definition for ‘as’
    spCovAdd: no visible global function definition for ‘coordinates<-’
    spCovAdd: no visible global function definition for ‘points’
    spCovAdd: no visible global function definition for ‘title’
    spCovDel: no visible global function definition for ‘coordinates’
    spCovDel: no visible global function definition for ‘coordinates<-’
    spCovDel: no visible global function definition for ‘points’
    spCovDel: no visible global function definition for ‘title’
    ssaMap: no visible global function definition for ‘coordinates’
    ssaMap: no visible global function definition for ‘as.formula’
    ssaMap: no visible global function definition for ‘terms’
    ssaMap: no visible global function definition for ‘bbox’
    ssaMap: no visible global function definition for ‘SpatialPoints’
    ssaMap: no visible global function definition for ‘Polygons’
    ssaMap: no visible global function definition for ‘Polygon’
    ssaMap: no visible global function definition for
     ‘SpatialPolygonsDataFrame’
    ssaMap: no visible global function definition for ‘SpatialPolygons’
    ssaMap: no visible global function definition for ‘runif’
    ssaMap: no visible global function definition for ‘coordinates<-’
    ssaMap: no visible global function definition for ‘zerodist’
    ssaMap: no visible global function definition for ‘proj4string’
    ssaMap: no visible global function definition for ‘over’
    ssaMap: no visible global function definition for ‘CRS’
    ssaMap: no visible global function definition for ‘gridded<-’
    ssaMap: no visible global function definition for ‘points’
    ssaMap: no visible global function definition for ‘title’
    ssaOptim: no visible global function definition for
     ‘SpatialPointsDataFrame’
    ssaOptim: no visible global function definition for ‘coordinates’
    ssaOptim: no visible global function definition for ‘terms’
    ssaOptim: no visible global function definition for ‘model.frame’
    ssaOptim: no visible global function definition for ‘delete.response’
    ssaOptim: no visible global function definition for ‘SpatialPoints’
    ssaOptim: no visible global function definition for ‘gridded<-’
    ssaOptim: no visible global function definition for ‘getSlots’
    ssaOptim: no visible global function definition for ‘proj4string’
    ssaOptim: no visible global function definition for ‘proj4string<-’
    ssaOptim: no visible global function definition for ‘as.formula’
    ssaOptim: no visible global function definition for ‘over’
    ssaOptim: no visible global function definition for ‘CRS’
    ssaOptim: no visible global function definition for ‘setNames’
    Undefined global functions or variables:
     CRS Line Lines Polygon Polygons SpatialLines SpatialPoints
     SpatialPointsDataFrame SpatialPolygons SpatialPolygonsDataFrame as
     as.formula bbox chull coordinates coordinates<- delete.response
     dev.copy2eps extends filled.contour getSlots gridded<- identify
     is.projected lm locator model.frame mtext na.omit over points
     proj4string proj4string<- runif sd setNames terms terrain.colors
     title write.csv zerodist
Flavors: r-devel-linux-x86_64-debian-clang, r-devel-linux-x86_64-debian-gcc, r-devel-linux-x86_64-fedora-clang, r-devel-linux-x86_64-fedora-gcc, r-devel-windows-ix86+x86_64

Version: 1.1-10
Check: R code for possible problems
Result: NOTE
    addManual: no visible global function definition for ‘coordinates’
    addManual: no visible global function definition for ‘coordinates<-’
    anisotropyChoice: no visible global function definition for
     ‘coordinates’
    anisotropyChoice: no visible global function definition for
     ‘SpatialPoints’
    biasCorr: no visible global function definition for ‘is.projected’
    biasCorr: no visible global function definition for ‘proj4string’
    calculateMukv: no visible global function definition for ‘coordinates’
    calculateMukv: no visible global function definition for
     ‘SpatialPointsDataFrame’
    delManual: no visible global function definition for ‘coordinates’
    doSegmentation: no visible global function definition for ‘coordinates’
    findBiasUK: no visible global function definition for ‘coordinates’
    findBiasUK: no visible global function definition for ‘coordinates<-’
    findBoundaryLines: no visible global function definition for
     ‘proj4string<-’
    findBoundaryLines: no visible global function definition for ‘CRS’
    findBoundaryLines: no visible global function definition for
     ‘coordinates<-’
    findBoundaryLines: no visible global function definition for
     ‘is.projected’
    optimizeNetwork: no visible global function definition for
     ‘SpatialPointsDataFrame’
    optimizeNetwork: no visible global function definition for
     ‘coordinates’
    regionalDiff: no visible global function definition for ‘SpatialLines’
    regionalDiff: no visible global function definition for ‘Lines’
    regionalDiff: no visible global function definition for ‘Line’
    regionalDiff: no visible global function definition for ‘coordinates’
    regionalDiff: no visible global function definition for ‘proj4string<-’
    regionalDiff: no visible global function definition for ‘CRS’
    regionalDiff: no visible global function definition for ‘proj4string’
    spCovAdd: no visible global function definition for ‘SpatialPoints’
    spCovAdd: no visible global function definition for ‘coordinates’
    spCovAdd: no visible global function definition for ‘coordinates<-’
    spCovDel: no visible global function definition for ‘coordinates’
    spCovDel: no visible global function definition for ‘coordinates<-’
    ssaMap: no visible global function definition for ‘coordinates’
    ssaMap: no visible global function definition for ‘bbox’
    ssaMap: no visible global function definition for ‘SpatialPoints’
    ssaMap: no visible global function definition for ‘Polygons’
    ssaMap: no visible global function definition for ‘Polygon’
    ssaMap: no visible global function definition for
     ‘SpatialPolygonsDataFrame’
    ssaMap: no visible global function definition for ‘SpatialPolygons’
    ssaMap: no visible global function definition for ‘coordinates<-’
    ssaMap: no visible global function definition for ‘zerodist’
    ssaMap: no visible global function definition for ‘proj4string’
    ssaMap: no visible global function definition for ‘over’
    ssaMap: no visible global function definition for ‘CRS’
    ssaMap: no visible global function definition for ‘gridded<-’
    ssaOptim: no visible global function definition for
     ‘SpatialPointsDataFrame’
    ssaOptim: no visible global function definition for ‘coordinates’
    ssaOptim: no visible global function definition for ‘SpatialPoints’
    ssaOptim: no visible global function definition for ‘gridded<-’
    ssaOptim: no visible global function definition for ‘proj4string’
    ssaOptim: no visible global function definition for ‘proj4string<-’
    ssaOptim: no visible global function definition for ‘over’
    ssaOptim: no visible global function definition for ‘CRS’
    Undefined global functions or variables:
     CRS Line Lines Polygon Polygons SpatialLines SpatialPoints
     SpatialPointsDataFrame SpatialPolygons SpatialPolygonsDataFrame bbox
     coordinates coordinates<- gridded<- is.projected over proj4string
     proj4string<- zerodist
Flavor: r-devel-osx-x86_64-clang

Version: 1.1-10
Check: R code for possible problems
Result: NOTE
    addManual: no visible global function definition for ‘coordinates’
    addManual: no visible global function definition for ‘coordinates<-’
    anisotropyChoice: no visible global function definition for
     ‘coordinates’
    anisotropyChoice: no visible global function definition for
     ‘SpatialPoints’
    biasCorr: no visible global function definition for ‘is.projected’
    biasCorr: no visible global function definition for ‘proj4string’
    calculateMukv: no visible global function definition for ‘coordinates’
    calculateMukv: no visible global function definition for
     ‘SpatialPointsDataFrame’
    delManual: no visible global function definition for ‘coordinates’
    doSegmentation: no visible global function definition for ‘coordinates’
    findBiasUK: no visible global function definition for ‘coordinates’
    findBiasUK: no visible global function definition for ‘coordinates<-’
    findBoundaryLines: no visible global function definition for
     ‘proj4string<-’
    findBoundaryLines: no visible global function definition for ‘CRS’
    findBoundaryLines: no visible global function definition for
     ‘coordinates<-’
    findBoundaryLines: no visible global function definition for
     ‘is.projected’
    optimizeNetwork: no visible global function definition for
     ‘SpatialPointsDataFrame’
    optimizeNetwork: no visible global function definition for
     ‘coordinates’
    regionalDiff: no visible global function definition for ‘SpatialLines’
    regionalDiff: no visible global function definition for ‘Lines’
    regionalDiff: no visible global function definition for ‘Line’
    regionalDiff: no visible global function definition for ‘coordinates’
    regionalDiff: no visible global function definition for ‘proj4string<-’
    regionalDiff: no visible global function definition for ‘CRS’
    regionalDiff: no visible global function definition for ‘proj4string’
    spCovAdd: no visible global function definition for ‘SpatialPoints’
    spCovAdd: no visible global function definition for ‘coordinates’
    spCovAdd: no visible global function definition for ‘coordinates<-’
    spCovDel: no visible global function definition for ‘coordinates’
    spCovDel: no visible global function definition for ‘coordinates<-’
    ssaMap: no visible global function definition for ‘coordinates’
    ssaMap: no visible global function definition for ‘bbox’
    ssaMap: no visible global function definition for ‘SpatialPoints’
    ssaMap: no visible global function definition for ‘Polygons’
    ssaMap: no visible global function definition for ‘Polygon’
    ssaMap: no visible global function definition for
     ‘SpatialPolygonsDataFrame’
    ssaMap: no visible global function definition for ‘SpatialPolygons’
    ssaMap: no visible global function definition for ‘coordinates<-’
    ssaMap: no visible global function definition for ‘zerodist’
    ssaMap: no visible global function definition for ‘proj4string’
    ssaMap: no visible global function definition for ‘over’
    ssaMap: no visible global function definition for ‘CRS’
    ssaMap: no visible global function definition for ‘gridded<-’
    ssaOptim: no visible global function definition for
     ‘SpatialPointsDataFrame’
    ssaOptim: no visible global function definition for ‘coordinates’
    ssaOptim: no visible global function definition for ‘SpatialPoints’
    ssaOptim: no visible global function definition for ‘gridded<-’
    ssaOptim: no visible global function definition for ‘proj4string’
    ssaOptim: no visible global function definition for ‘proj4string<-’
    ssaOptim: no visible global function definition for ‘over’
    ssaOptim: no visible global function definition for ‘CRS’
Flavors: r-patched-linux-x86_64, r-patched-solaris-sparc, r-patched-solaris-x86, r-release-linux-x86_64, r-release-osx-x86_64-mavericks, r-release-windows-ix86+x86_64, r-oldrel-windows-ix86+x86_64

Version: 1.1-10
Check: package dependencies
Result: NOTE
    Package suggested but not available for checking: ‘rgdal’
Flavor: r-release-osx-x86_64-mavericks

Version: 1.1-10
Check: dependencies in R code
Result: NOTE
    'library' or 'require' call to ‘rgdal’ in package code.
     Please use :: or requireNamespace() instead.
     See section 'Suggested packages' in the 'Writing R Extensions' manual.
    Unexported objects imported by ':::' calls:
     ‘intamap:::commonArea’ ‘intamap:::estimateAnisotropySc’
     See the note in ?`:::` about the use of this operator.
Flavor: r-release-osx-x86_64-mavericks