Last updated on 2023-03-28 00:51:52 CEST.
Flavor | Version | Tinstall | Tcheck | Ttotal | Status | Flags |
---|---|---|---|---|---|---|
r-devel-linux-x86_64-debian-clang | 3.0.4 | 10.10 | 51.58 | 61.68 | OK | |
r-devel-linux-x86_64-debian-gcc | 3.0.4 | 7.23 | 41.58 | 48.81 | OK | |
r-devel-linux-x86_64-fedora-clang | 3.0.4 | 78.66 | NOTE | |||
r-devel-linux-x86_64-fedora-gcc | 3.0.4 | 90.34 | NOTE | |||
r-patched-linux-x86_64 | 3.0.4 | 7.21 | 52.06 | 59.27 | OK | |
r-release-linux-x86_64 | 3.0.4 | 6.19 | 51.35 | 57.54 | OK | |
r-release-macos-arm64 | 3.0.4 | 27.00 | NOTE | |||
r-release-macos-x86_64 | 3.0.4 | 36.00 | NOTE | |||
r-release-windows-x86_64 | 3.0.4 | 38.00 | 82.00 | 120.00 | OK | |
r-oldrel-macos-arm64 | 3.0.4 | 22.00 | NOTE | |||
r-oldrel-macos-x86_64 | 3.0.4 | 34.00 | NOTE | |||
r-oldrel-windows-ix86+x86_64 | 3.0.4 | 16.00 | 81.00 | 97.00 | OK |
Version: 3.0.4
Check: dependencies in R code
Result: NOTE
Namespace in Imports field not imported from: ‘splines2’
All declared Imports should be used.
Flavors: r-devel-linux-x86_64-fedora-clang, r-devel-linux-x86_64-fedora-gcc, r-release-macos-arm64, r-release-macos-x86_64, r-oldrel-macos-arm64, r-oldrel-macos-x86_64