CRAN Package Check Results for Package intcox

Last updated on 2014-07-24 17:49:02.

Flavor Version Tinstall Tcheck Ttotal Status Flags
r-devel-linux-x86_64-debian-clang 0.9.3 0.82 11.42 12.24 OK
r-devel-linux-x86_64-debian-gcc 0.9.3 0.91 11.16 12.07 OK
r-devel-linux-x86_64-fedora-clang 0.9.3 25.29 NOTE
r-devel-linux-x86_64-fedora-gcc 0.9.3 23.67 NOTE
r-devel-osx-x86_64-clang 0.9.3 26.01 OK
r-devel-windows-ix86+x86_64 0.9.3 5.00 25.00 30.00 OK
r-patched-linux-x86_64 0.9.3 0.92 11.16 12.08 OK
r-patched-solaris-sparc 0.9.3 142.60 OK
r-patched-solaris-x86 0.9.3 34.40 OK
r-release-linux-ix86 0.9.3 1.34 18.09 19.43 OK
r-release-linux-x86_64 0.9.3 0.94 11.68 12.62 OK
r-release-osx-x86_64-mavericks 0.9.3 OK
r-release-osx-x86_64-snowleopard 0.9.3 OK
r-release-windows-ix86+x86_64 0.9.3 8.00 36.00 44.00 OK
r-oldrel-windows-ix86+x86_64 0.9.3 5.00 26.00 31.00 OK

Check Details

Version: 0.9.3
Check: Rd line widths
Result: NOTE
    Rd file 'intcox.example.Rd':
     \examples lines wider than 100 characters:
     { ... [TRUNCATED]
    
    These lines will be truncated in the PDF manual.
Flavors: r-devel-linux-x86_64-fedora-clang, r-devel-linux-x86_64-fedora-gcc