CRAN Package Check Results for Package intcox

Last updated on 2014-08-29 02:47:45.

Flavor Version Tinstall Tcheck Ttotal Status Flags
r-devel-linux-x86_64-debian-clang 0.9.3 0.83 11.00 11.84 OK
r-devel-linux-x86_64-debian-gcc 0.9.3 0.78 10.93 11.71 OK
r-devel-linux-x86_64-fedora-clang 0.9.3 24.11 NOTE
r-devel-linux-x86_64-fedora-gcc 0.9.3 22.01 NOTE
r-devel-osx-x86_64-clang 0.9.3 25.32 OK
r-devel-windows-ix86+x86_64 0.9.3 5.00 24.00 29.00 OK
r-patched-linux-x86_64 0.9.3 0.88 11.42 12.29 OK
r-patched-solaris-sparc 0.9.3 160.30 OK
r-patched-solaris-x86 0.9.3 35.40 OK
r-release-linux-ix86 0.9.3 1.55 18.10 19.65 OK
r-release-linux-x86_64 0.9.3 0.89 11.68 12.57 OK
r-release-osx-x86_64-mavericks 0.9.3 OK
r-release-osx-x86_64-snowleopard 0.9.3 OK
r-release-windows-ix86+x86_64 0.9.3 8.00 36.00 44.00 OK
r-oldrel-windows-ix86+x86_64 0.9.3 5.00 26.00 31.00 OK

Check Details

Version: 0.9.3
Check: Rd line widths
Result: NOTE
    Rd file 'intcox.example.Rd':
     \examples lines wider than 100 characters:
     { ... [TRUNCATED]
    
    These lines will be truncated in the PDF manual.
Flavors: r-devel-linux-x86_64-fedora-clang, r-devel-linux-x86_64-fedora-gcc