CRAN Package Check Results for Package intcox

Last updated on 2015-03-03 22:48:21.

Flavor Version Tinstall Tcheck Ttotal Status Flags
r-devel-linux-x86_64-debian-clang 0.9.3 0.82 10.89 11.71 NOTE
r-devel-linux-x86_64-debian-gcc 0.9.3 0.86 11.02 11.88 NOTE
r-devel-linux-x86_64-fedora-clang 0.9.3 23.56 NOTE
r-devel-linux-x86_64-fedora-gcc 0.9.3 21.82 NOTE
r-devel-osx-x86_64-clang 0.9.3 27.50 NOTE
r-devel-windows-ix86+x86_64 0.9.3 5.00 25.00 30.00 NOTE
r-patched-linux-x86_64 0.9.3 0.92 12.79 13.71 NOTE
r-patched-solaris-sparc 0.9.3 177.50 OK
r-patched-solaris-x86 0.9.3 36.90 OK
r-release-linux-ix86 0.9.3 1.43 18.90 20.33 NOTE
r-release-linux-x86_64 0.9.3 0.92 12.55 13.48 NOTE
r-release-osx-x86_64-mavericks 0.9.3 OK
r-release-osx-x86_64-snowleopard 0.9.3 OK
r-release-windows-ix86+x86_64 0.9.3 6.00 27.00 33.00 OK
r-oldrel-windows-ix86+x86_64 0.9.3 6.00 26.00 32.00 OK

Check Details

Version: 0.9.3
Check: DESCRIPTION meta-information
Result: NOTE
    Malformed Description field: should contain one or more complete sentences.
Flavors: r-devel-linux-x86_64-debian-clang, r-devel-linux-x86_64-debian-gcc, r-devel-linux-x86_64-fedora-clang, r-devel-linux-x86_64-fedora-gcc, r-devel-osx-x86_64-clang, r-devel-windows-ix86+x86_64

Version: 0.9.3
Check: Rd line widths
Result: NOTE
    Rd file 'intcox.example.Rd':
     \examples lines wider than 100 characters:
     { ... [TRUNCATED]
    
    These lines will be truncated in the PDF manual.
Flavors: r-devel-linux-x86_64-debian-clang, r-devel-linux-x86_64-debian-gcc, r-devel-linux-x86_64-fedora-clang, r-devel-linux-x86_64-fedora-gcc, r-patched-linux-x86_64, r-release-linux-ix86, r-release-linux-x86_64