CRAN Package Check Results for Package intcox

Last updated on 2015-05-22 17:46:40.

Flavor Version Tinstall Tcheck Ttotal Status Flags
r-devel-linux-x86_64-debian-clang 0.9.3 0.98 10.99 11.97 NOTE
r-devel-linux-x86_64-debian-gcc 0.9.3 0.83 11.31 12.14 NOTE
r-devel-linux-x86_64-fedora-clang 0.9.3 23.19 NOTE
r-devel-linux-x86_64-fedora-gcc 0.9.3 21.80 NOTE
r-devel-osx-x86_64-clang 0.9.3 28.44 NOTE
r-devel-windows-ix86+x86_64 0.9.3 7.00 23.00 30.00 NOTE
r-patched-linux-x86_64 0.9.3 0.82 11.31 12.13 NOTE
r-patched-solaris-sparc 0.9.3 166.00 NOTE
r-patched-solaris-x86 0.9.3 32.30 NOTE
r-release-linux-x86_64 0.9.3 0.86 10.96 11.82 NOTE
r-release-osx-x86_64-mavericks 0.9.3 NOTE
r-release-osx-x86_64-snowleopard 0.9.3 NOTE
r-release-windows-ix86+x86_64 0.9.3 4.00 25.00 29.00 NOTE
r-oldrel-windows-ix86+x86_64 0.9.3 10.00 26.00 36.00 OK

Check Details

Version: 0.9.3
Check: DESCRIPTION meta-information
Result: NOTE
    Malformed Description field: should contain one or more complete sentences.
Flavors: r-devel-linux-x86_64-debian-clang, r-devel-linux-x86_64-debian-gcc, r-devel-linux-x86_64-fedora-clang, r-devel-linux-x86_64-fedora-gcc, r-devel-osx-x86_64-clang, r-devel-windows-ix86+x86_64, r-patched-linux-x86_64, r-patched-solaris-sparc, r-patched-solaris-x86, r-release-linux-x86_64, r-release-osx-x86_64-mavericks, r-release-osx-x86_64-snowleopard, r-release-windows-ix86+x86_64

Version: 0.9.3
Check: Rd line widths
Result: NOTE
    Rd file 'intcox.example.Rd':
     \examples lines wider than 100 characters:
     { ... [TRUNCATED]
    
    These lines will be truncated in the PDF manual.
Flavors: r-devel-linux-x86_64-debian-clang, r-devel-linux-x86_64-debian-gcc, r-devel-linux-x86_64-fedora-clang, r-devel-linux-x86_64-fedora-gcc, r-patched-linux-x86_64, r-release-linux-x86_64