CRAN Package Check Results for Package intcox

Last updated on 2015-04-02 05:49:38.

Flavor Version Tinstall Tcheck Ttotal Status Flags
r-devel-linux-x86_64-debian-clang 0.9.3 0.87 10.94 11.81 NOTE
r-devel-linux-x86_64-debian-gcc 0.9.3 0.80 11.29 12.09 NOTE
r-devel-linux-x86_64-fedora-clang 0.9.3 23.09 NOTE
r-devel-linux-x86_64-fedora-gcc 0.9.3 22.25 NOTE
r-devel-osx-x86_64-clang 0.9.3 31.48 NOTE
r-prerel-windows-ix86+x86_64 0.9.3 8.00 23.00 31.00 NOTE
r-prerel-linux-x86_64 0.9.3 0.81 10.80 11.61 NOTE
r-prerel-solaris-sparc 0.9.3 166.00 NOTE
r-prerel-solaris-x86 0.9.3 32.20 NOTE
r-release-linux-x86_64 0.9.3 0.90 12.06 12.96 NOTE
r-release-osx-x86_64-mavericks 0.9.3 OK
r-release-osx-x86_64-snowleopard 0.9.3 OK
r-release-windows-ix86+x86_64 0.9.3 10.00 26.00 36.00 OK
r-oldrel-windows-ix86+x86_64 0.9.3 6.00 26.00 32.00 OK

Check Details

Version: 0.9.3
Check: DESCRIPTION meta-information
Result: NOTE
    Malformed Description field: should contain one or more complete sentences.
Flavors: r-devel-linux-x86_64-debian-clang, r-devel-linux-x86_64-debian-gcc, r-devel-linux-x86_64-fedora-clang, r-devel-linux-x86_64-fedora-gcc, r-devel-osx-x86_64-clang, r-prerel-windows-ix86+x86_64, r-prerel-linux-x86_64, r-prerel-solaris-sparc, r-prerel-solaris-x86

Version: 0.9.3
Check: Rd line widths
Result: NOTE
    Rd file 'intcox.example.Rd':
     \examples lines wider than 100 characters:
     { ... [TRUNCATED]
    
    These lines will be truncated in the PDF manual.
Flavors: r-devel-linux-x86_64-debian-clang, r-devel-linux-x86_64-debian-gcc, r-devel-linux-x86_64-fedora-clang, r-devel-linux-x86_64-fedora-gcc, r-prerel-linux-x86_64, r-release-linux-x86_64