CRAN Package Check Results for Package intcox

Last updated on 2016-02-10 23:46:55.

Flavor Version Tinstall Tcheck Ttotal Status Flags
r-devel-linux-x86_64-debian-gcc 0.9.3 0.84 10.67 11.51 NOTE
r-devel-linux-x86_64-fedora-clang 0.9.3 22.22 NOTE
r-devel-linux-x86_64-fedora-gcc 0.9.3 19.95 NOTE
r-devel-osx-x86_64-clang 0.9.3 24.75 NOTE
r-devel-windows-ix86+x86_64 0.9.3 9.00 28.00 37.00 NOTE
r-patched-linux-x86_64 0.9.3 0.95 11.60 12.55 NOTE
r-patched-solaris-sparc 0.9.3 139.10 NOTE
r-patched-solaris-x86 0.9.3 30.80 NOTE
r-release-linux-x86_64 0.9.3 0.94 11.41 12.35 NOTE
r-release-osx-x86_64-mavericks 0.9.3 NOTE
r-release-windows-ix86+x86_64 0.9.3 5.00 27.00 32.00 NOTE
r-oldrel-windows-ix86+x86_64 0.9.3 12.00 26.00 38.00 OK

Check Details

Version: 0.9.3
Check: DESCRIPTION meta-information
Result: NOTE
    Malformed Description field: should contain one or more complete sentences.
Flavors: r-devel-linux-x86_64-debian-gcc, r-devel-linux-x86_64-fedora-clang, r-devel-linux-x86_64-fedora-gcc, r-devel-osx-x86_64-clang, r-devel-windows-ix86+x86_64, r-patched-linux-x86_64, r-patched-solaris-sparc, r-patched-solaris-x86, r-release-linux-x86_64, r-release-osx-x86_64-mavericks, r-release-windows-ix86+x86_64

Version: 0.9.3
Check: R code for possible problems
Result: NOTE
    intcox: no visible global function definition for ‘terms’
    intcox: no visible global function definition for ‘model.extract’
    intcox: no visible global function definition for ‘model.matrix’
    intcox.breslow: no visible global function definition for ‘as.formula’
    Undefined global functions or variables:
     as.formula model.extract model.matrix terms
    Consider adding
     importFrom("stats", "as.formula", "model.extract", "model.matrix",
     "terms")
    to your NAMESPACE file.
Flavors: r-devel-linux-x86_64-debian-gcc, r-devel-linux-x86_64-fedora-clang, r-devel-linux-x86_64-fedora-gcc, r-devel-osx-x86_64-clang, r-devel-windows-ix86+x86_64

Version: 0.9.3
Check: Rd line widths
Result: NOTE
    Rd file 'intcox.example.Rd':
     \examples lines wider than 100 characters:
     { ... [TRUNCATED]
    
    These lines will be truncated in the PDF manual.
Flavors: r-devel-linux-x86_64-debian-gcc, r-devel-linux-x86_64-fedora-clang, r-devel-linux-x86_64-fedora-gcc, r-patched-linux-x86_64, r-release-linux-x86_64