CRAN Package Check Results for Package intcox

Last updated on 2016-05-03 06:48:13.

Flavor Version Tinstall Tcheck Ttotal Status Flags
r-devel-linux-x86_64-debian-gcc 0.9.3 2.70 29.21 31.92 NOTE
r-devel-linux-x86_64-fedora-clang 0.9.3 78.71 NOTE
r-devel-linux-x86_64-fedora-gcc 0.9.3 59.78 NOTE
r-devel-osx-x86_64-clang 0.9.3 67.96 NOTE
r-devel-windows-ix86+x86_64 0.9.3 9.00 72.00 81.00 NOTE
r-patched-linux-x86_64 0.9.3 2.68 29.47 32.15 NOTE
r-patched-solaris-sparc 0.9.3 125.50 NOTE
r-patched-solaris-x86 0.9.3 82.50 NOTE
r-release-linux-x86_64 0.9.3 3.00 32.17 35.16 NOTE
r-release-osx-x86_64-mavericks 0.9.3 NOTE
r-release-windows-ix86+x86_64 0.9.3 10.00 90.00 100.00 NOTE
r-oldrel-windows-ix86+x86_64 0.9.3 18.00 79.00 97.00 OK

Check Details

Version: 0.9.3
Check: DESCRIPTION meta-information
Result: NOTE
    Malformed Description field: should contain one or more complete sentences.
Flavors: r-devel-linux-x86_64-debian-gcc, r-devel-linux-x86_64-fedora-clang, r-devel-linux-x86_64-fedora-gcc, r-devel-osx-x86_64-clang, r-devel-windows-ix86+x86_64, r-patched-linux-x86_64, r-patched-solaris-sparc, r-patched-solaris-x86, r-release-linux-x86_64, r-release-osx-x86_64-mavericks, r-release-windows-ix86+x86_64

Version: 0.9.3
Check: R code for possible problems
Result: NOTE
    intcox: no visible global function definition for ‘terms’
    intcox: no visible global function definition for ‘model.extract’
    intcox: no visible global function definition for ‘model.matrix’
    intcox.breslow: no visible global function definition for ‘as.formula’
    Undefined global functions or variables:
     as.formula model.extract model.matrix terms
    Consider adding
     importFrom("stats", "as.formula", "model.extract", "model.matrix",
     "terms")
    to your NAMESPACE file.
Flavors: r-devel-linux-x86_64-debian-gcc, r-devel-linux-x86_64-fedora-clang, r-devel-linux-x86_64-fedora-gcc, r-devel-osx-x86_64-clang, r-devel-windows-ix86+x86_64, r-patched-linux-x86_64, r-patched-solaris-sparc, r-patched-solaris-x86

Version: 0.9.3
Check: Rd line widths
Result: NOTE
    Rd file 'intcox.example.Rd':
     \examples lines wider than 100 characters:
     { ... [TRUNCATED]
    
    These lines will be truncated in the PDF manual.
Flavors: r-devel-linux-x86_64-debian-gcc, r-devel-linux-x86_64-fedora-clang, r-devel-linux-x86_64-fedora-gcc, r-patched-linux-x86_64, r-release-linux-x86_64