CRAN Package Check Results for Package intcox

Last updated on 2015-01-30 11:49:13.

Flavor Version Tinstall Tcheck Ttotal Status Flags
r-devel-linux-x86_64-debian-clang 0.9.3 0.88 11.64 12.52 NOTE
r-devel-linux-x86_64-debian-gcc 0.9.3 0.98 11.01 12.00 NOTE
r-devel-linux-x86_64-fedora-clang 0.9.3 26.28 NOTE
r-devel-linux-x86_64-fedora-gcc 0.9.3 25.06 NOTE
r-devel-osx-x86_64-clang 0.9.3 30.29 OK
r-devel-windows-ix86+x86_64 0.9.3 6.00 26.00 32.00 OK
r-patched-linux-x86_64 0.9.3 0.93 12.15 13.08 NOTE
r-patched-solaris-sparc 0.9.3 156.60 OK
r-patched-solaris-x86 0.9.3 38.50 OK
r-release-linux-ix86 0.9.3 1.32 18.32 19.65 OK
r-release-linux-x86_64 0.9.3 0.93 12.21 13.14 NOTE
r-release-osx-x86_64-mavericks 0.9.3 OK
r-release-osx-x86_64-snowleopard 0.9.3 OK
r-release-windows-ix86+x86_64 0.9.3 5.00 34.00 39.00 OK
r-oldrel-windows-ix86+x86_64 0.9.3 5.00 26.00 31.00 OK

Check Details

Version: 0.9.3
Check: Rd line widths
Result: NOTE
    Rd file 'intcox.example.Rd':
     \examples lines wider than 100 characters:
     { ... [TRUNCATED]
    
    These lines will be truncated in the PDF manual.
Flavors: r-devel-linux-x86_64-debian-clang, r-devel-linux-x86_64-debian-gcc, r-devel-linux-x86_64-fedora-clang, r-devel-linux-x86_64-fedora-gcc, r-patched-linux-x86_64, r-release-linux-x86_64