CRAN Package Check Results for Package intcox

Last updated on 2014-04-24 15:50:40.

Flavor Version Tinstall Tcheck Ttotal Status Flags
r-devel-linux-x86_64-debian-clang 0.9.3 0.98 12.01 12.98 OK
r-devel-linux-x86_64-debian-gcc 0.9.3 0.95 12.09 13.04 OK
r-devel-linux-x86_64-fedora-clang 0.9.3 24.90 NOTE
r-devel-linux-x86_64-fedora-gcc 0.9.3 23.52 NOTE
r-devel-osx-x86_64-clang 0.9.3 25.54 OK
r-devel-osx-x86_64-gcc 0.9.3 OK
r-devel-windows-ix86+x86_64 0.9.3 5.00 25.00 30.00 OK
r-patched-linux-x86_64 0.9.3 0.97 11.88 12.85 OK
r-patched-solaris-sparc 0.9.3 142.60 OK
r-patched-solaris-x86 0.9.3 36.50 OK
r-release-linux-ix86 0.9.3 2.00 28.00 30.00 OK
r-release-linux-x86_64 0.9.3 0.94 11.98 12.92 OK
r-release-osx-x86_64-mavericks 0.9.3 WARN
r-release-osx-x86_64-snowleopard 0.9.3 OK
r-release-windows-ix86+x86_64 0.9.3 13.00 34.00 47.00 OK
r-oldrel-windows-ix86+x86_64 0.9.3 5.00 26.00 31.00 OK

Check Details

Version: 0.9.3
Check: Rd line widths
Result: NOTE
    Rd file 'intcox.example.Rd':
     \examples lines wider than 100 characters:
     { ... [TRUNCATED]
    
    These lines will be truncated in the PDF manual.
Flavors: r-devel-linux-x86_64-fedora-clang, r-devel-linux-x86_64-fedora-gcc

Version: 0.9.3
Check: PDF version of manual
Result: WARNING
    LaTeX errors when creating PDF version.
    This typically indicates Rd problems.
    LaTeX errors found:
    ! LaTeX Error: File `upquote.sty' not found.
    
    Type X to quit or <RETURN> to proceed,
    or enter new name. (Default extension: sty)
    
    95444be/Rd2.tex:8: ==> Fatal error occurred, no output PDF file produced!
Flavor: r-release-osx-x86_64-mavericks