CRAN Package Check Results for Package intcox

Last updated on 2014-12-22 05:48:32.

Flavor Version Tinstall Tcheck Ttotal Status Flags
r-devel-linux-x86_64-debian-clang 0.9.3 0.92 12.29 13.21 NOTE
r-devel-linux-x86_64-debian-gcc 0.9.3 0.86 12.17 13.03 NOTE
r-devel-linux-x86_64-fedora-clang 0.9.3 27.39 NOTE
r-devel-linux-x86_64-fedora-gcc 0.9.3 26.10 NOTE
r-devel-osx-x86_64-clang 0.9.3 29.03 OK
r-devel-windows-ix86+x86_64 0.9.3 6.00 61.00 67.00 OK
r-patched-linux-x86_64 0.9.3 0.90 12.66 13.57 NOTE
r-patched-solaris-sparc 0.9.3 160.30 OK
r-patched-solaris-x86 0.9.3 37.60 OK
r-release-linux-ix86 0.9.3 1.32 18.20 19.52 OK
r-release-linux-x86_64 0.9.3 0.92 12.40 13.32 NOTE
r-release-osx-x86_64-mavericks 0.9.3 OK
r-release-osx-x86_64-snowleopard 0.9.3 OK
r-release-windows-ix86+x86_64 0.9.3 5.00 34.00 39.00 OK
r-oldrel-windows-ix86+x86_64 0.9.3 5.00 26.00 31.00 OK

Check Details

Version: 0.9.3
Check: Rd line widths
Result: NOTE
    Rd file 'intcox.example.Rd':
     \examples lines wider than 100 characters:
     { ... [TRUNCATED]
    
    These lines will be truncated in the PDF manual.
Flavors: r-devel-linux-x86_64-debian-clang, r-devel-linux-x86_64-debian-gcc, r-devel-linux-x86_64-fedora-clang, r-devel-linux-x86_64-fedora-gcc, r-patched-linux-x86_64, r-release-linux-x86_64