CRAN Package Check Results for Package intensitynet

Last updated on 2024-06-13 01:57:53 CEST.

Flavor Version Tinstall Tcheck Ttotal Status Flags
r-devel-linux-x86_64-debian-clang 1.4.0 5.68 86.54 92.22 OK
r-devel-linux-x86_64-debian-gcc 1.4.0 0.35 1.73 2.08 ERROR
r-devel-linux-x86_64-fedora-clang 1.4.0 111.33 OK
r-devel-linux-x86_64-fedora-gcc 1.4.0 103.42 OK
r-devel-windows-x86_64 1.4.0 5.00 80.00 85.00 OK
r-patched-linux-x86_64 1.4.0 4.81 81.86 86.67 OK
r-release-linux-x86_64 1.4.0 3.36 80.09 83.45 OK
r-release-macos-arm64 1.4.0 32.00 OK
r-release-macos-x86_64 1.4.0 50.00 OK
r-release-windows-x86_64 1.4.0 7.00 84.00 91.00 OK
r-oldrel-macos-arm64 1.4.0 33.00 OK
r-oldrel-macos-x86_64 1.4.0 57.00 OK
r-oldrel-windows-x86_64 1.4.0 8.00 99.00 107.00 OK

Check Details

Version: 1.4.0
Check: package dependencies
Result: ERROR Packages required but not available: 'ggplot2', 'igraph', 'intergraph', 'sna', 'viridis' Package suggested but not available for checking: ‘testthat’ See section ‘The DESCRIPTION file’ in the ‘Writing R Extensions’ manual. Flavor: r-devel-linux-x86_64-debian-gcc