CRAN Package Check Results for Package interactions

Last updated on 2022-12-01 14:52:15 CET.

Flavor Version Tinstall Tcheck Ttotal Status Flags
r-devel-linux-x86_64-debian-clang 1.1.5 11.30 266.14 277.44 OK
r-devel-linux-x86_64-debian-gcc 1.1.5 8.74 214.24 222.98 OK
r-devel-linux-x86_64-fedora-clang 1.1.5 366.06 NOTE
r-devel-linux-x86_64-fedora-gcc 1.1.5 394.48 OK
r-devel-windows-x86_64 1.1.5 78.00 327.00 405.00 OK
r-patched-linux-x86_64 1.1.5 14.88 272.15 287.03 OK
r-release-linux-x86_64 1.1.5 8.39 271.64 280.03 OK
r-release-macos-arm64 1.1.5 95.00 OK
r-release-macos-x86_64 1.1.5 173.00 OK
r-release-windows-x86_64 1.1.5 34.00 335.00 369.00 OK
r-oldrel-macos-arm64 1.1.5 139.00 OK
r-oldrel-macos-x86_64 1.1.5 120.00 OK
r-oldrel-windows-ix86+x86_64 1.1.5 21.00 329.00 350.00 OK

Check Details

Version: 1.1.5
Check: Rd cross-references
Result: NOTE
    Undeclared packages ‘quantreg’, ‘effects’, ‘Hmisc’, ‘rockchalk’, ‘pequod’ in Rd xrefs
Flavor: r-devel-linux-x86_64-fedora-clang