Last updated on 2019-02-16 19:47:30 CET.
Flavor | Version | Tinstall | Tcheck | Ttotal | Status | Flags |
---|---|---|---|---|---|---|
r-devel-linux-x86_64-debian-clang | 1.1 | 2.63 | 28.44 | 31.07 | NOTE | |
r-devel-linux-x86_64-debian-gcc | 1.1 | 2.38 | 22.17 | 24.55 | NOTE | |
r-devel-linux-x86_64-fedora-clang | 1.1 | 37.42 | NOTE | |||
r-devel-linux-x86_64-fedora-gcc | 1.1 | 35.12 | NOTE | |||
r-devel-windows-ix86+x86_64 | 1.1 | 5.00 | 36.00 | 41.00 | NOTE | |
r-patched-linux-x86_64 | 1.1 | 2.12 | 26.65 | 28.77 | NOTE | |
r-patched-solaris-x86 | 1.1 | 49.90 | NOTE | |||
r-release-linux-x86_64 | 1.1 | NOTE | ||||
r-release-windows-ix86+x86_64 | 1.1 | 4.00 | 33.00 | 37.00 | NOTE | |
r-release-osx-x86_64 | 1.1 | NOTE | ||||
r-oldrel-windows-ix86+x86_64 | 1.1 | 4.00 | 48.00 | 52.00 | NOTE | |
r-oldrel-osx-x86_64 | 1.1 | NOTE |
Version: 1.1
Check: R code for possible problems
Result: NOTE
HH: no visible global function definition for ‘var’
HH: no visible global function definition for ‘qnorm’
exactCI: no visible global function definition for ‘quantile’
sample.n: no visible global function definition for ‘rbinom’
Undefined global functions or variables:
qnorm quantile rbinom var
Consider adding
importFrom("stats", "qnorm", "quantile", "rbinom", "var")
to your NAMESPACE file.
Flavors: r-devel-linux-x86_64-debian-clang, r-devel-linux-x86_64-debian-gcc, r-devel-linux-x86_64-fedora-clang, r-devel-linux-x86_64-fedora-gcc, r-devel-windows-ix86+x86_64, r-patched-linux-x86_64, r-patched-solaris-x86, r-release-linux-x86_64, r-release-windows-ix86+x86_64, r-release-osx-x86_64, r-oldrel-windows-ix86+x86_64, r-oldrel-osx-x86_64