CRAN Package Check Results for Package interferenceCI

Last updated on 2019-04-25 09:50:24 CEST.

Flavor Version Tinstall Tcheck Ttotal Status Flags
r-devel-linux-x86_64-debian-clang 1.1 3.10 28.52 31.62 NOTE
r-devel-linux-x86_64-debian-gcc 1.1 2.80 22.36 25.16 NOTE
r-devel-linux-x86_64-fedora-clang 1.1 38.84 NOTE
r-devel-linux-x86_64-fedora-gcc 1.1 37.82 NOTE
r-devel-windows-ix86+x86_64 1.1 7.00 37.00 44.00 NOTE
r-patched-linux-x86_64 1.1 2.85 28.47 31.32 NOTE
r-patched-solaris-x86 1.1 53.70 NOTE
r-release-linux-x86_64 1.1 2.21 27.73 29.94 NOTE
r-release-windows-ix86+x86_64 1.1 4.00 33.00 37.00 NOTE
r-release-osx-x86_64 1.1 NOTE
r-oldrel-windows-ix86+x86_64 1.1 4.00 48.00 52.00 NOTE
r-oldrel-osx-x86_64 1.1 NOTE

Check Details

Version: 1.1
Check: R code for possible problems
Result: NOTE
    HH: no visible global function definition for 'var'
    HH: no visible global function definition for 'qnorm'
    exactCI: no visible global function definition for 'quantile'
    sample.n: no visible global function definition for 'rbinom'
    Undefined global functions or variables:
     qnorm quantile rbinom var
    Consider adding
     importFrom("stats", "qnorm", "quantile", "rbinom", "var")
    to your NAMESPACE file.
Flavors: r-devel-linux-x86_64-debian-clang, r-devel-linux-x86_64-debian-gcc, r-devel-linux-x86_64-fedora-clang, r-devel-linux-x86_64-fedora-gcc, r-devel-windows-ix86+x86_64, r-patched-linux-x86_64, r-patched-solaris-x86, r-release-linux-x86_64, r-release-windows-ix86+x86_64, r-release-osx-x86_64, r-oldrel-windows-ix86+x86_64, r-oldrel-osx-x86_64