CRAN Package Check Results for Package intergraph

Last updated on 2014-08-30 15:48:38.

Flavor Version Tinstall Tcheck Ttotal Status Flags
r-devel-linux-x86_64-debian-clang 2.0-0 0.87 12.76 13.64 NOTE
r-devel-linux-x86_64-debian-gcc 2.0-0 0.78 12.78 13.56 NOTE
r-devel-linux-x86_64-fedora-clang 2.0-0 29.14 NOTE
r-devel-linux-x86_64-fedora-gcc 2.0-0 27.33 NOTE
r-devel-osx-x86_64-clang 2.0-0 30.57 NOTE
r-devel-windows-ix86+x86_64 2.0-0 4.00 22.00 26.00 NOTE
r-patched-linux-x86_64 2.0-0 0.94 13.65 14.59 NOTE
r-patched-solaris-sparc 2.0-0 174.10 NOTE
r-patched-solaris-x86 2.0-0 42.10 NOTE
r-release-linux-ix86 2.0-0 1.16 20.78 21.95 NOTE
r-release-linux-x86_64 2.0-0 0.86 13.63 14.49 NOTE
r-release-osx-x86_64-mavericks 2.0-0 NOTE
r-release-osx-x86_64-snowleopard 2.0-0 NOTE
r-release-windows-ix86+x86_64 2.0-0 3.00 24.00 27.00 NOTE
r-oldrel-windows-ix86+x86_64 2.0-0 5.00 25.00 30.00 NOTE

Check Details

Version: 2.0-0
Check: top-level files
Result: NOTE
    File
     inst/LICENSE
    will install at top-level and is not mentioned in the DESCRIPTION file.
Flavors: r-devel-linux-x86_64-debian-clang, r-devel-linux-x86_64-debian-gcc, r-devel-linux-x86_64-fedora-clang, r-devel-linux-x86_64-fedora-gcc, r-devel-osx-x86_64-clang, r-devel-windows-ix86+x86_64, r-patched-linux-x86_64, r-patched-solaris-sparc, r-patched-solaris-x86, r-release-linux-ix86, r-release-linux-x86_64, r-release-osx-x86_64-mavericks, r-release-osx-x86_64-snowleopard, r-release-windows-ix86+x86_64, r-oldrel-windows-ix86+x86_64

Version: 2.0-0
Check: dependencies in R code
Result: NOTE
    Namespaces in Imports field not imported from:
     ‘graphics’ ‘utils’
     All declared Imports should be used.
    There are ::: calls to the package's namespace in its code. A package
     almost never needs to use ::: for its own objects:
     ‘attrmapmat’
    See the information on DESCRIPTION files in the chapter ‘Creating R
    packages’ of the ‘Writing R Extensions’ manual.
Flavors: r-devel-linux-x86_64-debian-clang, r-devel-linux-x86_64-debian-gcc, r-devel-linux-x86_64-fedora-clang, r-devel-linux-x86_64-fedora-gcc, r-devel-osx-x86_64-clang, r-devel-windows-ix86+x86_64, r-patched-linux-x86_64, r-patched-solaris-sparc, r-patched-solaris-x86, r-release-linux-ix86, r-release-linux-x86_64, r-release-osx-x86_64-mavericks, r-release-osx-x86_64-snowleopard, r-release-windows-ix86+x86_64, r-oldrel-windows-ix86+x86_64