CRAN Package Check Results for Package intergraph

Last updated on 2014-04-24 07:52:29.

Flavor Version Tinstall Tcheck Ttotal Status Flags
r-devel-linux-x86_64-debian-clang 2.0-0 0.94 14.10 15.04 NOTE
r-devel-linux-x86_64-debian-gcc 2.0-0 0.88 14.07 14.95 NOTE
r-devel-linux-x86_64-fedora-clang 2.0-0 29.98 NOTE
r-devel-linux-x86_64-fedora-gcc 2.0-0 27.73 NOTE
r-devel-osx-x86_64-clang 2.0-0 31.56 NOTE
r-devel-osx-x86_64-gcc 2.0-0 ERROR
r-devel-windows-ix86+x86_64 2.0-0 3.00 22.00 25.00 NOTE
r-patched-linux-x86_64 2.0-0 0.87 13.82 14.69 NOTE
r-patched-solaris-sparc 2.0-0 194.90 NOTE
r-patched-solaris-x86 2.0-0 42.90 NOTE
r-release-linux-ix86 2.0-0 2.00 36.00 38.00 NOTE
r-release-linux-x86_64 2.0-0 0.87 14.24 15.11 NOTE
r-release-osx-x86_64-mavericks 2.0-0 WARN
r-release-osx-x86_64-snowleopard 2.0-0 NOTE
r-release-windows-ix86+x86_64 2.0-0 3.00 23.00 26.00 NOTE
r-oldrel-windows-ix86+x86_64 2.0-0 3.00 24.00 27.00 NOTE

Check Details

Version: 2.0-0
Check: top-level files
Result: NOTE
    File
     inst/LICENSE
    will install at top-level and is not mentioned in the DESCRIPTION file.
Flavors: r-devel-linux-x86_64-debian-clang, r-devel-linux-x86_64-debian-gcc, r-devel-linux-x86_64-fedora-clang, r-devel-linux-x86_64-fedora-gcc, r-devel-osx-x86_64-clang, r-devel-windows-ix86+x86_64, r-patched-linux-x86_64, r-patched-solaris-sparc, r-patched-solaris-x86, r-release-linux-ix86, r-release-linux-x86_64, r-release-osx-x86_64-mavericks, r-release-osx-x86_64-snowleopard, r-release-windows-ix86+x86_64, r-oldrel-windows-ix86+x86_64

Version: 2.0-0
Check: dependencies in R code
Result: NOTE
    Namespaces in Imports field not imported from:
     ‘graphics’ ‘utils’
     All declared Imports should be used.
    There are ::: calls to the package's namespace in its code. A package
     almost never needs to use ::: for its own objects:
     ‘attrmapmat’
    See the information on DESCRIPTION files in the chapter ‘Creating R
    packages’ of the ‘Writing R Extensions’ manual.
Flavors: r-devel-linux-x86_64-debian-clang, r-devel-linux-x86_64-debian-gcc, r-devel-linux-x86_64-fedora-clang, r-devel-linux-x86_64-fedora-gcc, r-devel-osx-x86_64-clang, r-devel-windows-ix86+x86_64, r-patched-linux-x86_64, r-patched-solaris-sparc, r-patched-solaris-x86, r-release-linux-ix86, r-release-linux-x86_64, r-release-osx-x86_64-mavericks, r-release-osx-x86_64-snowleopard, r-release-windows-ix86+x86_64, r-oldrel-windows-ix86+x86_64

Version: 2.0-0
Check: package dependencies
Result: ERROR
    Package required but not available: ‘igraph’
    
    See the information on DESCRIPTION files in the chapter ‘Creating R
    packages’ of the ‘Writing R Extensions’ manual.
Flavor: r-devel-osx-x86_64-gcc

Version: 2.0-0
Check: PDF version of manual
Result: WARNING
    LaTeX errors when creating PDF version.
    This typically indicates Rd problems.
    LaTeX errors found:
    ! LaTeX Error: File `upquote.sty' not found.
    
    Type X to quit or <RETURN> to proceed,
    or enter new name. (Default extension: sty)
    
    7404d5e4/Rd2.tex:8: ==> Fatal error occurred, no output PDF file produced!
Flavor: r-release-osx-x86_64-mavericks