CRAN Package Check Results for Package intergraph

Last updated on 2014-11-24 19:50:25.

Flavor Version Tinstall Tcheck Ttotal Status Flags
r-devel-linux-x86_64-debian-clang 2.0-0 0.84 13.62 14.46 NOTE
r-devel-linux-x86_64-debian-gcc 2.0-0 0.80 13.01 13.81 NOTE
r-devel-linux-x86_64-fedora-clang 2.0-0 29.57 NOTE
r-devel-linux-x86_64-fedora-gcc 2.0-0 27.43 NOTE
r-devel-osx-x86_64-clang 2.0-0 30.95 NOTE
r-devel-windows-ix86+x86_64 2.0-0 3.00 22.00 25.00 NOTE
r-patched-linux-x86_64 2.0-0 0.86 13.05 13.90 NOTE
r-patched-solaris-sparc 2.0-0 174.10 NOTE
r-patched-solaris-x86 2.0-0 43.70 NOTE
r-release-linux-ix86 2.0-0 1.18 19.51 20.70 NOTE
r-release-linux-x86_64 2.0-0 0.87 13.22 14.09 NOTE
r-release-osx-x86_64-mavericks 2.0-0 NOTE
r-release-osx-x86_64-snowleopard 2.0-0 NOTE
r-release-windows-ix86+x86_64 2.0-0 3.00 23.00 26.00 NOTE
r-oldrel-windows-ix86+x86_64 2.0-0 3.00 26.00 29.00 NOTE

Check Details

Version: 2.0-0
Check: top-level files
Result: NOTE
    File
     inst/LICENSE
    will install at top-level and is not mentioned in the DESCRIPTION file.
Flavors: r-devel-linux-x86_64-debian-clang, r-devel-linux-x86_64-debian-gcc, r-devel-linux-x86_64-fedora-clang, r-devel-linux-x86_64-fedora-gcc, r-devel-osx-x86_64-clang, r-devel-windows-ix86+x86_64, r-patched-linux-x86_64, r-patched-solaris-sparc, r-patched-solaris-x86, r-release-linux-ix86, r-release-linux-x86_64, r-release-osx-x86_64-mavericks, r-release-osx-x86_64-snowleopard, r-release-windows-ix86+x86_64, r-oldrel-windows-ix86+x86_64

Version: 2.0-0
Check: dependencies in R code
Result: NOTE
    Namespaces in Imports field not imported from:
     ‘graphics’ ‘utils’
     All declared Imports should be used.
    There are ::: calls to the package's namespace in its code. A package
     almost never needs to use ::: for its own objects:
     ‘attrmapmat’
    See the information on DESCRIPTION files in the chapter ‘Creating R
    packages’ of the ‘Writing R Extensions’ manual.
Flavors: r-devel-linux-x86_64-debian-clang, r-devel-linux-x86_64-debian-gcc, r-devel-linux-x86_64-fedora-clang, r-devel-linux-x86_64-fedora-gcc, r-devel-osx-x86_64-clang, r-devel-windows-ix86+x86_64, r-patched-linux-x86_64, r-patched-solaris-sparc, r-patched-solaris-x86, r-release-linux-ix86, r-release-linux-x86_64, r-release-osx-x86_64-mavericks, r-release-osx-x86_64-snowleopard, r-release-windows-ix86+x86_64, r-oldrel-windows-ix86+x86_64