CRAN Package Check Results for Package intergraph

Last updated on 2015-04-18 21:49:06.

Flavor Version Tinstall Tcheck Ttotal Status Flags
r-devel-linux-x86_64-debian-clang 2.0-1 0.86 12.74 13.59 OK
r-devel-linux-x86_64-debian-gcc 2.0-1 0.78 12.58 13.35 OK
r-devel-linux-x86_64-fedora-clang 2.0-1 26.35 OK
r-devel-linux-x86_64-fedora-gcc 2.0-1 25.15 OK
r-devel-osx-x86_64-clang 2.0-1 28.87 OK
r-patched-linux-x86_64 2.0-1 0.66 12.48 13.14 OK
r-patched-solaris-sparc 2.0-1 174.10 OK
r-patched-solaris-x86 2.0-1 38.80 OK
r-release-linux-x86_64 2.0-1 0.68 12.77 13.45 OK
r-release-osx-x86_64-mavericks 2.0-1 OK
r-release-osx-x86_64-snowleopard 2.0-1 ERROR
r-release-windows-ix86+x86_64 2.0-1 2.00 25.00 27.00 OK
r-oldrel-windows-ix86+x86_64 2.0-1 3.00 35.00 38.00 OK

Check Details

Version: 2.0-1
Check: package dependencies
Result: ERROR
    Package required but not available: ‘igraph’
    
    Package suggested but not available for checking: ‘knitr’
    
    VignetteBuilder package required for checking but installed: ‘knitr’
    
    See section ‘The DESCRIPTION file’ in the ‘Writing R Extensions’
    manual.
Flavor: r-release-osx-x86_64-snowleopard