CRAN Package Check Results for Package intergraph

Last updated on 2016-12-05 02:46:58.

Flavor Version Tinstall Tcheck Ttotal Status Flags
r-devel-linux-x86_64-debian-clang 2.0-2 0.88 19.16 20.05 WARN
r-devel-linux-x86_64-debian-gcc 2.0-2 0.90 19.01 19.91 WARN
r-devel-linux-x86_64-fedora-clang 2.0-2 37.29 WARN --no-stop-on-test-error
r-devel-linux-x86_64-fedora-gcc 2.0-2 34.79 WARN --no-stop-on-test-error
r-devel-macos-x86_64-clang 2.0-2 30.93 WARN
r-devel-windows-ix86+x86_64 2.0-2 4.00 42.00 46.00 WARN
r-patched-linux-x86_64 2.0-2 0.68 12.62 13.30 OK
r-patched-solaris-sparc 2.0-2 151.10 OK
r-patched-solaris-x86 2.0-2 32.70 OK
r-release-linux-x86_64 2.0-2 0.65 12.23 12.88 OK
r-release-osx-x86_64-mavericks 2.0-2 OK
r-release-windows-ix86+x86_64 2.0-2 7.00 42.00 49.00 OK
r-oldrel-windows-ix86+x86_64 2.0-2 4.00 32.00 36.00 OK

Check Details

Version: 2.0-2
Check: files in ‘vignettes’
Result: WARN
    Files in the 'vignettes' directory newer than all files in 'inst/doc':
     ‘howto.Rmd’
Flavors: r-devel-linux-x86_64-debian-clang, r-devel-linux-x86_64-debian-gcc, r-devel-macos-x86_64-clang, r-devel-windows-ix86+x86_64

Version: 2.0-2
Flags: --no-stop-on-test-error
Check: files in ‘vignettes’
Result: WARN
    Files in the 'vignettes' directory newer than all files in 'inst/doc':
     ‘howto.Rmd’
Flavors: r-devel-linux-x86_64-fedora-clang, r-devel-linux-x86_64-fedora-gcc