CRAN Package Check Results for Package intergraph

Last updated on 2015-05-24 10:46:59.

Flavor Version Tinstall Tcheck Ttotal Status Flags
r-devel-linux-x86_64-debian-clang 2.0-1 0.63 12.78 13.42 OK
r-devel-linux-x86_64-debian-gcc 2.0-1 0.76 12.31 13.06 OK
r-devel-linux-x86_64-fedora-clang 2.0-1 25.76 OK
r-devel-linux-x86_64-fedora-gcc 2.0-1 23.68 OK
r-devel-osx-x86_64-clang 2.0-1 28.26 OK
r-devel-windows-ix86+x86_64 2.0-1 3.00 22.00 25.00 OK
r-patched-linux-x86_64 2.0-1 0.66 12.01 12.67 OK
r-patched-solaris-sparc 2.0-1 170.60 OK
r-patched-solaris-x86 2.0-1 37.50 OK
r-release-linux-x86_64 2.0-1 0.63 12.35 12.98 OK
r-release-osx-x86_64-mavericks 2.0-1 OK
r-release-osx-x86_64-snowleopard 2.0-1 ERROR
r-release-windows-ix86+x86_64 2.0-1 3.00 21.00 24.00 OK
r-oldrel-windows-ix86+x86_64 2.0-1 5.00 25.00 30.00 OK

Check Details

Version: 2.0-1
Check: package dependencies
Result: ERROR
    Package required but not available: ‘igraph’
    
    Package suggested but not available for checking: ‘knitr’
    
    VignetteBuilder package required for checking but not installed: ‘knitr’
    
    See section ‘The DESCRIPTION file’ in the ‘Writing R Extensions’
    manual.
Flavor: r-release-osx-x86_64-snowleopard