CRAN Package Check Results for Package intergraph

Last updated on 2016-09-29 05:48:24.

Flavor Version Tinstall Tcheck Ttotal Status Flags
r-devel-linux-x86_64-debian-clang 2.0-2 0.69 12.98 13.67 WARN
r-devel-linux-x86_64-debian-gcc 2.0-2 0.64 12.70 13.35 WARN
r-devel-linux-x86_64-fedora-clang 2.0-2 23.34 WARN
r-devel-linux-x86_64-fedora-gcc 2.0-2 22.25 WARN
r-devel-macos-x86_64-clang 2.0-2 20.96 WARN
r-devel-windows-ix86+x86_64 2.0-2 3.00 44.00 47.00 WARN
r-patched-linux-x86_64 2.0-2 0.84 12.85 13.69 OK
r-patched-solaris-sparc 2.0-2 148.10 OK
r-patched-solaris-x86 2.0-2 32.40 OK
r-release-linux-x86_64 2.0-2 0.76 12.95 13.71 OK
r-release-osx-x86_64-mavericks 2.0-2 OK
r-release-windows-ix86+x86_64 2.0-2 6.00 32.00 38.00 OK
r-oldrel-windows-ix86+x86_64 2.0-2 7.00 51.00 58.00 OK

Check Details

Version: 2.0-2
Check: files in ‘vignettes’
Result: WARN
    Files in the 'vignettes' directory newer than all files in 'inst/doc':
     ‘howto.Rmd’
Flavors: r-devel-linux-x86_64-debian-clang, r-devel-linux-x86_64-debian-gcc, r-devel-linux-x86_64-fedora-clang, r-devel-linux-x86_64-fedora-gcc, r-devel-macos-x86_64-clang, r-devel-windows-ix86+x86_64