CRAN Package Check Results for Package interplot

Last updated on 2019-06-19 18:52:40 CEST.

Flavor Version Tinstall Tcheck Ttotal Status Flags
r-devel-linux-x86_64-debian-clang 0.2.1 13.10 113.69 126.79 OK
r-devel-linux-x86_64-debian-gcc 0.2.1 11.17 86.45 97.62 OK
r-devel-linux-x86_64-fedora-clang 0.2.1 147.43 NOTE
r-devel-linux-x86_64-fedora-gcc 0.2.1 140.92 NOTE
r-devel-windows-ix86+x86_64 0.2.1 32.00 164.00 196.00 OK
r-patched-linux-x86_64 0.2.1 11.68 109.34 121.02 OK
r-patched-solaris-x86 0.2.1 184.50 NOTE
r-release-linux-x86_64 0.2.1 13.23 109.52 122.75 OK
r-release-windows-ix86+x86_64 0.2.1 33.00 167.00 200.00 OK
r-release-osx-x86_64 0.2.1 NOTE
r-oldrel-windows-ix86+x86_64 0.2.1 12.00 160.00 172.00 OK
r-oldrel-osx-x86_64 0.2.1 NOTE

Check Details

Version: 0.2.1
Check: dependencies in R code
Result: NOTE
    Namespace in Imports field not imported from: ‘gridExtra’
     All declared Imports should be used.
Flavors: r-devel-linux-x86_64-fedora-clang, r-devel-linux-x86_64-fedora-gcc, r-patched-solaris-x86, r-release-osx-x86_64, r-oldrel-osx-x86_64