CRAN Package Check Results for Package interplot

Last updated on 2022-01-24 20:17:52 CET.

Flavor Version Tinstall Tcheck Ttotal Status Flags
r-devel-linux-x86_64-debian-clang 0.2.3 13.17 142.35 155.52 NOTE
r-devel-linux-x86_64-debian-gcc 0.2.3 12.24 106.20 118.44 NOTE
r-devel-linux-x86_64-fedora-clang 0.2.3 188.90 NOTE
r-devel-linux-x86_64-fedora-gcc 0.2.3 184.32 NOTE
r-devel-windows-x86_64-new-UL 0.2.3 41.00 154.00 195.00 NOTE
r-devel-windows-x86_64-new-TK 0.2.3 ERROR
r-patched-linux-x86_64 0.2.3 12.10 132.75 144.85 NOTE
r-release-linux-x86_64 0.2.3 12.28 133.77 146.05 NOTE
r-release-macos-arm64 0.2.3 NOTE
r-release-macos-x86_64 0.2.3 NOTE
r-release-windows-ix86+x86_64 0.2.3 30.00 153.00 183.00 NOTE
r-oldrel-macos-x86_64 0.2.3 OK
r-oldrel-windows-ix86+x86_64 0.2.3 32.00 150.00 182.00 OK

Check Details

Version: 0.2.3
Check: LazyData
Result: NOTE
     'LazyData' is specified without a 'data' directory
Flavors: r-devel-linux-x86_64-debian-clang, r-devel-linux-x86_64-debian-gcc, r-devel-linux-x86_64-fedora-clang, r-devel-linux-x86_64-fedora-gcc, r-devel-windows-x86_64-new-UL, r-patched-linux-x86_64, r-release-linux-x86_64, r-release-macos-arm64, r-release-macos-x86_64, r-release-windows-ix86+x86_64

Version: 0.2.3
Check: package dependencies
Result: ERROR
    Package required but not available: 'arm'
    
    See section 'The DESCRIPTION file' in the 'Writing R Extensions'
    manual.
Flavor: r-devel-windows-x86_64-new-TK