CRAN Package Check Results for Package interplot

Last updated on 2024-02-21 14:48:32 CET.

Flavor Version Tinstall Tcheck Ttotal Status Flags
r-devel-linux-x86_64-debian-clang 0.2.3 NOTE
r-devel-linux-x86_64-debian-gcc 0.2.3 10.73 107.46 118.19 NOTE
r-devel-linux-x86_64-fedora-clang 0.2.3 198.43 NOTE
r-devel-linux-x86_64-fedora-gcc 0.2.3 202.54 NOTE
r-devel-windows-x86_64 0.2.3 14.00 112.00 126.00 NOTE
r-patched-linux-x86_64 0.2.3 14.20 140.11 154.31 NOTE
r-release-linux-x86_64 0.2.3 14.81 139.00 153.81 NOTE
r-release-macos-arm64 0.2.3 66.00 NOTE
r-release-macos-x86_64 0.2.3 109.00 NOTE
r-release-windows-x86_64 0.2.3 18.00 148.00 166.00 NOTE
r-oldrel-macos-arm64 0.2.3 62.00 NOTE
r-oldrel-windows-x86_64 0.2.3 19.00 150.00 169.00 NOTE

Check Details

Version: 0.2.3
Check: LazyData
Result: NOTE 'LazyData' is specified without a 'data' directory Flavors: r-devel-linux-x86_64-debian-clang, r-devel-linux-x86_64-debian-gcc, r-devel-linux-x86_64-fedora-clang, r-devel-linux-x86_64-fedora-gcc, r-devel-windows-x86_64, r-patched-linux-x86_64, r-release-linux-x86_64, r-release-macos-arm64, r-release-macos-x86_64, r-release-windows-x86_64, r-oldrel-macos-arm64, r-oldrel-windows-x86_64