CRAN Package Check Results for Package interplot

Last updated on 2019-03-22 09:50:12 CET.

Flavor Version Tinstall Tcheck Ttotal Status Flags
r-devel-linux-x86_64-debian-clang 0.2.1 12.09 113.55 125.64 OK
r-devel-linux-x86_64-debian-gcc 0.2.1 9.97 85.21 95.18 OK
r-devel-linux-x86_64-fedora-clang 0.2.1 148.50 NOTE
r-devel-linux-x86_64-fedora-gcc 0.2.1 140.74 NOTE
r-devel-windows-ix86+x86_64 0.2.1 33.00 173.00 206.00 OK
r-patched-linux-x86_64 0.2.1 9.37 107.56 116.93 OK
r-patched-solaris-x86 0.2.1 197.90 NOTE
r-release-linux-x86_64 0.2.1 10.00 107.35 117.35 OK
r-release-windows-ix86+x86_64 0.2.1 16.00 116.00 132.00 OK
r-release-osx-x86_64 0.2.1 NOTE
r-oldrel-windows-ix86+x86_64 0.2.1 16.00 189.00 205.00 OK
r-oldrel-osx-x86_64 0.2.1 NOTE

Check Details

Version: 0.2.1
Check: dependencies in R code
Result: NOTE
    Namespace in Imports field not imported from: ‘gridExtra’
     All declared Imports should be used.
Flavors: r-devel-linux-x86_64-fedora-clang, r-devel-linux-x86_64-fedora-gcc, r-patched-solaris-x86, r-release-osx-x86_64, r-oldrel-osx-x86_64