CRAN Package Check Results for Package interplot

Last updated on 2019-01-18 02:49:09 CET.

Flavor Version Tinstall Tcheck Ttotal Status Flags
r-devel-linux-x86_64-debian-clang 0.2.1 8.17 113.49 121.66 OK
r-devel-linux-x86_64-debian-gcc 0.2.1 9.32 86.57 95.89 OK
r-devel-linux-x86_64-fedora-clang 0.2.1 146.32 NOTE
r-devel-linux-x86_64-fedora-gcc 0.2.1 132.46 NOTE
r-devel-windows-ix86+x86_64 0.2.1 19.00 159.00 178.00 OK
r-patched-linux-x86_64 0.2.1 7.96 106.33 114.29 OK
r-patched-solaris-x86 0.2.1 201.70 NOTE
r-release-linux-x86_64 0.2.1 7.94 104.01 111.95 OK
r-release-windows-ix86+x86_64 0.2.1 18.00 163.00 181.00 OK
r-release-osx-x86_64 0.2.1 NOTE
r-oldrel-windows-ix86+x86_64 0.2.1 20.00 127.00 147.00 OK
r-oldrel-osx-x86_64 0.2.1 NOTE

Check Details

Version: 0.2.1
Check: dependencies in R code
Result: NOTE
    Namespace in Imports field not imported from: ‘gridExtra’
     All declared Imports should be used.
Flavors: r-devel-linux-x86_64-fedora-clang, r-devel-linux-x86_64-fedora-gcc, r-patched-solaris-x86, r-release-osx-x86_64, r-oldrel-osx-x86_64