CRAN Package Check Results for Package interval

Last updated on 2015-07-04 19:47:41.

Flavor Version Tinstall Tcheck Ttotal Status Flags
r-devel-linux-x86_64-debian-clang 1.1-0.1 0.80 30.62 31.42 NOTE
r-devel-linux-x86_64-debian-gcc 1.1-0.1 0.76 30.28 31.04 NOTE
r-devel-linux-x86_64-fedora-clang 1.1-0.1 61.20 NOTE
r-devel-linux-x86_64-fedora-gcc 1.1-0.1 58.12 NOTE
r-devel-osx-x86_64-clang 1.1-0.1 52.56 OK
r-devel-windows-ix86+x86_64 1.1-0.1 5.00 49.00 54.00 NOTE
r-patched-linux-x86_64 1.1-0.1 0.80 29.78 30.58 OK
r-patched-solaris-sparc 1.1-0.1 386.50 OK
r-patched-solaris-x86 1.1-0.1 75.60 OK
r-release-linux-x86_64 1.1-0.1 0.79 30.40 31.19 OK
r-release-osx-x86_64-mavericks 1.1-0.1 OK
r-release-windows-ix86+x86_64 1.1-0.1 5.00 50.00 55.00 OK
r-oldrel-windows-ix86+x86_64 1.1-0.1 5.00 73.00 78.00 OK

Check Details

Version: 1.1-0.1
Check: R code for possible problems
Result: NOTE
    icScoreTest: no visible global function definition for ‘pnorm’
    icScoreTest: no visible global function definition for ‘pchisq’
    icfit.formula: no visible global function definition for ‘terms’
    icfit.formula: no visible global function definition for
     ‘model.extract’
    icfitBootCI: no visible global function definition for ‘binom.test’
    ictest.formula: no visible global function definition for
     ‘model.extract’
    plot.icfit: no visible global function definition for ‘gray’
    plot.icfit: no visible global function definition for ‘plot’
    plot.icfit: no visible global function definition for ‘axis’
    plot.icfit : polygon.icfit: no visible global function definition for
     ‘polygon’
    scoresFromFit: no visible global function definition for ‘dnorm’
    scoresFromFit: no visible global function definition for ‘qnorm’
    wsrHLYpclt: no visible global function definition for ‘model.matrix’
    wsrHLYpclt: no visible global function definition for ‘pchisq’
    wsrHLYpclt: no visible global function definition for ‘pnorm’
    Undefined global functions or variables:
     axis binom.test dnorm gray model.extract model.matrix pchisq plot
     pnorm polygon qnorm terms
Flavors: r-devel-linux-x86_64-debian-clang, r-devel-linux-x86_64-debian-gcc, r-devel-linux-x86_64-fedora-clang, r-devel-linux-x86_64-fedora-gcc, r-devel-windows-ix86+x86_64