CRAN Package Check Results for Package interval

Last updated on 2015-05-28 12:47:50.

Flavor Version Tinstall Tcheck Ttotal Status Flags
r-devel-linux-x86_64-debian-clang 1.1-0.1 0.79 31.29 32.08 OK
r-devel-linux-x86_64-debian-gcc 1.1-0.1 1.03 29.52 30.54 OK
r-devel-linux-x86_64-fedora-clang 1.1-0.1 60.76 OK
r-devel-linux-x86_64-fedora-gcc 1.1-0.1 57.40 OK
r-devel-osx-x86_64-clang 1.1-0.1 59.16 OK
r-devel-windows-ix86+x86_64 1.1-0.1 4.00 47.00 51.00 OK
r-patched-linux-x86_64 1.1-0.1 0.80 31.50 32.30 OK
r-patched-solaris-sparc 1.1-0.1 386.50 OK
r-patched-solaris-x86 1.1-0.1 73.80 OK
r-release-linux-x86_64 1.1-0.1 0.80 29.80 30.60 OK
r-release-osx-x86_64-mavericks 1.1-0.1 OK
r-release-osx-x86_64-snowleopard 1.1-0.1 ERROR
r-release-windows-ix86+x86_64 1.1-0.1 4.00 45.00 49.00 OK
r-oldrel-windows-ix86+x86_64 1.1-0.1 5.00 59.00 64.00 OK

Check Details

Version: 1.1-0.1
Check: package dependencies
Result: ERROR
    Package required but not available: ‘Icens’
    
    See section ‘The DESCRIPTION file’ in the ‘Writing R Extensions’
    manual.
Flavor: r-release-osx-x86_64-snowleopard