CRAN Package Check Results for Package interval

Last updated on 2014-04-25 09:52:16.

Flavor Version Tinstall Tcheck Ttotal Status Flags
r-devel-linux-x86_64-debian-clang 1.1-0.1 1.11 31.80 32.91 OK
r-devel-linux-x86_64-debian-gcc 1.1-0.1 1.08 31.85 32.93 OK
r-devel-linux-x86_64-fedora-clang 1.1-0.1 74.09 OK
r-devel-linux-x86_64-fedora-gcc 1.1-0.1 70.70 OK
r-devel-osx-x86_64-clang 1.1-0.1 61.51 OK
r-devel-osx-x86_64-gcc 1.1-0.1 ERROR
r-devel-windows-ix86+x86_64 1.1-0.1 3.00 51.00 54.00 OK
r-patched-linux-x86_64 1.1-0.1 1.00 31.41 32.40 OK
r-patched-solaris-sparc 1.1-0.1 422.40 OK
r-patched-solaris-x86 1.1-0.1 85.40 OK
r-release-linux-ix86 1.1-0.1 2.00 66.00 68.00 OK
r-release-linux-x86_64 1.1-0.1 0.99 31.74 32.72 OK
r-release-osx-x86_64-mavericks 1.1-0.1 ERROR
r-release-osx-x86_64-snowleopard 1.1-0.1 OK
r-release-windows-ix86+x86_64 1.1-0.1 4.00 54.00 58.00 OK
r-oldrel-windows-ix86+x86_64 1.1-0.1 4.00 53.00 57.00 OK

Check Details

Version: 1.1-0.1
Check: package dependencies
Result: ERROR
    Package required but not available: ‘Icens’
    
    See the information on DESCRIPTION files in the chapter ‘Creating R
    packages’ of the ‘Writing R Extensions’ manual.
Flavors: r-devel-osx-x86_64-gcc, r-release-osx-x86_64-mavericks