CRAN Package Check Results for Package interval

Last updated on 2016-02-09 21:47:05.

Flavor Version Tinstall Tcheck Ttotal Status Flags
r-devel-linux-x86_64-debian-gcc 1.1-0.1 0.91 21.96 22.86 WARN
r-devel-linux-x86_64-fedora-clang 1.1-0.1 49.15 NOTE
r-devel-linux-x86_64-fedora-gcc 1.1-0.1 47.11 NOTE
r-devel-osx-x86_64-clang 1.1-0.1 52.11 NOTE
r-devel-windows-ix86+x86_64 1.1-0.1 5.00 43.00 48.00 NOTE
r-patched-linux-x86_64 1.1-0.1 0.87 30.81 31.68 OK
r-patched-solaris-sparc 1.1-0.1 368.30 OK
r-patched-solaris-x86 1.1-0.1 70.90 OK
r-release-linux-x86_64 1.1-0.1 0.86 30.81 31.67 OK
r-release-osx-x86_64-mavericks 1.1-0.1 OK
r-release-windows-ix86+x86_64 1.1-0.1 6.00 53.00 59.00 OK
r-oldrel-windows-ix86+x86_64 1.1-0.1 8.00 92.00 100.00 OK

Check Details

Version: 1.1-0.1
Check: R code for possible problems
Result: NOTE
    icScoreTest: no visible global function definition for ‘pnorm’
    icScoreTest: no visible global function definition for ‘pchisq’
    icfit.formula: no visible global function definition for ‘terms’
    icfit.formula: no visible global function definition for
     ‘model.extract’
    icfitBootCI: no visible global function definition for ‘binom.test’
    ictest.formula: no visible global function definition for
     ‘model.extract’
    plot.icfit: no visible global function definition for ‘gray’
    plot.icfit: no visible global function definition for ‘plot’
    plot.icfit: no visible global function definition for ‘axis’
    plot.icfit : polygon.icfit: no visible global function definition for
     ‘polygon’
    scoresFromFit: no visible global function definition for ‘dnorm’
    scoresFromFit: no visible global function definition for ‘qnorm’
    wsrHLYpclt: no visible global function definition for ‘model.matrix’
    wsrHLYpclt: no visible global function definition for ‘pchisq’
    wsrHLYpclt: no visible global function definition for ‘pnorm’
    Undefined global functions or variables:
     axis binom.test dnorm gray model.extract model.matrix pchisq plot
     pnorm polygon qnorm terms
    Consider adding
     importFrom("grDevices", "gray")
     importFrom("graphics", "axis", "plot", "polygon")
     importFrom("stats", "binom.test", "dnorm", "model.extract",
     "model.matrix", "pchisq", "pnorm", "qnorm", "terms")
    to your NAMESPACE file.
Flavors: r-devel-linux-x86_64-debian-gcc, r-devel-linux-x86_64-fedora-clang, r-devel-linux-x86_64-fedora-gcc, r-devel-osx-x86_64-clang, r-devel-windows-ix86+x86_64

Version: 1.1-0.1
Check: re-building of vignette outputs
Result: WARN
    Error in re-building vignettes:
     ...
    Loading required package: survival
    Loading required package: perm
    Loading required package: Icens
    Loading required package: MLEcens
    
    Error: processing vignette ‘intervalCensoring.Rnw’ failed with diagnostics:
     chunk 28
    Error in rowSums(is.na(s)) :
     'x' must be an array of at least two dimensions
    Execution halted
Flavor: r-devel-linux-x86_64-debian-gcc