CRAN Package Check Results for Package interval

Last updated on 2015-08-28 21:46:44.

Flavor Version Tinstall Tcheck Ttotal Status Flags
r-devel-linux-x86_64-debian-clang 1.1-0.1 0.84 29.52 30.36 NOTE
r-devel-linux-x86_64-debian-gcc 1.1-0.1 0.76 30.04 30.79 NOTE
r-devel-linux-x86_64-fedora-clang 1.1-0.1 61.94 NOTE
r-devel-linux-x86_64-fedora-gcc 1.1-0.1 58.35 NOTE
r-devel-osx-x86_64-clang 1.1-0.1 52.19 OK
r-devel-windows-ix86+x86_64 1.1-0.1 4.00 55.00 59.00 NOTE
r-patched-linux-x86_64 1.1-0.1 0.84 30.74 31.58 OK
r-patched-solaris-sparc 1.1-0.1 390.50 OK
r-patched-solaris-x86 1.1-0.1 77.50 OK
r-release-linux-x86_64 1.1-0.1 0.86 30.16 31.01 OK
r-release-osx-x86_64-mavericks 1.1-0.1 OK
r-release-windows-ix86+x86_64 1.1-0.1 5.00 54.00 59.00 OK
r-oldrel-windows-ix86+x86_64 1.1-0.1 6.00 64.00 70.00 OK

Check Details

Version: 1.1-0.1
Check: R code for possible problems
Result: NOTE
    icScoreTest: no visible global function definition for ‘pnorm’
    icScoreTest: no visible global function definition for ‘pchisq’
    icfit.formula: no visible global function definition for ‘terms’
    icfit.formula: no visible global function definition for
     ‘model.extract’
    icfitBootCI: no visible global function definition for ‘binom.test’
    ictest.formula: no visible global function definition for
     ‘model.extract’
    plot.icfit: no visible global function definition for ‘gray’
    plot.icfit: no visible global function definition for ‘plot’
    plot.icfit: no visible global function definition for ‘axis’
    plot.icfit : polygon.icfit: no visible global function definition for
     ‘polygon’
    scoresFromFit: no visible global function definition for ‘dnorm’
    scoresFromFit: no visible global function definition for ‘qnorm’
    wsrHLYpclt: no visible global function definition for ‘model.matrix’
    wsrHLYpclt: no visible global function definition for ‘pchisq’
    wsrHLYpclt: no visible global function definition for ‘pnorm’
    Undefined global functions or variables:
     axis binom.test dnorm gray model.extract model.matrix pchisq plot
     pnorm polygon qnorm terms
    Consider adding
     importFrom("grDevices", "gray")
     importFrom("graphics", "axis", "plot", "polygon")
     importFrom("stats", "binom.test", "dnorm", "model.extract",
     "model.matrix", "pchisq", "pnorm", "qnorm", "terms")
    to your NAMESPACE.
Flavors: r-devel-linux-x86_64-debian-clang, r-devel-linux-x86_64-debian-gcc, r-devel-linux-x86_64-fedora-clang, r-devel-linux-x86_64-fedora-gcc, r-devel-windows-ix86+x86_64