CRAN Package Check Results for Package intervals

Last updated on 2018-04-27 04:50:34 CEST.

Flavor Version Tinstall Tcheck Ttotal Status Flags
r-devel-linux-x86_64-debian-clang 0.15.1 8.22 36.89 45.11 NOTE
r-devel-linux-x86_64-debian-gcc 0.15.1 5.21 30.91 36.12 NOTE
r-devel-linux-x86_64-fedora-clang 0.15.1 59.19 NOTE
r-devel-linux-x86_64-fedora-gcc 0.15.1 55.00 NOTE
r-devel-windows-ix86+x86_64 0.15.1 28.00 78.00 106.00 OK
r-patched-linux-x86_64 0.15.1 7.35 38.81 46.16 NOTE
r-patched-solaris-x86 0.15.1 76.70 OK
r-release-linux-x86_64 0.15.1 7.92 38.38 46.30 NOTE
r-release-windows-ix86+x86_64 0.15.1 28.00 78.00 106.00 OK
r-release-osx-x86_64 0.15.1 OK
r-oldrel-windows-ix86+x86_64 0.15.1 17.00 69.00 86.00 OK
r-oldrel-osx-x86_64 0.15.1 OK

Check Details

Version: 0.15.1
Check: compiled code
Result: NOTE
    File ‘intervals/libs/intervals.so’:
     Found no calls to: ‘R_registerRoutines’, ‘R_useDynamicSymbols’
    
    It is good practice to register native routines and to disable symbol
    search.
    
    See ‘Writing portable packages’ in the ‘Writing R Extensions’ manual.
Flavors: r-devel-linux-x86_64-debian-clang, r-devel-linux-x86_64-debian-gcc, r-devel-linux-x86_64-fedora-clang, r-devel-linux-x86_64-fedora-gcc, r-patched-linux-x86_64, r-release-linux-x86_64