CRAN Package Check Results for Package intervals

Last updated on 2018-02-20 17:47:44 CET.

Flavor Version Tinstall Tcheck Ttotal Status Flags
r-devel-linux-x86_64-debian-clang 0.15.1 7.89 39.13 47.02 NOTE
r-devel-linux-x86_64-debian-gcc 0.15.1 4.42 30.63 35.05 NOTE
r-devel-linux-x86_64-fedora-clang 0.15.1 58.60 NOTE
r-devel-linux-x86_64-fedora-gcc 0.15.1 53.73 NOTE
r-devel-windows-ix86+x86_64 0.15.1 23.00 71.00 94.00 OK
r-patched-linux-x86_64 0.15.1 4.79 39.96 44.75 NOTE
r-patched-solaris-x86 0.15.1 68.30 OK
r-release-linux-x86_64 0.15.1 4.35 39.40 43.75 NOTE
r-release-windows-ix86+x86_64 0.15.1 17.00 69.00 86.00 OK
r-release-osx-x86_64 0.15.1 OK
r-oldrel-windows-ix86+x86_64 0.15.1 13.00 61.00 74.00 OK
r-oldrel-osx-x86_64 0.15.1 OK

Check Details

Version: 0.15.1
Check: compiled code
Result: NOTE
    File ‘intervals/libs/intervals.so’:
     Found no calls to: ‘R_registerRoutines’, ‘R_useDynamicSymbols’
    
    It is good practice to register native routines and to disable symbol
    search.
    
    See ‘Writing portable packages’ in the ‘Writing R Extensions’ manual.
Flavors: r-devel-linux-x86_64-debian-clang, r-devel-linux-x86_64-debian-gcc, r-devel-linux-x86_64-fedora-clang, r-devel-linux-x86_64-fedora-gcc, r-patched-linux-x86_64, r-release-linux-x86_64