CRAN Package Check Results for Package intervals

Last updated on 2017-07-28 01:51:02.

Flavor Version Tinstall Tcheck Ttotal Status Flags
r-devel-linux-x86_64-debian-clang 0.15.1 3.79 39.11 42.90 NOTE
r-devel-linux-x86_64-debian-gcc 0.15.1 3.66 38.82 42.49 NOTE
r-devel-linux-x86_64-fedora-clang 0.15.1 55.42 NOTE
r-devel-linux-x86_64-fedora-gcc 0.15.1 52.24 NOTE
r-devel-windows-ix86+x86_64 0.15.1 24.00 91.00 115.00 OK
r-patched-linux-x86_64 0.15.1 3.41 39.33 42.74 NOTE
r-patched-solaris-x86 0.15.1 68.00 OK
r-release-linux-x86_64 0.15.1 3.45 39.19 42.64 NOTE
r-release-windows-ix86+x86_64 0.15.1 18.00 67.00 85.00 OK
r-release-osx-x86_64 0.15.1 OK
r-oldrel-windows-ix86+x86_64 0.15.1 13.00 61.00 74.00 OK
r-oldrel-osx-x86_64 0.15.1 OK

Check Details

Version: 0.15.1
Check: compiled code
Result: NOTE
    File ‘intervals/libs/intervals.so’:
     Found no calls to: ‘R_registerRoutines’, ‘R_useDynamicSymbols’
    
    It is good practice to register native routines and to disable symbol
    search.
    
    See ‘Writing portable packages’ in the ‘Writing R Extensions’ manual.
Flavors: r-devel-linux-x86_64-debian-clang, r-devel-linux-x86_64-debian-gcc, r-devel-linux-x86_64-fedora-clang, r-devel-linux-x86_64-fedora-gcc, r-patched-linux-x86_64, r-release-linux-x86_64