CRAN Package Check Results for Package intervals

Last updated on 2017-05-30 14:47:14.

Flavor Version Tinstall Tcheck Ttotal Status Flags
r-devel-linux-x86_64-debian-clang 0.15.1 3.81 25.34 29.15 NOTE
r-devel-linux-x86_64-debian-gcc 0.15.1 3.55 24.81 28.36 NOTE
r-devel-linux-x86_64-fedora-clang 0.15.1 54.90 NOTE
r-devel-linux-x86_64-fedora-gcc 0.15.1 51.00 NOTE
r-devel-windows-ix86+x86_64 0.15.1 18.00 94.00 112.00 OK
r-patched-linux-x86_64 0.15.1 3.49 25.22 28.71 NOTE
r-patched-solaris-sparc 0.15.1 312.70 OK
r-patched-solaris-x86 0.15.1 65.80 OK
r-release-linux-x86_64 0.15.1 3.55 25.20 28.76 NOTE
r-release-windows-ix86+x86_64 0.15.1 18.00 67.00 85.00 OK
r-release-osx-x86_64 0.15.1 OK
r-oldrel-windows-ix86+x86_64 0.15.1 13.00 61.00 74.00 OK
r-oldrel-osx-x86_64 0.15.1 OK

Check Details

Version: 0.15.1
Check: compiled code
Result: NOTE
    File ‘intervals/libs/intervals.so’:
     Found no calls to: ‘R_registerRoutines’, ‘R_useDynamicSymbols’
    
    It is good practice to register native routines and to disable symbol
    search.
    
    See ‘Writing portable packages’ in the ‘Writing R Extensions’ manual.
Flavors: r-devel-linux-x86_64-debian-clang, r-devel-linux-x86_64-debian-gcc, r-devel-linux-x86_64-fedora-clang, r-devel-linux-x86_64-fedora-gcc, r-patched-linux-x86_64, r-release-linux-x86_64