CRAN Package Check Results for Package intervals

Last updated on 2014-04-24 21:47:42.

Flavor Version Tinstall Tcheck Ttotal Status Flags
r-devel-linux-x86_64-debian-clang 0.14.0 3.16 23.42 26.58 NOTE
r-devel-linux-x86_64-debian-gcc 0.14.0 3.49 23.93 27.42 NOTE
r-devel-linux-x86_64-fedora-clang 0.14.0 57.07 NOTE
r-devel-linux-x86_64-fedora-gcc 0.14.0 54.35 NOTE
r-devel-osx-x86_64-clang 0.14.0 47.44 NOTE
r-devel-osx-x86_64-gcc 0.14.0 NOTE
r-devel-windows-ix86+x86_64 0.14.0 13.00 44.00 57.00 NOTE
r-patched-linux-x86_64 0.14.0 3.55 23.18 26.74 NOTE
r-patched-solaris-sparc 0.14.0 344.30 NOTE
r-patched-solaris-x86 0.14.0 69.80 NOTE
r-release-linux-ix86 0.14.0 6.00 49.00 55.00 NOTE
r-release-linux-x86_64 0.14.0 3.63 23.28 26.91 NOTE
r-release-osx-x86_64-mavericks 0.14.0 NOTE
r-release-windows-ix86+x86_64 0.14.0 23.00 62.00 85.00 NOTE
r-oldrel-windows-ix86+x86_64 0.14.0 14.00 53.00 67.00 NOTE

Check Details

Version: 0.14.0
Check: dependencies in R code
Result: NOTE
    Package in Depends field not imported from: ‘methods’
     These packages need to be imported from (in the NAMESPACE file)
     for when this namespace is loaded but not attached.
    See the information on DESCRIPTION files in the chapter ‘Creating R
    packages’ of the ‘Writing R Extensions’ manual.
Flavors: r-devel-linux-x86_64-debian-clang, r-devel-linux-x86_64-debian-gcc, r-devel-linux-x86_64-fedora-clang, r-devel-linux-x86_64-fedora-gcc, r-devel-osx-x86_64-clang, r-devel-osx-x86_64-gcc, r-devel-windows-ix86+x86_64, r-patched-linux-x86_64, r-patched-solaris-sparc, r-patched-solaris-x86, r-release-linux-ix86, r-release-linux-x86_64, r-release-osx-x86_64-mavericks, r-release-windows-ix86+x86_64, r-oldrel-windows-ix86+x86_64

Version: 0.14.0
Check: for old-style vignette sources
Result: NOTE
    Vignette sources only in ‘inst/doc’:
     ‘intervals_overview.Rnw’
    A ‘vignettes’ directory is required as from R 3.1.0
    and these will not be indexed nor checked
Flavors: r-devel-linux-x86_64-debian-clang, r-devel-linux-x86_64-debian-gcc, r-devel-linux-x86_64-fedora-clang, r-devel-linux-x86_64-fedora-gcc, r-devel-osx-x86_64-clang, r-devel-osx-x86_64-gcc, r-patched-linux-x86_64, r-patched-solaris-sparc, r-patched-solaris-x86, r-release-linux-ix86, r-release-linux-x86_64, r-release-osx-x86_64-mavericks

Version: 0.14.0
Check: for old-style vignette sources
Result: NOTE
    Vignette sources only in 'inst/doc':
     'intervals_overview.Rnw'
    A 'vignettes' directory is required as from R 3.1.0
    and these will not be indexed nor checked
    * checking examples ...
Flavors: r-devel-windows-ix86+x86_64, r-release-windows-ix86+x86_64

Version: 0.14.0
Check: for old-style vignette sources
Result: NOTE
    Vignette sources only in 'inst/doc':
     'intervals_overview.Rnw'
    A 'vignettes' directory will be required as from R 3.1.0
    * checking examples ...
Flavor: r-oldrel-windows-ix86+x86_64