CRAN Package Check Results for Package intervals

Last updated on 2017-03-29 11:49:33.

Flavor Version Tinstall Tcheck Ttotal Status Flags
r-devel-linux-x86_64-debian-clang 0.15.1 3.88 25.56 29.44 NOTE
r-devel-linux-x86_64-debian-gcc 0.15.1 3.62 24.56 28.18 NOTE
r-devel-linux-x86_64-fedora-clang 0.15.1 61.03 NOTE --no-stop-on-test-error
r-devel-linux-x86_64-fedora-gcc 0.15.1 52.16 NOTE --no-stop-on-test-error
r-devel-macos-x86_64-clang 0.15.1 45.44 NOTE --no-stop-on-test-error
r-devel-windows-ix86+x86_64 0.15.1 15.00 71.00 86.00 OK
r-patched-linux-x86_64 0.15.1 3.42 25.04 28.46 NOTE
r-patched-solaris-sparc 0.15.1 312.70 OK
r-patched-solaris-x86 0.15.1 66.80 OK
r-release-linux-x86_64 0.15.1 3.20 22.96 26.16 OK
r-release-osx-x86_64-mavericks 0.15.1 OK
r-release-windows-ix86+x86_64 0.15.1 13.00 61.00 74.00 OK
r-oldrel-windows-ix86+x86_64 0.15.1 13.00 69.00 82.00 OK

Check Details

Version: 0.15.1
Check: compiled code
Result: NOTE
    File ‘intervals/libs/intervals.so’:
     Found no calls to: ‘R_registerRoutines’, ‘R_useDynamicSymbols’
    
    It is good practice to register native routines and to disable symbol
    search.
    
    See ‘Writing portable packages’ in the ‘Writing R Extensions’ manual.
Flavors: r-devel-linux-x86_64-debian-clang, r-devel-linux-x86_64-debian-gcc, r-patched-linux-x86_64

Version: 0.15.1
Flags: --no-stop-on-test-error
Check: compiled code
Result: NOTE
    File ‘intervals/libs/intervals.so’:
     Found no calls to: ‘R_registerRoutines’, ‘R_useDynamicSymbols’
    
    It is good practice to register native routines and to disable symbol
    search.
    
    See ‘Writing portable packages’ in the ‘Writing R Extensions’ manual.
Flavors: r-devel-linux-x86_64-fedora-clang, r-devel-linux-x86_64-fedora-gcc, r-devel-macos-x86_64-clang