CRAN Package Check Results for Package intervals

Last updated on 2019-08-21 22:48:41 CEST.

Flavor Version Tinstall Tcheck Ttotal Status Flags
r-devel-linux-x86_64-debian-clang 0.15.1 8.69 42.25 50.94 OK
r-devel-linux-x86_64-debian-gcc 0.15.1 OK
r-devel-linux-x86_64-fedora-clang 0.15.1 67.64 NOTE
r-devel-linux-x86_64-fedora-gcc 0.15.1 62.50 NOTE
r-devel-windows-ix86+x86_64 0.15.1 32.00 118.00 150.00 OK
r-patched-linux-x86_64 0.15.1 7.60 41.36 48.96 OK
r-patched-solaris-x86 0.15.1 95.20 OK
r-release-linux-x86_64 0.15.1 8.12 42.00 50.12 OK
r-release-windows-ix86+x86_64 0.15.1 24.00 110.00 134.00 OK
r-release-osx-x86_64 0.15.1 OK
r-oldrel-windows-ix86+x86_64 0.15.1 21.00 77.00 98.00 OK
r-oldrel-osx-x86_64 0.15.1 OK

Check Details

Version: 0.15.1
Check: compiled code
Result: NOTE
    File ‘intervals/libs/intervals.so’:
     Found no calls to: ‘R_registerRoutines’, ‘R_useDynamicSymbols’
    
    It is good practice to register native routines and to disable symbol
    search.
    
    See ‘Writing portable packages’ in the ‘Writing R Extensions’ manual.
Flavors: r-devel-linux-x86_64-fedora-clang, r-devel-linux-x86_64-fedora-gcc