CRAN Package Check Results for Package intervals

Last updated on 2017-09-20 19:47:08.

Flavor Version Tinstall Tcheck Ttotal Status Flags
r-devel-linux-x86_64-debian-clang 0.15.1 3.82 26.19 30.01 NOTE
r-devel-linux-x86_64-debian-gcc 0.15.1 3.57 25.63 29.20 NOTE
r-devel-linux-x86_64-fedora-clang 0.15.1 57.47 NOTE
r-devel-linux-x86_64-fedora-gcc 0.15.1 55.72 NOTE
r-devel-windows-ix86+x86_64 0.15.1 28.00 76.00 104.00 OK
r-patched-linux-x86_64 0.15.1 3.57 25.37 28.94 NOTE
r-patched-solaris-x86 0.15.1 68.70 OK
r-release-linux-x86_64 0.15.1 5.63 25.56 31.18 NOTE
r-release-windows-ix86+x86_64 0.15.1 17.00 69.00 86.00 OK
r-release-osx-x86_64 0.15.1 OK
r-oldrel-windows-ix86+x86_64 0.15.1 13.00 61.00 74.00 OK
r-oldrel-osx-x86_64 0.15.1 OK

Check Details

Version: 0.15.1
Check: compiled code
Result: NOTE
    File ‘intervals/libs/intervals.so’:
     Found no calls to: ‘R_registerRoutines’, ‘R_useDynamicSymbols’
    
    It is good practice to register native routines and to disable symbol
    search.
    
    See ‘Writing portable packages’ in the ‘Writing R Extensions’ manual.
Flavors: r-devel-linux-x86_64-debian-clang, r-devel-linux-x86_64-debian-gcc, r-devel-linux-x86_64-fedora-clang, r-devel-linux-x86_64-fedora-gcc, r-patched-linux-x86_64, r-release-linux-x86_64