CRAN Package Check Results for Package intervals

Last updated on 2017-02-21 23:50:48.

Flavor Version Tinstall Tcheck Ttotal Status Flags
r-devel-linux-x86_64-debian-clang 0.15.1 3.83 25.00 28.83 NOTE
r-devel-linux-x86_64-debian-gcc 0.15.1 3.43 25.12 28.56 NOTE
r-devel-linux-x86_64-fedora-clang 0.15.1 54.73 NOTE --no-stop-on-test-error
r-devel-linux-x86_64-fedora-gcc 0.15.1 51.44 NOTE --no-stop-on-test-error
r-devel-macos-x86_64-clang 0.15.1 45.75 NOTE --no-stop-on-test-error
r-devel-windows-ix86+x86_64 0.15.1 18.00 93.00 111.00 OK
r-patched-linux-x86_64 0.15.1 3.21 22.64 25.84 OK
r-patched-solaris-sparc 0.15.1 307.10 OK
r-patched-solaris-x86 0.15.1 59.40 OK
r-release-linux-x86_64 0.15.1 3.40 22.41 25.81 OK
r-release-osx-x86_64-mavericks 0.15.1 OK
r-release-windows-ix86+x86_64 0.15.1 13.00 61.00 74.00 OK
r-oldrel-windows-ix86+x86_64 0.15.1 13.00 69.00 82.00 OK

Check Details

Version: 0.15.1
Check: compiled code
Result: NOTE
    File ‘intervals/libs/intervals.so’:
     Found no calls to: ‘R_registerRoutines’, ‘R_useDynamicSymbols’
    
    It is good practice to register native routines and to disable symbol
    search.
    
    See ‘Writing portable packages’ in the ‘Writing R Extensions’ manual.
Flavors: r-devel-linux-x86_64-debian-clang, r-devel-linux-x86_64-debian-gcc

Version: 0.15.1
Flags: --no-stop-on-test-error
Check: compiled code
Result: NOTE
    File ‘intervals/libs/intervals.so’:
     Found no calls to: ‘R_registerRoutines’, ‘R_useDynamicSymbols’
    
    It is good practice to register native routines and to disable symbol
    search.
    
    See ‘Writing portable packages’ in the ‘Writing R Extensions’ manual.
Flavors: r-devel-linux-x86_64-fedora-clang, r-devel-linux-x86_64-fedora-gcc, r-devel-macos-x86_64-clang