CRAN Package Check Results for Package intervals

Last updated on 2019-05-25 13:46:58 CEST.

Flavor Version Tinstall Tcheck Ttotal Status Flags
r-devel-linux-x86_64-debian-clang 0.15.1 8.80 41.64 50.44 OK
r-devel-linux-x86_64-debian-gcc 0.15.1 6.52 33.09 39.61 OK
r-devel-linux-x86_64-fedora-clang 0.15.1 65.09 NOTE
r-devel-linux-x86_64-fedora-gcc 0.15.1 60.21 NOTE
r-devel-windows-ix86+x86_64 0.15.1 32.00 99.00 131.00 OK
r-patched-linux-x86_64 0.15.1 OK
r-patched-solaris-x86 0.15.1 92.20 OK
r-release-linux-x86_64 0.15.1 8.39 41.54 49.93 OK
r-release-windows-ix86+x86_64 0.15.1 32.00 82.00 114.00 OK
r-release-osx-x86_64 0.15.1 OK
r-oldrel-windows-ix86+x86_64 0.15.1 21.00 77.00 98.00 OK
r-oldrel-osx-x86_64 0.15.1 OK

Check Details

Version: 0.15.1
Check: compiled code
Result: NOTE
    File ‘intervals/libs/intervals.so’:
     Found no calls to: ‘R_registerRoutines’, ‘R_useDynamicSymbols’
    
    It is good practice to register native routines and to disable symbol
    search.
    
    See ‘Writing portable packages’ in the ‘Writing R Extensions’ manual.
Flavors: r-devel-linux-x86_64-fedora-clang, r-devel-linux-x86_64-fedora-gcc