CRAN Package Check Results for Package intervals

Last updated on 2017-11-25 11:55:25 CET.

Flavor Version Tinstall Tcheck Ttotal Status Flags
r-devel-linux-x86_64-debian-clang 0.15.1 4.84 67.62 72.46 NOTE
r-devel-linux-x86_64-debian-gcc 0.15.1 5.95 62.82 68.77 NOTE
r-devel-linux-x86_64-fedora-clang 0.15.1 53.59 NOTE
r-devel-linux-x86_64-fedora-gcc 0.15.1 49.86 NOTE
r-devel-windows-ix86+x86_64 0.15.1 29.00 77.00 106.00 OK
r-patched-linux-x86_64 0.15.1 5.02 67.72 72.74 NOTE
r-patched-solaris-x86 0.15.1 69.90 OK
r-release-linux-x86_64 0.15.1 5.46 68.80 74.27 NOTE
r-release-windows-ix86+x86_64 0.15.1 17.00 69.00 86.00 OK
r-release-osx-x86_64 0.15.1 OK
r-oldrel-windows-ix86+x86_64 0.15.1 13.00 61.00 74.00 OK
r-oldrel-osx-x86_64 0.15.1 OK

Check Details

Version: 0.15.1
Check: compiled code
Result: NOTE
    File ‘intervals/libs/intervals.so’:
     Found no calls to: ‘R_registerRoutines’, ‘R_useDynamicSymbols’
    
    It is good practice to register native routines and to disable symbol
    search.
    
    See ‘Writing portable packages’ in the ‘Writing R Extensions’ manual.
Flavors: r-devel-linux-x86_64-debian-clang, r-devel-linux-x86_64-debian-gcc, r-devel-linux-x86_64-fedora-clang, r-devel-linux-x86_64-fedora-gcc, r-patched-linux-x86_64, r-release-linux-x86_64