CRAN Package Check Results for Package intervals

Last updated on 2014-09-18 03:47:52.

Flavor Version Tinstall Tcheck Ttotal Status Flags
r-devel-linux-x86_64-debian-clang 0.14.0 3.14 22.51 25.66 NOTE
r-devel-linux-x86_64-debian-gcc 0.14.0 3.40 22.61 26.00 NOTE
r-devel-linux-x86_64-fedora-clang 0.14.0 54.99 NOTE
r-devel-linux-x86_64-fedora-gcc 0.14.0 51.46 NOTE
r-devel-osx-x86_64-clang 0.14.0 48.82 NOTE
r-devel-windows-ix86+x86_64 0.14.0 13.00 45.00 58.00 NOTE
r-patched-linux-x86_64 0.14.0 3.42 22.42 25.84 NOTE
r-patched-solaris-sparc 0.14.0 325.70 NOTE
r-patched-solaris-x86 0.14.0 66.90 NOTE
r-release-linux-ix86 0.14.0 5.04 30.98 36.02 NOTE
r-release-linux-x86_64 0.14.0 3.47 23.63 27.10 NOTE
r-release-osx-x86_64-mavericks 0.14.0 NOTE
r-release-windows-ix86+x86_64 0.14.0 17.00 64.00 81.00 NOTE
r-oldrel-windows-ix86+x86_64 0.14.0 14.00 53.00 67.00 NOTE

Check Details

Version: 0.14.0
Check: dependencies in R code
Result: NOTE
    Package in Depends field not imported from: ‘methods’
     These packages need to be imported from (in the NAMESPACE file)
     for when this namespace is loaded but not attached.
    See the information on DESCRIPTION files in the chapter ‘Creating R
    packages’ of the ‘Writing R Extensions’ manual.
Flavors: r-devel-linux-x86_64-debian-clang, r-devel-linux-x86_64-debian-gcc, r-devel-linux-x86_64-fedora-clang, r-devel-linux-x86_64-fedora-gcc, r-devel-osx-x86_64-clang, r-devel-windows-ix86+x86_64, r-patched-linux-x86_64, r-patched-solaris-sparc, r-patched-solaris-x86, r-release-linux-ix86, r-release-linux-x86_64, r-release-osx-x86_64-mavericks, r-release-windows-ix86+x86_64, r-oldrel-windows-ix86+x86_64

Version: 0.14.0
Check: for old-style vignette sources
Result: NOTE
    Vignette sources only in ‘inst/doc’:
     ‘intervals_overview.Rnw’
    A ‘vignettes’ directory is required as from R 3.1.0
    and these will not be indexed nor checked
Flavors: r-devel-linux-x86_64-debian-clang, r-devel-linux-x86_64-debian-gcc, r-devel-linux-x86_64-fedora-clang, r-devel-linux-x86_64-fedora-gcc, r-devel-osx-x86_64-clang, r-devel-windows-ix86+x86_64, r-patched-linux-x86_64, r-patched-solaris-sparc, r-patched-solaris-x86, r-release-linux-ix86, r-release-linux-x86_64, r-release-osx-x86_64-mavericks, r-release-windows-ix86+x86_64

Version: 0.14.0
Check: for old-style vignette sources
Result: NOTE
    Vignette sources only in 'inst/doc':
     'intervals_overview.Rnw'
    A 'vignettes' directory will be required as from R 3.1.0
Flavor: r-oldrel-windows-ix86+x86_64