CRAN Package Check Results for Package intervals

Last updated on 2015-08-01 14:50:57.

Flavor Version Tinstall Tcheck Ttotal Status Flags
r-devel-linux-x86_64-debian-clang 0.15.0 3.10 25.07 28.17 NOTE
r-devel-linux-x86_64-debian-gcc 0.15.0 3.29 24.27 27.56 NOTE
r-devel-linux-x86_64-fedora-clang 0.15.0 59.02 NOTE
r-devel-linux-x86_64-fedora-gcc 0.15.0 53.15 NOTE
r-devel-osx-x86_64-clang 0.15.0 50.56 OK
r-devel-windows-ix86+x86_64 0.15.0 18.00 82.00 100.00 NOTE
r-patched-linux-x86_64 0.15.0 3.36 24.70 28.06 OK
r-patched-solaris-sparc 0.15.0 353.30 OK
r-patched-solaris-x86 0.15.0 73.00 OK
r-release-linux-x86_64 0.15.0 3.28 24.73 28.00 OK
r-release-osx-x86_64-mavericks 0.15.0 OK
r-release-windows-ix86+x86_64 0.15.0 14.00 52.00 66.00 OK
r-oldrel-windows-ix86+x86_64 0.15.0 20.00 59.00 79.00 OK

Check Details

Version: 0.15.0
Check: R code for possible problems
Result: NOTE
    plot.Intervals_full: no visible global function definition for
     ‘segments’
    plot.Intervals_full: no visible global function definition for ‘par’
    plot.Intervals_full: no visible global function definition for ‘points’
    plot.Intervals_full: no visible global function definition for ‘text’
    plot.Intervals_full: no visible global function definition for ‘axis’
    Undefined global functions or variables:
     axis par points segments text
    Consider adding
     importFrom("graphics", "axis", "par", "points", "segments", "text")
    to your NAMESPACE.
Flavors: r-devel-linux-x86_64-debian-clang, r-devel-linux-x86_64-debian-gcc, r-devel-linux-x86_64-fedora-clang, r-devel-linux-x86_64-fedora-gcc, r-devel-windows-ix86+x86_64