Last updated on 2023-02-05 14:51:30 CET.
Flavor | Version | Tinstall | Tcheck | Ttotal | Status | Flags |
---|---|---|---|---|---|---|
r-devel-linux-x86_64-debian-clang | 1.0.1 | 92.25 | 441.03 | 533.28 | NOTE | |
r-devel-linux-x86_64-debian-gcc | 1.0.1 | 67.05 | 325.83 | 392.88 | NOTE | |
r-devel-linux-x86_64-fedora-clang | 1.0.1 | 648.86 | NOTE | |||
r-devel-linux-x86_64-fedora-gcc | 1.0.1 | 669.52 | NOTE | |||
r-devel-windows-x86_64 | 1.0.1 | 98.00 | 477.00 | 575.00 | NOTE | |
r-patched-linux-x86_64 | 1.0.1 | 77.19 | 413.18 | 490.37 | OK | |
r-release-linux-x86_64 | 1.0.1 | 76.58 | 427.25 | 503.83 | OK | |
r-release-macos-arm64 | 1.0.1 | 152.00 | OK | |||
r-release-macos-x86_64 | 1.0.1 | 255.00 | OK | |||
r-release-windows-x86_64 | 1.0.1 | 93.00 | 496.00 | 589.00 | OK | |
r-oldrel-macos-arm64 | 1.0.1 | 143.00 | NOTE | |||
r-oldrel-macos-x86_64 | 1.0.1 | 303.00 | OK | |||
r-oldrel-windows-ix86+x86_64 | 1.0.1 | 197.00 | 592.00 | 789.00 | OK |
Version: 1.0.1
Check: C++ specification
Result: NOTE
Specified C++11: please update to current default of C++17
Flavors: r-devel-linux-x86_64-debian-clang, r-devel-linux-x86_64-debian-gcc, r-devel-linux-x86_64-fedora-clang, r-devel-linux-x86_64-fedora-gcc, r-devel-windows-x86_64
Version: 1.0.1
Check: installed package size
Result: NOTE
installed size is 5.2Mb
sub-directories of 1Mb or more:
libs 4.4Mb
Flavor: r-oldrel-macos-arm64