CRAN Package Check Results for Package introgress

Last updated on 2014-04-24 09:49:03.

Flavor Version Tinstall Tcheck Ttotal Status Flags
r-devel-linux-x86_64-debian-clang 1.2.3 1.61 69.11 70.72 OK
r-devel-linux-x86_64-debian-gcc 1.2.3 1.56 70.52 72.08 OK
r-devel-linux-x86_64-fedora-clang 1.2.3 136.00 OK
r-devel-linux-x86_64-fedora-gcc 1.2.3 131.24 OK
r-devel-osx-x86_64-clang 1.2.3 108.59 OK
r-devel-osx-x86_64-gcc 1.2.3 OK
r-devel-windows-ix86+x86_64 1.2.3 7.00 110.00 117.00 OK
r-patched-linux-x86_64 1.2.3 1.60 66.44 68.04 OK
r-patched-solaris-sparc 1.2.3 852.30 OK
r-patched-solaris-x86 1.2.3 147.30 OK
r-release-linux-ix86 1.2.3 3.00 109.00 112.00 OK
r-release-linux-x86_64 1.2.3 1.70 69.79 71.49 OK
r-release-osx-x86_64-mavericks 1.2.3 WARN
r-release-osx-x86_64-snowleopard 1.2.3 OK
r-release-windows-ix86+x86_64 1.2.3 7.00 112.00 119.00 OK
r-oldrel-windows-ix86+x86_64 1.2.3 7.00 100.00 107.00 OK

Check Details

Version: 1.2.3
Check: PDF version of manual
Result: WARNING
    LaTeX errors when creating PDF version.
    This typically indicates Rd problems.
    LaTeX errors found:
    ! LaTeX Error: File `upquote.sty' not found.
    
    Type X to quit or <RETURN> to proceed,
    or enter new name. (Default extension: sty)
    
    d0a2307/Rd2.tex:8: ==> Fatal error occurred, no output PDF file produced!
Flavor: r-release-osx-x86_64-mavericks