CRAN Package Check Results for Package introgress

Last updated on 2015-08-31 16:51:49.

Flavor Version Tinstall Tcheck Ttotal Status Flags
r-devel-linux-x86_64-debian-clang 1.2.3 1.49 61.73 63.22 NOTE
r-devel-linux-x86_64-debian-gcc 1.2.3 1.28 58.70 59.98 NOTE
r-devel-linux-x86_64-fedora-clang 1.2.3 127.98 NOTE
r-devel-linux-x86_64-fedora-gcc 1.2.3 116.83 NOTE
r-devel-osx-x86_64-clang 1.2.3 103.54 OK
r-devel-windows-ix86+x86_64 1.2.3 11.00 130.00 141.00 NOTE
r-patched-linux-x86_64 1.2.3 1.35 61.88 63.23 OK
r-patched-solaris-sparc 1.2.3 798.00 OK
r-patched-solaris-x86 1.2.3 135.80 OK
r-release-linux-x86_64 1.2.3 1.78 59.06 60.84 OK
r-release-osx-x86_64-mavericks 1.2.3 OK
r-release-windows-ix86+x86_64 1.2.3 9.00 111.00 120.00 OK
r-oldrel-windows-ix86+x86_64 1.2.3 12.00 119.00 131.00 OK

Check Details

Version: 1.2.3
Check: R code for possible problems
Result: NOTE
    clines.plot: no visible global function definition for ‘par’
    clines.plot: no visible global function definition for ‘plot’
    clines.plot: no visible global function definition for ‘title’
    clines.plot: no visible global function definition for ‘polygon’
    clines.plot: no visible global function definition for ‘lines’
    clines.plot: no visible global function definition for ‘points’
    clines.plot: no visible global function definition for ‘text’
    clines.plot: no visible global function definition for ‘axis’
    clines.plot: no visible global function definition for ‘hist’
    clines.plot: no visible global function definition for ‘box’
    clines.plot: no visible global function definition for ‘dev.off’
    compare.clines: no visible global function definition for ‘coef’
    composite.clines: no visible global function definition for ‘par’
    composite.clines: no visible global function definition for ‘plot’
    composite.clines: no visible global function definition for ‘polygon’
    composite.clines: no visible global function definition for ‘lines’
    composite.clines: no visible global function definition for ‘dev.off’
    fit.c.clines: no visible global function definition for ‘coef’
    genomic.clines: no visible global function definition for ‘coef’
    h.func: no visible global function definition for ‘optimize’
    h.func: no visible global function definition for ‘uniroot’
    mk.image: no visible global function definition for ‘layout’
    mk.image: no visible global function definition for ‘par’
    mk.image: no visible global function definition for ‘image’
    mk.image: no visible global function definition for ‘mtext’
    mk.image: no visible global function definition for ‘axis’
    mk.image: no visible global function definition for ‘abline’
    mk.image: no visible global function definition for ‘box’
    mk.image: no visible global function definition for ‘plot’
    mk.image: no visible global function definition for ‘lines’
    mk.image: no visible global function definition for ‘dev.off’
    triangle.plot: no visible global function definition for ‘plot’
    triangle.plot: no visible global function definition for ‘lines’
    triangle.plot: no visible global function definition for ‘dev.off’
    Undefined global functions or variables:
     abline axis box coef dev.off hist image layout lines mtext optimize
     par plot points polygon text title uniroot
    Consider adding
     importFrom("grDevices", "dev.off")
     importFrom("graphics", "abline", "axis", "box", "hist", "image",
     "layout", "lines", "mtext", "par", "plot", "points",
     "polygon", "text", "title")
     importFrom("stats", "coef", "optimize", "uniroot")
    to your NAMESPACE.
Flavors: r-devel-linux-x86_64-debian-clang, r-devel-linux-x86_64-debian-gcc, r-devel-linux-x86_64-fedora-clang, r-devel-linux-x86_64-fedora-gcc, r-devel-windows-ix86+x86_64