CRAN Package Check Results for Package intsurv

Last updated on 2022-12-02 13:52:25 CET.

Flavor Version Tinstall Tcheck Ttotal Status Flags
r-devel-linux-x86_64-debian-clang 0.2.2 226.14 61.78 287.92 NOTE
r-devel-linux-x86_64-debian-gcc 0.2.2 177.67 46.08 223.75 NOTE
r-devel-linux-x86_64-fedora-clang 0.2.2 423.69 NOTE
r-devel-linux-x86_64-fedora-gcc 0.2.2 418.74 NOTE
r-devel-windows-x86_64 0.2.2 197.00 123.00 320.00 NOTE
r-patched-linux-x86_64 0.2.2 196.51 56.58 253.09 NOTE
r-release-linux-x86_64 0.2.2 183.30 56.33 239.63 NOTE
r-release-macos-arm64 0.2.2 85.00 NOTE
r-release-macos-x86_64 0.2.2 114.00 NOTE
r-release-windows-x86_64 0.2.2 213.00 125.00 338.00 NOTE
r-oldrel-macos-arm64 0.2.2 97.00 NOTE
r-oldrel-macos-x86_64 0.2.2 177.00 NOTE
r-oldrel-windows-ix86+x86_64 0.2.2 498.00 129.00 627.00 NOTE

Check Details

Version: 0.2.2
Check: LazyData
Result: NOTE
     'LazyData' is specified without a 'data' directory
Flavors: r-devel-linux-x86_64-debian-clang, r-devel-linux-x86_64-debian-gcc, r-devel-linux-x86_64-fedora-clang, r-devel-linux-x86_64-fedora-gcc, r-devel-windows-x86_64, r-patched-linux-x86_64, r-release-linux-x86_64, r-release-macos-arm64, r-release-macos-x86_64, r-release-windows-x86_64, r-oldrel-macos-arm64, r-oldrel-macos-x86_64, r-oldrel-windows-ix86+x86_64

Version: 0.2.2
Check: installed package size
Result: NOTE
     installed size is 11.7Mb
     sub-directories of 1Mb or more:
     libs 11.0Mb
Flavors: r-release-macos-arm64, r-release-macos-x86_64, r-oldrel-macos-arm64, r-oldrel-macos-x86_64