CRAN Package Check Results for Package intsvy

Last updated on 2015-05-29 05:47:05.

Flavor Version Tinstall Tcheck Ttotal Status Flags
r-devel-linux-x86_64-debian-clang 1.6 2.60 57.26 59.86 NOTE
r-devel-linux-x86_64-debian-gcc 1.6 2.51 55.81 58.32 NOTE
r-devel-linux-x86_64-fedora-clang 1.6 123.49 NOTE
r-devel-linux-x86_64-fedora-gcc 1.6 116.54 NOTE
r-devel-osx-x86_64-clang 1.6 126.14 NOTE
r-devel-windows-ix86+x86_64 1.6 14.00 86.00 100.00 NOTE
r-patched-linux-x86_64 1.6 2.41 55.87 58.28 NOTE
r-patched-solaris-sparc 1.6 703.30 NOTE
r-patched-solaris-x86 1.6 158.60 NOTE
r-release-linux-x86_64 1.6 2.56 55.86 58.42 NOTE
r-release-osx-x86_64-mavericks 1.6 NOTE
r-release-osx-x86_64-snowleopard 1.6 ERROR
r-release-windows-ix86+x86_64 1.6 14.00 81.00 95.00 NOTE
r-oldrel-windows-ix86+x86_64 1.6 24.00 118.00 142.00 OK

Check Details

Version: 1.6
Check: DESCRIPTION meta-information
Result: NOTE
    Malformed Description field: should contain one or more complete sentences.
Flavors: r-devel-linux-x86_64-debian-clang, r-devel-linux-x86_64-debian-gcc, r-devel-linux-x86_64-fedora-clang, r-devel-linux-x86_64-fedora-gcc, r-devel-osx-x86_64-clang, r-devel-windows-ix86+x86_64, r-patched-linux-x86_64, r-patched-solaris-sparc, r-patched-solaris-x86, r-release-linux-x86_64, r-release-osx-x86_64-mavericks, r-release-windows-ix86+x86_64

Version: 1.6
Check: S3 generic/method consistency
Result: NOTE
    Found the following apparent S3 methods exported but not registered:
     plot.intsvy.mean plot.intsvy.reg plot.intsvy.table
    See section ‘Registering S3 methods’ in the ‘Writing R Extensions’
    manual.
Flavors: r-devel-linux-x86_64-debian-clang, r-devel-linux-x86_64-debian-gcc, r-devel-linux-x86_64-fedora-clang, r-devel-linux-x86_64-fedora-gcc, r-devel-osx-x86_64-clang, r-patched-linux-x86_64, r-patched-solaris-sparc, r-patched-solaris-x86, r-release-linux-x86_64

Version: 1.6
Check: package dependencies
Result: ERROR
    Package required but not available: ‘ggplot2’
    
    See section ‘The DESCRIPTION file’ in the ‘Writing R Extensions’
    manual.
Flavor: r-release-osx-x86_64-snowleopard