CRAN Package Check Results for Package intsvy

Last updated on 2017-03-01 19:48:39.

Flavor Version Tinstall Tcheck Ttotal Status Flags
r-devel-linux-x86_64-debian-clang 1.9 5.46 61.94 67.39 NOTE
r-devel-linux-x86_64-debian-gcc 1.9 5.46 63.10 68.57 NOTE
r-devel-linux-x86_64-fedora-clang 1.9 143.48 NOTE --no-stop-on-test-error
r-devel-linux-x86_64-fedora-gcc 1.9 144.87 NOTE --no-stop-on-test-error
r-devel-macos-x86_64-clang 1.9 108.09 NOTE --no-stop-on-test-error
r-devel-windows-ix86+x86_64 1.9 27.00 137.00 164.00 NOTE
r-patched-linux-x86_64 1.9 5.51 59.08 64.59 OK
r-patched-solaris-sparc 1.9 777.80 OK
r-patched-solaris-x86 1.9 151.40 OK
r-release-linux-x86_64 1.9 5.32 58.18 63.51 OK
r-release-osx-x86_64-mavericks 1.9 OK
r-release-windows-ix86+x86_64 1.9 26.00 134.00 160.00 OK
r-oldrel-windows-ix86+x86_64 1.9 30.00 113.00 143.00 OK

Check Details

Version: 1.9
Check: files in ‘vignettes’
Result: NOTE
    Package has no Sweave vignette sources and no VignetteBuilder field.
Flavors: r-devel-linux-x86_64-debian-clang, r-devel-linux-x86_64-debian-gcc, r-devel-windows-ix86+x86_64

Version: 1.9
Flags: --no-stop-on-test-error
Check: files in ‘vignettes’
Result: NOTE
    Package has no Sweave vignette sources and no VignetteBuilder field.
Flavors: r-devel-linux-x86_64-fedora-clang, r-devel-linux-x86_64-fedora-gcc, r-devel-macos-x86_64-clang