CRAN Package Check Results for Package intsvy

Last updated on 2015-07-01 17:47:40.

Flavor Version Tinstall Tcheck Ttotal Status Flags
r-devel-linux-x86_64-debian-clang 1.6 2.46 55.72 58.18 NOTE
r-devel-linux-x86_64-debian-gcc 1.6 2.38 54.96 57.34 NOTE
r-devel-linux-x86_64-fedora-clang 1.6 120.72 NOTE
r-devel-linux-x86_64-fedora-gcc 1.6 111.17 NOTE
r-devel-osx-x86_64-clang 1.6 107.41 NOTE
r-devel-windows-ix86+x86_64 1.6 15.00 87.00 102.00 NOTE
r-patched-linux-x86_64 1.6 2.41 55.00 57.40 NOTE
r-patched-solaris-sparc 1.6 703.30 NOTE
r-patched-solaris-x86 1.6 157.00 NOTE
r-release-linux-x86_64 1.6 2.44 55.94 58.39 NOTE
r-release-osx-x86_64-mavericks 1.6 NOTE
r-release-windows-ix86+x86_64 1.6 14.00 88.00 102.00 NOTE
r-oldrel-windows-ix86+x86_64 1.6 23.00 131.00 154.00 OK

Check Details

Version: 1.6
Check: DESCRIPTION meta-information
Result: NOTE
    Malformed Description field: should contain one or more complete sentences.
Flavors: r-devel-linux-x86_64-debian-clang, r-devel-linux-x86_64-debian-gcc, r-devel-linux-x86_64-fedora-clang, r-devel-linux-x86_64-fedora-gcc, r-devel-osx-x86_64-clang, r-devel-windows-ix86+x86_64, r-patched-linux-x86_64, r-patched-solaris-sparc, r-patched-solaris-x86, r-release-linux-x86_64, r-release-osx-x86_64-mavericks, r-release-windows-ix86+x86_64

Version: 1.6
Check: S3 generic/method consistency
Result: NOTE
    Found the following apparent S3 methods exported but not registered:
     plot.intsvy.mean plot.intsvy.reg plot.intsvy.table
    See section ‘Registering S3 methods’ in the ‘Writing R Extensions’
    manual.
Flavors: r-devel-linux-x86_64-debian-clang, r-devel-linux-x86_64-debian-gcc, r-devel-linux-x86_64-fedora-clang, r-devel-linux-x86_64-fedora-gcc, r-devel-osx-x86_64-clang, r-patched-linux-x86_64, r-patched-solaris-sparc, r-patched-solaris-x86, r-release-linux-x86_64

Version: 1.6
Check: R code for possible problems
Result: NOTE
    intsvy.mean.pv.input : <anonymous> : <anonymous>: no visible global
     function definition for ‘weighted.mean’
    intsvy.mean.pv.input : <anonymous>: no visible global function
     definition for ‘weighted.mean’
    piaac.ben.pv : pv.ben.input : <anonymous> : <anonymous>: no visible
     binding for global variable ‘weighted.mean’
    piaac.ben.pv : pv.ben.input : <anonymous>: no visible binding for
     global variable ‘weighted.mean’
    piaac.ben.pv: no visible global function definition for ‘write.csv’
    piaac.mean : mean.input : <anonymous>: no visible global function
     definition for ‘weighted.mean’
    piaac.mean : mean.input: no visible global function definition for
     ‘weighted.mean’
    piaac.mean: no visible global function definition for ‘write.csv’
    piaac.mean.pv: no visible global function definition for ‘write.csv’
    piaac.reg : reg.input : <anonymous>: no visible global function
     definition for ‘sd’
    piaac.reg : reg.input : <anonymous>: no visible global function
     definition for ‘lm’
    piaac.reg : reg.input : <anonymous>: no visible global function
     definition for ‘as.formula’
    piaac.reg : reg.input: no visible global function definition for ‘lm’
    piaac.reg : reg.input: no visible global function definition for
     ‘as.formula’
    piaac.reg: no visible global function definition for ‘write.csv’
    piaac.reg.pv : reg.pv.input : <anonymous>: no visible global function
     definition for ‘sd’
    piaac.reg.pv : reg.pv.input : <anonymous> : <anonymous>: no visible
     global function definition for ‘lm’
    piaac.reg.pv : reg.pv.input : <anonymous> : <anonymous>: no visible
     global function definition for ‘as.formula’
    piaac.reg.pv : reg.pv.input : <anonymous>: no visible global function
     definition for ‘lm’
    piaac.reg.pv : reg.pv.input : <anonymous>: no visible global function
     definition for ‘as.formula’
    piaac.reg.pv: no visible global function definition for ‘write.csv’
    piaac.table: no visible global function definition for ‘write.csv’
    pirls.ben.pv : pv.ben.input : <anonymous> : <anonymous>: no visible
     global function definition for ‘weighted.mean’
    pirls.ben.pv : pv.ben.input: no visible binding for global variable
     ‘var’
    pirls.ben.pv: no visible global function definition for ‘write.csv’
    pirls.mean : mean.input : <anonymous>: no visible global function
     definition for ‘weighted.mean’
    pirls.mean : mean.input: no visible global function definition for
     ‘weighted.mean’
    pirls.mean: no visible global function definition for ‘write.csv’
    pirls.mean.pv : pv.input : <anonymous>: no visible global function
     definition for ‘weighted.mean’
    pirls.mean.pv : pv.input: no visible global function definition for
     ‘var’
    pirls.mean.pv: no visible global function definition for ‘write.csv’
    pirls.reg : reg.input : <anonymous>: no visible global function
     definition for ‘sd’
    pirls.reg : reg.input : <anonymous>: no visible global function
     definition for ‘lm’
    pirls.reg : reg.input : <anonymous>: no visible global function
     definition for ‘as.formula’
    pirls.reg : reg.input: no visible global function definition for ‘lm’
    pirls.reg : reg.input: no visible global function definition for
     ‘as.formula’
    pirls.reg: no visible global function definition for ‘write.csv’
    pirls.reg.pv : reg.pv.input : <anonymous>: no visible global function
     definition for ‘sd’
    pirls.reg.pv : reg.pv.input : <anonymous>: no visible global function
     definition for ‘lm’
    pirls.reg.pv : reg.pv.input : <anonymous>: no visible global function
     definition for ‘as.formula’
    pirls.reg.pv : reg.pv.input: no visible binding for global variable
     ‘var’
    pirls.reg.pv: no visible global function definition for ‘write.csv’
    pirls.rho : rho.input: no visible global function definition for
     ‘na.omit’
    pirls.rho : rho.input : <anonymous>: no visible global function
     definition for ‘cov.wt’
    pirls.rho : rho.input: no visible global function definition for
     ‘cov.wt’
    pirls.rho: no visible global function definition for ‘write.csv’
    pirls.rho.pv : rho.pv.input: no visible global function definition for
     ‘na.omit’
    pirls.rho.pv : rho.pv.input : <anonymous>: no visible global function
     definition for ‘cov.wt’
    pirls.rho.pv : rho.pv.input: no visible binding for global variable
     ‘var’
    pirls.rho.pv: no visible global function definition for ‘write.csv’
    pirls.table: no visible global function definition for ‘write.csv’
    pirls.var.label: no visible global function definition for
     ‘capture.output’
    pisa.ben.pv : pv.ben.input : <anonymous> : <anonymous>: no visible
     binding for global variable ‘weighted.mean’
    pisa.ben.pv : pv.ben.input : <anonymous>: no visible binding for global
     variable ‘weighted.mean’
    pisa.ben.pv: no visible global function definition for ‘write.csv’
    pisa.mean : mean.input : <anonymous>: no visible global function
     definition for ‘weighted.mean’
    pisa.mean : mean.input: no visible global function definition for
     ‘weighted.mean’
    pisa.mean: no visible global function definition for ‘write.csv’
    pisa.mean.pv: no visible global function definition for ‘write.csv’
    pisa.reg : reg.input : <anonymous>: no visible global function
     definition for ‘sd’
    pisa.reg : reg.input : <anonymous>: no visible global function
     definition for ‘lm’
    pisa.reg : reg.input : <anonymous>: no visible global function
     definition for ‘as.formula’
    pisa.reg : reg.input: no visible global function definition for ‘lm’
    pisa.reg : reg.input: no visible global function definition for
     ‘as.formula’
    pisa.reg: no visible global function definition for ‘write.csv’
    pisa.reg.pv : reg.pv.input : <anonymous>: no visible global function
     definition for ‘sd’
    pisa.reg.pv : reg.pv.input : <anonymous> : <anonymous>: no visible
     global function definition for ‘lm’
    pisa.reg.pv : reg.pv.input : <anonymous> : <anonymous>: no visible
     global function definition for ‘as.formula’
    pisa.reg.pv : reg.pv.input : <anonymous>: no visible global function
     definition for ‘lm’
    pisa.reg.pv : reg.pv.input : <anonymous>: no visible global function
     definition for ‘as.formula’
    pisa.reg.pv: no visible global function definition for ‘write.csv’
    pisa.table: no visible global function definition for ‘write.csv’
    pisa.var.label: no visible global function definition for
     ‘capture.output’
    plot.intsvy.mean: no visible global function definition for ‘reorder’
    plot.intsvy.mean: no visible global function definition for
     ‘as.formula’
    plot.intsvy.table: no visible global function definition for
     ‘as.formula’
    timss.ben.pv : pv.ben.input : <anonymous> : <anonymous>: no visible
     global function definition for ‘weighted.mean’
    timss.ben.pv : pv.ben.input: no visible binding for global variable
     ‘var’
    timss.ben.pv: no visible global function definition for ‘write.csv’
    timss.mean : mean.input : <anonymous>: no visible global function
     definition for ‘weighted.mean’
    timss.mean : mean.input: no visible global function definition for
     ‘weighted.mean’
    timss.mean: no visible global function definition for ‘write.csv’
    timss.mean.pv : pv.input : <anonymous>: no visible global function
     definition for ‘weighted.mean’
    timss.mean.pv : pv.input: no visible global function definition for
     ‘var’
    timss.mean.pv: no visible global function definition for ‘write.csv’
    timss.reg : reg.input : <anonymous>: no visible global function
     definition for ‘sd’
    timss.reg : reg.input : <anonymous>: no visible global function
     definition for ‘lm’
    timss.reg : reg.input : <anonymous>: no visible global function
     definition for ‘as.formula’
    timss.reg : reg.input: no visible global function definition for ‘lm’
    timss.reg : reg.input: no visible global function definition for
     ‘as.formula’
    timss.reg: no visible global function definition for ‘write.csv’
    timss.reg.pv : reg.pv.input : <anonymous>: no visible global function
     definition for ‘sd’
    timss.reg.pv : reg.pv.input : <anonymous>: no visible global function
     definition for ‘lm’
    timss.reg.pv : reg.pv.input : <anonymous>: no visible global function
     definition for ‘as.formula’
    timss.reg.pv : reg.pv.input: no visible binding for global variable
     ‘var’
    timss.reg.pv: no visible global function definition for ‘write.csv’
    timss.rho : rho.input: no visible global function definition for
     ‘na.omit’
    timss.rho : rho.input : <anonymous>: no visible global function
     definition for ‘cov.wt’
    timss.rho : rho.input: no visible global function definition for
     ‘cov.wt’
    timss.rho: no visible global function definition for ‘write.csv’
    timss.rho.pv : rho.pv.input: no visible global function definition for
     ‘na.omit’
    timss.rho.pv : rho.pv.input : <anonymous>: no visible global function
     definition for ‘cov.wt’
    timss.rho.pv : rho.pv.input: no visible binding for global variable
     ‘var’
    timss.rho.pv: no visible global function definition for ‘write.csv’
    timss.table: no visible global function definition for ‘write.csv’
    timssg4.var.label: no visible global function definition for
     ‘capture.output’
    timssg8.var.label: no visible global function definition for
     ‘capture.output’
Flavors: r-devel-linux-x86_64-debian-clang, r-devel-linux-x86_64-debian-gcc, r-devel-linux-x86_64-fedora-clang, r-devel-linux-x86_64-fedora-gcc, r-devel-windows-ix86+x86_64