CRAN Package Check Results for Package intsvy

Last updated on 2015-03-29 08:49:11.

Flavor Version Tinstall Tcheck Ttotal Status Flags
r-devel-linux-x86_64-debian-clang 1.6 3.26 55.12 58.38 NOTE
r-devel-linux-x86_64-debian-gcc 1.6 2.38 54.69 57.08 NOTE
r-devel-linux-x86_64-fedora-clang 1.6 123.01 NOTE
r-devel-linux-x86_64-fedora-gcc 1.6 121.69 NOTE
r-devel-osx-x86_64-clang 1.6 109.96 NOTE
r-prerel-windows-ix86+x86_64 1.6 20.00 86.00 106.00 NOTE
r-prerel-linux-x86_64 1.6 2.48 54.11 56.60 NOTE
r-prerel-solaris-sparc 1.6 716.70 NOTE
r-prerel-solaris-x86 1.6 143.80 NOTE
r-release-linux-x86_64 1.6 3.81 78.26 82.06 OK
r-release-osx-x86_64-mavericks 1.6 OK
r-release-osx-x86_64-snowleopard 1.6 OK
r-release-windows-ix86+x86_64 1.6 20.00 119.00 139.00 OK
r-oldrel-windows-ix86+x86_64 1.6 23.00 112.00 135.00 OK

Check Details

Version: 1.6
Check: DESCRIPTION meta-information
Result: NOTE
    Malformed Description field: should contain one or more complete sentences.
Flavors: r-devel-linux-x86_64-debian-clang, r-devel-linux-x86_64-debian-gcc, r-devel-linux-x86_64-fedora-clang, r-devel-linux-x86_64-fedora-gcc, r-devel-osx-x86_64-clang, r-prerel-windows-ix86+x86_64, r-prerel-linux-x86_64, r-prerel-solaris-sparc, r-prerel-solaris-x86

Version: 1.6
Check: S3 generic/method consistency
Result: NOTE
    Found the following apparent S3 methods exported but not registered:
     plot.intsvy.mean plot.intsvy.reg plot.intsvy.table
    See section ‘Registering S3 methods’ in the ‘Writing R Extensions’
    manual.
Flavors: r-devel-linux-x86_64-debian-clang, r-devel-linux-x86_64-debian-gcc, r-devel-linux-x86_64-fedora-clang, r-devel-linux-x86_64-fedora-gcc, r-devel-osx-x86_64-clang, r-prerel-linux-x86_64