CRAN Package Check Results for Package intsvy

Last updated on 2017-01-22 17:47:19.

Flavor Version Tinstall Tcheck Ttotal Status Flags
r-devel-linux-x86_64-debian-clang 1.9 5.41 60.29 65.70 NOTE
r-devel-linux-x86_64-debian-gcc 1.9 5.79 61.41 67.19 NOTE
r-devel-linux-x86_64-fedora-clang 1.9 128.74 NOTE --no-stop-on-test-error
r-devel-linux-x86_64-fedora-gcc 1.9 127.85 NOTE --no-stop-on-test-error
r-devel-macos-x86_64-clang 1.9 106.21 NOTE --no-stop-on-test-error
r-devel-windows-ix86+x86_64 1.9 18.00 111.00 129.00 NOTE
r-patched-linux-x86_64 1.9 6.06 57.98 64.03 OK
r-patched-solaris-sparc 1.9 777.80 OK
r-patched-solaris-x86 1.9 162.80 OK
r-release-linux-x86_64 1.9 6.75 57.64 64.39 OK
r-release-osx-x86_64-mavericks 1.9 OK
r-release-windows-ix86+x86_64 1.9 44.00 111.00 155.00 OK
r-oldrel-windows-ix86+x86_64 1.9 30.00 144.00 174.00 OK

Check Details

Version: 1.9
Check: files in ‘vignettes’
Result: NOTE
    Package has no Sweave vignette sources and no VignetteBuilder field.
Flavors: r-devel-linux-x86_64-debian-clang, r-devel-linux-x86_64-debian-gcc, r-devel-windows-ix86+x86_64

Version: 1.9
Flags: --no-stop-on-test-error
Check: files in ‘vignettes’
Result: NOTE
    Package has no Sweave vignette sources and no VignetteBuilder field.
Flavors: r-devel-linux-x86_64-fedora-clang, r-devel-linux-x86_64-fedora-gcc, r-devel-macos-x86_64-clang