CRAN Package Check Results for Package intsvy

Last updated on 2014-04-24 07:52:29.

Flavor Version Tinstall Tcheck Ttotal Status Flags
r-devel-linux-x86_64-debian-clang 1.3 2.84 37.82 40.66 OK
r-devel-linux-x86_64-debian-gcc 1.3 2.80 38.18 40.98 OK
r-devel-linux-x86_64-fedora-clang 1.3 83.11 OK
r-devel-linux-x86_64-fedora-gcc 1.3 77.78 OK
r-devel-osx-x86_64-clang 1.3 64.59 OK
r-devel-osx-x86_64-gcc 1.3 OK
r-devel-windows-ix86+x86_64 1.3 8.00 52.00 60.00 OK
r-patched-linux-x86_64 1.3 2.78 37.38 40.16 OK
r-patched-solaris-sparc 1.3 419.90 OK
r-patched-solaris-x86 1.3 97.40 OK
r-release-linux-ix86 1.3 4.00 64.00 68.00 OK
r-release-linux-x86_64 1.3 2.80 37.38 40.19 OK
r-release-osx-x86_64-mavericks 1.3 WARN
r-release-osx-x86_64-snowleopard 1.3 OK
r-release-windows-ix86+x86_64 1.3 9.00 55.00 64.00 OK
r-oldrel-windows-ix86+x86_64 1.3 9.00 52.00 61.00 OK

Check Details

Version: 1.3
Check: PDF version of manual
Result: WARNING
    LaTeX errors when creating PDF version.
    This typically indicates Rd problems.
    LaTeX errors found:
    ! LaTeX Error: File `upquote.sty' not found.
    
    Type X to quit or <RETURN> to proceed,
    or enter new name. (Default extension: sty)
    
    58b6d98/Rd2.tex:8: ==> Fatal error occurred, no output PDF file produced!
Flavor: r-release-osx-x86_64-mavericks