CRAN Package Check Results for Package intsvy

Last updated on 2014-09-02 05:46:35.

Flavor Version Tinstall Tcheck Ttotal Status Flags
r-devel-linux-x86_64-debian-clang 1.3 2.64 34.54 37.18 NOTE
r-devel-linux-x86_64-debian-gcc 1.3 2.56 33.68 36.24 NOTE
r-devel-linux-x86_64-fedora-clang 1.3 83.25 NOTE
r-devel-linux-x86_64-fedora-gcc 1.3 74.21 NOTE
r-devel-osx-x86_64-clang 1.3 65.23 NOTE
r-devel-windows-ix86+x86_64 1.3 8.00 53.00 61.00 NOTE
r-patched-linux-x86_64 1.3 2.67 36.16 38.82 OK
r-patched-solaris-sparc 1.3 466.00 OK
r-patched-solaris-x86 1.3 97.50 OK
r-release-linux-ix86 1.3 3.34 44.51 47.85 OK
r-release-linux-x86_64 1.3 2.72 37.89 40.61 OK
r-release-osx-x86_64-mavericks 1.3 OK
r-release-osx-x86_64-snowleopard 1.3 OK
r-release-windows-ix86+x86_64 1.3 8.00 56.00 64.00 OK
r-oldrel-windows-ix86+x86_64 1.3 13.00 53.00 66.00 OK

Check Details

Version: 1.3
Check: R code for possible problems
Result: NOTE
    pirls.select.merge: no visible binding for global variable
     ‘iea.country’
    pirls.var.label: no visible binding for global variable ‘file.names’
    pirls.var.label: no visible binding for global variable ‘iea.country’
    pisa.select.merge: no visible binding for global variable
     ‘pisa.country’
    pisa.var.label: no visible binding for global variable ‘pisa.country’
    timssg4.select.merge: no visible binding for global variable
     ‘iea.country’
    timssg4.var.label: no visible binding for global variable ‘file.names’
    timssg4.var.label: no visible binding for global variable ‘iea.country’
    timssg8.select.merge: no visible binding for global variable
     ‘iea.country’
    timssg8.var.label: no visible binding for global variable ‘file.names’
    timssg8.var.label: no visible binding for global variable ‘iea.country’
Flavors: r-devel-linux-x86_64-debian-clang, r-devel-linux-x86_64-debian-gcc, r-devel-linux-x86_64-fedora-clang, r-devel-linux-x86_64-fedora-gcc, r-devel-osx-x86_64-clang, r-devel-windows-ix86+x86_64