CRAN Package Check Results for Package intsvy

Last updated on 2016-12-04 08:46:57.

Flavor Version Tinstall Tcheck Ttotal Status Flags
r-devel-linux-x86_64-debian-clang 1.9 5.36 60.40 65.76 NOTE
r-devel-linux-x86_64-debian-gcc 1.9 5.47 60.23 65.70 NOTE
r-devel-linux-x86_64-fedora-clang 1.9 147.10 NOTE --no-stop-on-test-error
r-devel-linux-x86_64-fedora-gcc 1.9 148.67 NOTE
r-devel-macos-x86_64-clang 1.9 111.77 NOTE --no-stop-on-test-error
r-devel-windows-ix86+x86_64 1.9 15.00 104.00 119.00 NOTE
r-patched-linux-x86_64 1.9 5.60 57.55 63.16 OK
r-patched-solaris-sparc 1.9 783.60 OK
r-patched-solaris-x86 1.9 163.40 OK
r-release-linux-x86_64 1.9 5.32 56.11 61.43 OK
r-release-osx-x86_64-mavericks 1.9 OK
r-release-windows-ix86+x86_64 1.9 22.00 103.00 125.00 OK
r-oldrel-windows-ix86+x86_64 1.9 30.00 153.00 183.00 OK

Check Details

Version: 1.9
Check: files in ‘vignettes’
Result: NOTE
    Package has no Sweave vignette sources and no VignetteBuilder field.
Flavors: r-devel-linux-x86_64-debian-clang, r-devel-linux-x86_64-debian-gcc, r-devel-linux-x86_64-fedora-gcc, r-devel-windows-ix86+x86_64

Version: 1.9
Flags: --no-stop-on-test-error
Check: files in ‘vignettes’
Result: NOTE
    Package has no Sweave vignette sources and no VignetteBuilder field.
Flavors: r-devel-linux-x86_64-fedora-clang, r-devel-macos-x86_64-clang