CRAN Package Check Results for Package intsvy

Last updated on 2017-04-28 17:47:40.

Flavor Version Tinstall Tcheck Ttotal Status Flags
r-devel-linux-x86_64-debian-clang 1.9 5.61 62.80 68.41 NOTE
r-devel-linux-x86_64-debian-gcc 1.9 5.64 61.95 67.59 NOTE
r-devel-linux-x86_64-fedora-clang 1.9 145.64 NOTE --no-stop-on-test-error
r-devel-linux-x86_64-fedora-gcc 1.9 140.24 NOTE --no-stop-on-test-error
r-devel-windows-ix86+x86_64 1.9 31.00 145.00 176.00 NOTE
r-patched-linux-x86_64 1.9 6.07 62.12 68.19 NOTE
r-patched-solaris-sparc 1.9 809.70 NOTE
r-patched-solaris-x86 1.9 181.90 NOTE
r-release-linux-x86_64 1.9 5.39 61.35 66.74 NOTE
r-release-windows-ix86+x86_64 1.9 22.00 143.00 165.00 NOTE
r-release-osx-x86_64 1.9 NOTE
r-oldrel-windows-ix86+x86_64 1.9 24.00 137.00 161.00 OK
r-oldrel-osx-x86_64 1.9 OK

Check Details

Version: 1.9
Check: files in ‘vignettes’
Result: NOTE
    Package has no Sweave vignette sources and no VignetteBuilder field.
Flavors: r-devel-linux-x86_64-debian-clang, r-devel-linux-x86_64-debian-gcc, r-devel-windows-ix86+x86_64, r-patched-linux-x86_64, r-patched-solaris-sparc, r-patched-solaris-x86, r-release-linux-x86_64, r-release-windows-ix86+x86_64, r-release-osx-x86_64

Version: 1.9
Flags: --no-stop-on-test-error
Check: files in ‘vignettes’
Result: NOTE
    Package has no Sweave vignette sources and no VignetteBuilder field.
Flavors: r-devel-linux-x86_64-fedora-clang, r-devel-linux-x86_64-fedora-gcc