CRAN Package Check Results for Package intsvy

Last updated on 2016-09-30 04:49:04.

Flavor Version Tinstall Tcheck Ttotal Status Flags
r-devel-linux-x86_64-debian-clang 1.9 4.15 55.81 59.96 NOTE
r-devel-linux-x86_64-debian-gcc 1.9 4.56 56.57 61.13 NOTE
r-devel-linux-x86_64-fedora-clang 1.9 134.01 NOTE
r-devel-linux-x86_64-fedora-gcc 1.9 118.49 NOTE
r-devel-macos-x86_64-clang 1.9 91.54 NOTE
r-devel-windows-ix86+x86_64 1.9 23.00 126.00 149.00 NOTE
r-patched-linux-x86_64 1.9 4.46 55.13 59.59 OK
r-patched-solaris-sparc 1.9 734.30 OK
r-patched-solaris-x86 1.9 154.80 OK
r-release-linux-x86_64 1.9 4.33 56.89 61.22 OK
r-release-osx-x86_64-mavericks 1.9 OK
r-release-windows-ix86+x86_64 1.9 12.00 102.00 114.00 OK
r-oldrel-windows-ix86+x86_64 1.9 23.00 130.00 153.00 OK

Check Details

Version: 1.9
Check: files in ‘vignettes’
Result: NOTE
    Package has no Sweave vignette sources and no VignetteBuilder field.
Flavors: r-devel-linux-x86_64-debian-clang, r-devel-linux-x86_64-debian-gcc, r-devel-linux-x86_64-fedora-clang, r-devel-linux-x86_64-fedora-gcc, r-devel-macos-x86_64-clang, r-devel-windows-ix86+x86_64