CRAN Package Check Results for Package invacost

Last updated on 2021-04-11 01:49:49 CEST.

Flavor Version Tinstall Tcheck Ttotal Status Flags
r-devel-linux-x86_64-debian-clang 1.0 7.20 67.79 74.99 OK
r-devel-linux-x86_64-debian-gcc 1.0 5.29 52.15 57.44 OK
r-devel-linux-x86_64-fedora-clang 1.0 101.44 NOTE
r-devel-linux-x86_64-fedora-gcc 1.0 83.44 NOTE
r-devel-windows-ix86+x86_64 1.0 13.00 71.00 84.00 OK
r-devel-windows-x86_64-gcc10-UCRT 1.0 NOTE
r-patched-linux-x86_64 1.0 7.15 62.63 69.78 OK
r-patched-solaris-x86 1.0 130.70 NOTE
r-release-linux-x86_64 1.0 7.18 62.42 69.60 OK
r-release-macos-x86_64 1.0 NOTE
r-release-windows-ix86+x86_64 1.0 33.00 90.00 123.00 OK
r-oldrel-macos-x86_64 1.0 NOTE
r-oldrel-windows-ix86+x86_64 1.0 14.00 89.00 103.00 OK

Check Details

Version: 1.0
Check: dependencies in R code
Result: NOTE
    Namespace in Imports field not imported from: ‘graphics’
     All declared Imports should be used.
Flavors: r-devel-linux-x86_64-fedora-clang, r-devel-linux-x86_64-fedora-gcc, r-devel-windows-x86_64-gcc10-UCRT, r-patched-solaris-x86, r-release-macos-x86_64, r-oldrel-macos-x86_64

Version: 1.0
Check: data for non-ASCII characters
Result: NOTE
     Note: found 10234 marked UTF-8 strings
Flavors: r-devel-linux-x86_64-fedora-clang, r-devel-linux-x86_64-fedora-gcc, r-devel-windows-x86_64-gcc10-UCRT, r-patched-solaris-x86, r-release-macos-x86_64, r-oldrel-macos-x86_64