CRAN Package Check Results for Package investr

Last updated on 2015-07-27 23:48:00.

Flavor Version Tinstall Tcheck Ttotal Status Flags
r-devel-linux-x86_64-debian-clang 1.3.0 0.73 19.75 20.48 NOTE
r-devel-linux-x86_64-debian-gcc 1.3.0 0.75 20.28 21.03 NOTE
r-devel-linux-x86_64-fedora-clang 1.3.0 41.10 NOTE
r-devel-linux-x86_64-fedora-gcc 1.3.0 36.83 NOTE
r-devel-osx-x86_64-clang 1.3.0 34.31 OK
r-devel-windows-ix86+x86_64 1.3.0 3.00 32.00 35.00 NOTE
r-patched-linux-x86_64 1.3.0 0.76 20.56 21.32 OK
r-patched-solaris-sparc 1.3.0 248.80 OK
r-patched-solaris-x86 1.3.0 51.90 OK
r-release-linux-x86_64 1.3.0 0.75 20.17 20.92 OK
r-release-osx-x86_64-mavericks 1.3.0 OK
r-release-windows-ix86+x86_64 1.3.0 4.00 34.00 38.00 OK
r-oldrel-windows-ix86+x86_64 1.3.0 6.00 40.00 46.00 OK

Check Details

Version: 1.3.0
Check: R code for possible problems
Result: NOTE
    calibrate.default: no visible global function definition for ‘coef’
    calibrate.default: no visible global function definition for ‘lm’
    calibrate.default: no visible global function definition for ‘resid’
    calibrate.default: no visible global function definition for ‘var’
    calibrate.default: no visible global function definition for ‘qt’
    calibrate.default: no visible global function definition for ‘qf’
    calibrate.formula: no visible binding for global variable ‘na.fail’
    calibrate.formula: no visible global function definition for
     ‘model.extract’
    calibrate.formula: no visible global function definition for
     ‘model.matrix’
    calibrate.lm: no visible global function definition for ‘formula’
    invest.glm: no visible global function definition for ‘formula’
    invest.glm: no visible global function definition for ‘family’
    invest.glm: no visible global function definition for ‘uniroot’
    invest.glm : <anonymous>: no visible global function definition for
     ‘predict’
    invest.glm: no visible global function definition for ‘qnorm’
    invest.glm: no visible global function definition for ‘vcov’
    invest.glm : inversionFun: no visible global function definition for
     ‘predict’
    invest.glm : dmFun: no visible global function definition for ‘uniroot’
    invest.glm : dmFun : <anonymous>: no visible global function definition
     for ‘predict’
    invest.glm: no visible global function definition for ‘coef’
    invest.glm: no visible global function definition for ‘numericDeriv’
    invest.lm: no visible global function definition for ‘formula’
    invest.lm: no visible global function definition for ‘resid’
    invest.lm: no visible global function definition for ‘coef’
    invest.lm: no visible global function definition for ‘var’
    invest.lm: no visible global function definition for ‘uniroot’
    invest.lm : <anonymous>: no visible global function definition for
     ‘predict’
    invest.lm: no visible global function definition for ‘txtProgressBar’
    invest.lm: no visible global function definition for ‘runif’
    invest.lm: no visible global function definition for ‘fitted’
    invest.lm: no visible global function definition for ‘residuals’
    invest.lm: no visible global function definition for ‘simulate’
    invest.lm : x0Fun: no visible global function definition for ‘update’
    invest.lm : x0Fun: no visible global function definition for ‘rnorm’
    invest.lm : x0Fun: no visible global function definition for ‘uniroot’
    invest.lm : x0Fun : <anonymous>: no visible global function definition
     for ‘predict’
    invest.lm : x0Fun: no visible global function definition for
     ‘setTxtProgressBar’
    invest.lm: no visible global function definition for ‘na.omit’
    invest.lm: no visible global function definition for ‘quantile’
    invest.lm: no visible global function definition for ‘sd’
    invest.lm: no visible global function definition for ‘qt’
    invest.lm : inversionFun: no visible global function definition for
     ‘predict’
    invest.lm : dmFun: no visible global function definition for ‘uniroot’
    invest.lm : dmFun : <anonymous>: no visible global function definition
     for ‘predict’
    invest.lm: no visible global function definition for ‘vcov’
    invest.lm: no visible global function definition for ‘numericDeriv’
    invest.lme: no visible global function definition for ‘formula’
    invest.lme: no visible global function definition for ‘resid’
    invest.lme: no visible global function definition for ‘qnorm’
    invest.lme: no visible global function definition for ‘uniroot’
    invest.lme : <anonymous>: no visible global function definition for
     ‘predict’
    invest.lme : dmFun : fun: no visible global function definition for
     ‘model.matrix’
    invest.lme : dmFun: no visible global function definition for ‘uniroot’
    invest.lme: no visible global function definition for ‘vcov’
    invest.lme: no visible global function definition for ‘numericDeriv’
    invest.nls: no visible global function definition for ‘formula’
    invest.nls: no visible global function definition for ‘resid’
    invest.nls: no visible global function definition for ‘coef’
    invest.nls: no visible global function definition for ‘uniroot’
    invest.nls : <anonymous>: no visible global function definition for
     ‘predict’
    invest.nls: no visible global function definition for ‘txtProgressBar’
    invest.nls: no visible global function definition for ‘runif’
    invest.nls: no visible global function definition for ‘fitted’
    invest.nls: no visible global function definition for ‘residuals’
    invest.nls: no visible global function definition for ‘simulate’
    invest.nls : x0Fun: no visible global function definition for ‘update’
    invest.nls : x0Fun: no visible global function definition for ‘rnorm’
    invest.nls : x0Fun: no visible global function definition for ‘uniroot’
    invest.nls : x0Fun : <anonymous>: no visible global function definition
     for ‘predict’
    invest.nls : x0Fun: no visible global function definition for
     ‘setTxtProgressBar’
    invest.nls: no visible global function definition for ‘na.omit’
    invest.nls: no visible global function definition for ‘quantile’
    invest.nls: no visible global function definition for ‘sd’
    invest.nls: no visible global function definition for ‘qt’
    invest.nls : dmFun: no visible global function definition for ‘uniroot’
    invest.nls : dmFun : <anonymous>: no visible global function definition
     for ‘predict’
    invest.nls: no visible global function definition for ‘vcov’
    invest.nls: no visible global function definition for ‘numericDeriv’
    makeData: no visible global function definition for ‘setNames’
    makeX: no visible global function definition for ‘model.matrix’
    makeZ: no visible global function definition for ‘formula’
    makeZ: no visible binding for global variable ‘na.fail’
    makeZ: no visible global function definition for ‘model.matrix’
    plot.bootCal: no visible global function definition for ‘par’
    plot.bootCal: no visible global function definition for ‘hist’
    plot.bootCal: no visible global function definition for ‘qqnorm’
    plot.bootCal: no visible global function definition for ‘qqline’
    plotFit.glm: no visible global function definition for ‘grey’
    plotFit.glm: no visible global function definition for ‘formula’
    plotFit.glm: no visible global function definition for ‘family’
    plotFit.glm: no visible global function definition for ‘extendrange’
    plotFit.glm: no visible global function definition for ‘predict’
    plotFit.glm: no visible global function definition for ‘qnorm’
    plotFit.glm: no visible global function definition for ‘plot’
    plotFit.glm: no visible global function definition for ‘polygon’
    plotFit.glm: no visible global function definition for ‘lines’
    plotFit.lm: no visible global function definition for ‘grey’
    plotFit.lm: no visible global function definition for ‘formula’
    plotFit.lm: no visible global function definition for ‘extendrange’
    plotFit.lm: no visible global function definition for ‘plot’
    plotFit.lm: no visible global function definition for ‘polygon’
    plotFit.lm: no visible global function definition for ‘lines’
    plotFit.lm: no visible global function definition for ‘predict’
    plotFit.lqs: no visible global function definition for ‘formula’
    plotFit.lqs: no visible global function definition for ‘extendrange’
    plotFit.lqs: no visible global function definition for ‘predict’
    plotFit.lqs: no visible global function definition for ‘plot’
    plotFit.lqs: no visible global function definition for ‘lines’
    plotFit.nls: no visible global function definition for ‘grey’
    plotFit.nls: no visible global function definition for ‘formula’
    plotFit.nls: no visible global function definition for ‘extendrange’
    plotFit.nls: no visible global function definition for ‘plot’
    plotFit.nls: no visible global function definition for ‘polygon’
    plotFit.nls: no visible global function definition for ‘lines’
    plotFit.nls: no visible global function definition for ‘predict’
    plotFit.rlm: no visible global function definition for ‘formula’
    plotFit.rlm: no visible global function definition for ‘extendrange’
    plotFit.rlm: no visible global function definition for ‘predict’
    plotFit.rlm: no visible global function definition for ‘plot’
    plotFit.rlm: no visible global function definition for ‘lines’
    predFit.lm: no visible global function definition for ‘predict’
    predFit.lm: no visible global function definition for ‘qt’
    predFit.lm: no visible global function definition for ‘coef’
    predFit.lm: no visible global function definition for ‘qf’
    predFit.lme: no visible global function definition for ‘formula’
    predFit.lme: no visible global function definition for ‘predict’
    predFit.lme: no visible global function definition for ‘vcov’
    predFit.nls: no visible global function definition for ‘formula’
    predFit.nls: no visible global function definition for ‘coef’
    predFit.nls: no visible global function definition for ‘numericDeriv’
    predFit.nls: no visible global function definition for ‘qt’
    predFit.nls: no visible global function definition for ‘df.residual’
    predFit.nls: no visible global function definition for ‘qf’
    simulate.nls: no visible global function definition for ‘runif’
    simulate.nls: no visible global function definition for ‘fitted’
    simulate.nls: no visible global function definition for ‘deviance’
    simulate.nls: no visible global function definition for ‘df.residual’
    simulate.nls: no visible global function definition for ‘rnorm’
    Undefined global functions or variables:
     coef deviance df.residual extendrange family fitted formula grey hist
     lines lm model.extract model.matrix na.fail na.omit numericDeriv par
     plot polygon predict qf qnorm qqline qqnorm qt quantile resid
     residuals rnorm runif sd setNames setTxtProgressBar simulate
     txtProgressBar uniroot update var vcov
    Consider adding
     importFrom("grDevices", "extendrange", "grey")
     importFrom("graphics", "hist", "lines", "par", "plot", "polygon")
     importFrom("stats", "coef", "deviance", "df.residual", "family",
     "fitted", "formula", "lm", "model.extract", "model.matrix",
     "na.fail", "na.omit", "numericDeriv", "predict", "qf",
     "qnorm", "qqline", "qqnorm", "qt", "quantile", "resid",
     "residuals", "rnorm", "runif", "sd", "setNames", "simulate",
     "uniroot", "update", "var", "vcov")
     importFrom("utils", "setTxtProgressBar", "txtProgressBar")
    to your NAMESPACE.
Flavors: r-devel-linux-x86_64-debian-clang, r-devel-linux-x86_64-debian-gcc, r-devel-linux-x86_64-fedora-clang, r-devel-linux-x86_64-fedora-gcc, r-devel-windows-ix86+x86_64