CRAN Package Check Results for Package investr

Last updated on 2014-12-18 00:48:51.

Flavor Version Tinstall Tcheck Ttotal Status Flags
r-devel-linux-x86_64-debian-clang 1.1.2 0.85 15.27 16.12 WARN
r-devel-linux-x86_64-debian-gcc 1.1.2 0.84 15.02 15.86 WARN
r-devel-linux-x86_64-fedora-clang 1.1.2 33.42 WARN
r-devel-linux-x86_64-fedora-gcc 1.1.2 30.98 WARN
r-devel-osx-x86_64-clang 1.1.2 33.07 WARN
r-devel-windows-ix86+x86_64 1.1.2 5.00 23.00 28.00 WARN
r-patched-linux-x86_64 1.1.2 0.88 15.29 16.17 WARN
r-patched-solaris-sparc 1.1.2 195.40 WARN
r-patched-solaris-x86 1.1.2 44.70 WARN
r-release-linux-ix86 1.1.2 1.10 21.61 22.71 OK
r-release-linux-x86_64 1.1.2 0.86 15.32 16.18 OK
r-release-osx-x86_64-mavericks 1.1.2 OK
r-release-osx-x86_64-snowleopard 1.1.2 OK
r-release-windows-ix86+x86_64 1.1.2 4.00 26.00 30.00 OK
r-oldrel-windows-ix86+x86_64 1.1.2 4.00 27.00 31.00 OK

Check Details

Version: 1.1.2
Check: for unstated dependencies in examples
Result: WARN
    'library' or 'require' call not declared from: ‘RColorBrewer’
Flavors: r-devel-linux-x86_64-debian-clang, r-devel-linux-x86_64-debian-gcc, r-devel-linux-x86_64-fedora-clang, r-devel-linux-x86_64-fedora-gcc, r-devel-osx-x86_64-clang, r-devel-windows-ix86+x86_64, r-patched-linux-x86_64, r-patched-solaris-sparc, r-patched-solaris-x86