CRAN Package Check Results for Package investr

Last updated on 2014-09-17 16:46:35.

Flavor Version Tinstall Tcheck Ttotal Status Flags
r-devel-linux-x86_64-debian-clang 1.1.2 0.82 14.57 15.39 OK
r-devel-linux-x86_64-debian-gcc 1.1.2 0.80 14.42 15.22 OK
r-devel-linux-x86_64-fedora-clang 1.1.2 16.90 OK
r-devel-linux-x86_64-fedora-gcc 1.1.2 16.74 OK
r-devel-osx-x86_64-clang 1.1.2 24.37 OK
r-devel-windows-ix86+x86_64 1.1.2 3.00 23.00 26.00 OK
r-patched-linux-x86_64 1.1.1 0.84 15.42 16.26 OK
r-patched-solaris-sparc 1.1.2 166.30 OK
r-patched-solaris-x86 1.1.2 36.00 OK
r-release-linux-ix86 1.1.1 1.27 20.28 21.55 ERROR
r-release-linux-x86_64 1.1.2 0.93 15.84 16.77 OK
r-release-osx-x86_64-mavericks 1.1.2 OK
r-release-osx-x86_64-snowleopard 1.1.1 OK
r-release-windows-ix86+x86_64 1.1.2 4.00 25.00 29.00 OK
r-oldrel-windows-ix86+x86_64 1.1.2 3.00 24.00 27.00 OK

Check Details

Version: 1.1.1
Check: tests
Result: ERROR
    Running the tests in ‘tests/testthat.R’ failed.
    Last 13 lines of output:
     all.equal(res.norm$lower, ci.norm[1], tol = 1e-06) isn't true
    
     6. Failure(@test-invest.R#151): approximate standard error is correct ----------
     all.equal(res.t$lower, ci.t[1], tol = 1e-06) isn't true
    
     7. Failure(@test-invest.R#152): approximate standard error is correct ----------
     all.equal(res.norm$upper, ci.norm[2], tol = 1e-07) isn't true
    
     8. Failure(@test-invest.R#153): approximate standard error is correct ----------
     all.equal(res.t$upper, ci.t[2], tol = 1e-07) isn't true
    
     Error: Test failures
     Execution halted
Flavor: r-release-linux-ix86