CRAN Package Check Results for Package investr

Last updated on 2014-08-28 06:46:45.

Flavor Version Tinstall Tcheck Ttotal Status Flags
r-devel-linux-x86_64-debian-clang 1.1.0 0.63 11.93 12.56 NOTE
r-devel-linux-x86_64-debian-gcc 1.1.0 0.58 11.76 12.34 NOTE
r-devel-linux-x86_64-fedora-clang 1.1.0 26.89 NOTE
r-devel-linux-x86_64-fedora-gcc 1.1.0 24.01 NOTE
r-devel-osx-x86_64-clang 1.1.0 26.77 NOTE
r-devel-windows-ix86+x86_64 1.1.0 3.00 20.00 23.00 NOTE
r-patched-linux-x86_64 1.1.0 0.63 12.40 13.03 OK
r-patched-solaris-sparc 1.1.0 166.40 OK
r-patched-solaris-x86 1.1.0 38.60 OK
r-release-linux-ix86 1.1.0 1.06 19.50 20.56 OK
r-release-linux-x86_64 1.1.0 0.66 12.74 13.40 OK
r-release-osx-x86_64-mavericks 1.1.0 OK
r-release-osx-x86_64-snowleopard 1.1.0 OK
r-release-windows-ix86+x86_64 1.1.0 2.00 23.00 25.00 OK
r-oldrel-windows-ix86+x86_64 1.1.0 3.00 23.00 26.00 OK

Check Details

Version: 1.1.0
Check: R code for possible problems
Result: NOTE
    invest.lme: no visible global function definition for ‘getData’
    invest.lme: no visible global function definition for ‘fixef’
    makeData: no visible global function definition for ‘getData’
    makeZ: no visible global function definition for ‘asOneFormula’
    varY: no visible global function definition for ‘getVarCov’
Flavors: r-devel-linux-x86_64-debian-clang, r-devel-linux-x86_64-debian-gcc, r-devel-linux-x86_64-fedora-clang, r-devel-linux-x86_64-fedora-gcc, r-devel-osx-x86_64-clang, r-devel-windows-ix86+x86_64