CRAN Package Check Results for Package investr

Last updated on 2024-02-25 18:51:27 CET.

Flavor Version Tinstall Tcheck Ttotal Status Flags
r-devel-linux-x86_64-debian-clang 1.4.2 4.63 54.40 59.03 OK
r-devel-linux-x86_64-debian-gcc 1.4.2 3.36 41.35 44.71 OK
r-devel-linux-x86_64-fedora-clang 1.4.2 71.73 NOTE
r-devel-linux-x86_64-fedora-gcc 1.4.2 81.57 OK
r-devel-windows-x86_64 1.4.2 5.00 85.00 90.00 OK
r-patched-linux-x86_64 1.4.2 5.18 52.54 57.72 OK
r-release-linux-x86_64 1.4.2 4.62 51.73 56.35 OK
r-release-macos-arm64 1.4.2 35.00 OK
r-release-macos-x86_64 1.4.2 50.00 OK
r-release-windows-x86_64 1.4.2 5.00 95.00 100.00 OK
r-oldrel-macos-arm64 1.4.2 34.00 OK
r-oldrel-windows-x86_64 1.4.2 6.00 88.00 94.00 OK

Check Details

Version: 1.4.2
Check: Rd cross-references
Result: NOTE Undeclared packages ‘nlstools’, ‘lme4’ in Rd xrefs Flavor: r-devel-linux-x86_64-fedora-clang