CRAN Package Check Results for Package io

Last updated on 2019-03-22 05:50:19 CET.

Flavor Version Tinstall Tcheck Ttotal Status Flags
r-devel-linux-x86_64-debian-clang 0.3.0 2.79 27.35 30.14 NOTE
r-devel-linux-x86_64-debian-gcc 0.3.0 2.24 22.70 24.94 OK
r-devel-linux-x86_64-fedora-clang 0.3.0 37.21 OK
r-devel-linux-x86_64-fedora-gcc 0.3.0 35.51 OK
r-devel-windows-ix86+x86_64 0.3.0 7.00 57.00 64.00 OK
r-patched-linux-x86_64 0.3.0 2.32 25.55 27.87 OK
r-patched-solaris-x86 0.3.0 49.20 ERROR
r-release-linux-x86_64 0.3.0 2.30 25.10 27.40 OK
r-release-windows-ix86+x86_64 0.3.0 8.00 56.00 64.00 OK
r-release-osx-x86_64 0.3.0 OK
r-oldrel-windows-ix86+x86_64 0.3.0 6.00 51.00 57.00 OK
r-oldrel-osx-x86_64 0.3.0 NOTE

Check Details

Version: 0.3.0
Check: package dependencies
Result: NOTE
    Package suggested but not available for checking: 'rhdf5'
Flavors: r-devel-linux-x86_64-debian-clang, r-oldrel-osx-x86_64

Version: 0.3.0
Check: tests
Result: ERROR
     Running ‘testthat.R’
    Running the tests in ‘tests/testthat.R’ failed.
    Complete output:
     > library(testthat)
     > library(stringr)
     > library(io)
     Loading required package: filenamer
     >
     > test_check("io")
     ── 1. Error: (unknown) (@test_read-write-read.R#8) ────────────────────────────
     HDF5. File accessibilty. Unable to open file.
     1: test_read_write_read(f) at testthat/test_read-write-read.R:8
     2: qread(infile) at /home/ripley/R/packages/tests32/io.Rcheck/tests/testthat/helper.R:47
     3: .qread(file, if (is.null(type)) .infer_file_type(file) else type, ...)
     4: qread.hdf5(file, if (is.null(type)) .infer_file_type(file) else type, ...)
     5: trimws(rhdf5::h5ls(file)$name)
     6: mysub("[ \t\r\n]+$", mysub("^[ \t\r\n]+", x))
     7: sub(re, "", x, perl = TRUE)
     8: mysub("^[ \t\r\n]+", x)
     9: sub(re, "", x, perl = TRUE)
     10: rhdf5::h5ls(file)
     11: h5checktypeOrOpenLoc(file, readonly = TRUE, native = native)
     12: H5Fopen(file, "H5F_ACC_RDONLY", native = native)
    
     ══ testthat results ═══════════════════════════════════════════════════════════
     OK: 0 SKIPPED: 0 FAILED: 1
     1. Error: (unknown) (@test_read-write-read.R#8)
    
     Error: testthat unit tests failed
     Execution halted
Flavor: r-patched-solaris-x86