Last updated on 2023-03-28 00:51:52 CEST.
Flavor | Version | Tinstall | Tcheck | Ttotal | Status | Flags |
---|---|---|---|---|---|---|
r-devel-linux-x86_64-debian-clang | 0.3.2 | 3.83 | 41.17 | 45.00 | OK | |
r-devel-linux-x86_64-debian-gcc | 0.3.2 | 4.40 | 32.05 | 36.45 | OK | |
r-devel-linux-x86_64-fedora-clang | 0.3.2 | 58.43 | OK | |||
r-devel-linux-x86_64-fedora-gcc | 0.3.2 | 60.21 | OK | |||
r-patched-linux-x86_64 | 0.3.2 | 4.79 | 40.02 | 44.81 | OK | |
r-release-linux-x86_64 | 0.3.2 | 5.08 | 41.99 | 47.07 | OK | |
r-release-macos-arm64 | 0.3.2 | 21.00 | NOTE | |||
r-release-macos-x86_64 | 0.3.2 | 26.00 | OK | |||
r-release-windows-x86_64 | 0.3.2 | 26.00 | 71.00 | 97.00 | OK | |
r-oldrel-macos-arm64 | 0.3.2 | 24.00 | OK | |||
r-oldrel-macos-x86_64 | 0.3.2 | 35.00 | OK | |||
r-oldrel-windows-ix86+x86_64 | 0.3.2 | 10.00 | 89.00 | 99.00 | WARN |
Version: 0.3.2
Check: package dependencies
Result: NOTE
Package suggested but not available for checking: ‘rhdf5’
Flavor: r-release-macos-arm64
Version: 0.3.2
Check: for unstated dependencies in ‘tests’
Result: WARN
Warning: unable to access index for repository https://bioconductor.org/packages/3.14/bioc/src/contrib:
cannot open URL 'https://bioconductor.org/packages/3.14/bioc/src/contrib/PACKAGES'
Warning: unable to access index for repository https://bioconductor.org/packages/3.14/data/annotation/src/contrib:
cannot open URL 'https://bioconductor.org/packages/3.14/data/annotation/src/contrib/PACKAGES'
Warning: unable to access index for repository https://bioconductor.org/packages/3.14/data/experiment/src/contrib:
cannot open URL 'https://bioconductor.org/packages/3.14/data/experiment/src/contrib/PACKAGES'
Flavor: r-oldrel-windows-ix86+x86_64