CRAN Package Check Results for Package iotools

Last updated on 2024-02-28 20:53:24 CET.

Flavor Version Tinstall Tcheck Ttotal Status Flags
r-devel-linux-x86_64-debian-clang 0.3-5 6.47 33.77 40.24 NOTE
r-devel-linux-x86_64-debian-gcc 0.3-5 5.83 25.50 31.33 NOTE
r-devel-linux-x86_64-fedora-clang 0.3-5 48.22 NOTE
r-devel-linux-x86_64-fedora-gcc 0.3-5 47.64 NOTE
r-devel-windows-x86_64 0.3-5 11.00 61.00 72.00 NOTE
r-patched-linux-x86_64 0.3-5 7.73 32.81 40.54 NOTE
r-release-linux-x86_64 0.3-5 5.54 32.98 38.52 NOTE
r-release-macos-arm64 0.3-5 28.00 NOTE
r-release-macos-x86_64 0.3-5 54.00 NOTE
r-release-windows-x86_64 0.3-5 16.00 62.00 78.00 NOTE
r-oldrel-macos-arm64 0.3-5 28.00 NOTE
r-oldrel-windows-x86_64 0.3-5 14.00 86.00 100.00 NOTE

Check Details

Version: 0.3-5
Check: compiled code
Result: NOTE File ‘iotools/libs/iotools.so’: Found non-API calls to R: ‘R_GetConnection’, ‘R_ReadConnection’, ‘R_WriteConnection’ Compiled code should not call non-API entry points in R. See ‘Writing portable packages’ in the ‘Writing R Extensions’ manual. Flavors: r-devel-linux-x86_64-debian-clang, r-devel-linux-x86_64-debian-gcc, r-patched-linux-x86_64, r-release-linux-x86_64, r-release-macos-arm64, r-release-macos-x86_64, r-oldrel-macos-arm64

Version: 0.3-5
Check: compiled code
Result: NOTE File ‘iotools/libs/iotools.so’: Found non-API calls to R: ‘R_GetConnection’, ‘R_ReadConnection’, ‘R_WriteConnection’ File ‘iotools/libs/iotools.so’: Found no calls to: ‘R_registerRoutines’, ‘R_useDynamicSymbols’ Compiled code should not call non-API entry points in R. It is good practice to register native routines and to disable symbol search. See ‘Writing portable packages’ in the ‘Writing R Extensions’ manual. Flavors: r-devel-linux-x86_64-fedora-clang, r-devel-linux-x86_64-fedora-gcc

Version: 0.3-5
Check: compiled code
Result: NOTE File 'iotools/libs/x64/iotools.dll': Found non-API calls to R: 'R_GetConnection', 'R_ReadConnection', 'R_WriteConnection' Compiled code should not call non-API entry points in R. See 'Writing portable packages' in the 'Writing R Extensions' manual. Flavors: r-devel-windows-x86_64, r-release-windows-x86_64, r-oldrel-windows-x86_64