CRAN Package Check Results for Package ipaddress

Last updated on 2020-08-05 21:49:02 CEST.

Flavor Version Tinstall Tcheck Ttotal Status Flags
r-devel-linux-x86_64-debian-clang 0.3.0 57.35 41.95 99.30 OK
r-devel-linux-x86_64-debian-gcc 0.3.0 42.34 31.82 74.16 OK
r-devel-linux-x86_64-fedora-clang 0.3.0 154.76 NOTE
r-devel-linux-x86_64-fedora-gcc 0.3.0 137.46 OK
r-devel-windows-ix86+x86_64 0.3.0 151.00 87.00 238.00 OK
r-patched-linux-x86_64 0.3.0 47.17 40.79 87.96 OK
r-patched-solaris-x86 0.3.0 135.30 OK
r-release-linux-x86_64 0.3.0 46.57 41.17 87.74 OK
r-release-macos-x86_64 0.3.0 NOTE
r-release-windows-ix86+x86_64 0.3.0 147.00 114.00 261.00 OK
r-oldrel-macos-x86_64 0.3.0 NOTE
r-oldrel-windows-ix86+x86_64 0.3.0 97.00 73.00 170.00 OK

Check Details

Version: 0.3.0
Check: installed package size
Result: NOTE
     installed size is 6.5Mb
     sub-directories of 1Mb or more:
     libs 6.2Mb
Flavors: r-devel-linux-x86_64-fedora-clang, r-release-macos-x86_64, r-oldrel-macos-x86_64