CRAN Package Check Results for Package ipdmeta

Last updated on 2015-06-30 19:47:50.

Flavor Version Tinstall Tcheck Ttotal Status Flags
r-devel-linux-x86_64-debian-clang 2.4 0.99 19.63 20.62 NOTE
r-devel-linux-x86_64-debian-gcc 2.4 1.00 18.99 19.99 NOTE
r-devel-linux-x86_64-fedora-clang 2.4 40.57 NOTE
r-devel-linux-x86_64-fedora-gcc 2.4 37.13 NOTE
r-devel-osx-x86_64-clang 2.4 38.26 NOTE
r-devel-windows-ix86+x86_64 2.4 6.00 30.00 36.00 NOTE
r-patched-linux-x86_64 2.4 1.02 19.49 20.51 NOTE
r-patched-solaris-sparc 2.4 257.70 NOTE
r-patched-solaris-x86 2.4 54.30 NOTE
r-release-linux-x86_64 2.4 1.00 19.80 20.80 NOTE
r-release-osx-x86_64-mavericks 2.4 NOTE
r-release-windows-ix86+x86_64 2.4 7.00 33.00 40.00 NOTE
r-oldrel-windows-ix86+x86_64 2.4 7.00 42.00 49.00 NOTE

Check Details

Version: 2.4
Check: top-level files
Result: NOTE
    Non-standard file/directory found at top level:
     ‘beta’
Flavors: r-devel-linux-x86_64-debian-clang, r-devel-linux-x86_64-debian-gcc, r-devel-linux-x86_64-fedora-clang, r-devel-linux-x86_64-fedora-gcc, r-patched-linux-x86_64, r-release-linux-x86_64

Version: 2.4
Check: dependencies in R code
Result: NOTE
    Package in Depends field not imported from: ‘methods’
     These packages need to be imported from (in the NAMESPACE file)
     for when this namespace is loaded but not attached.
Flavors: r-devel-linux-x86_64-debian-clang, r-devel-linux-x86_64-debian-gcc, r-devel-linux-x86_64-fedora-clang, r-devel-linux-x86_64-fedora-gcc, r-devel-osx-x86_64-clang, r-devel-windows-ix86+x86_64, r-patched-linux-x86_64, r-patched-solaris-sparc, r-patched-solaris-x86, r-release-linux-x86_64, r-release-osx-x86_64-mavericks, r-release-windows-ix86+x86_64, r-oldrel-windows-ix86+x86_64

Version: 2.4
Check: R code for possible problems
Result: NOTE
    ipd.meta.power.base.function : power: no visible global function
     definition for ‘qnorm’
    ipd.meta.power.base.function : power: no visible global function
     definition for ‘pnorm’
    ipd.meta.power.base.function: no visible global function definition for
     ‘qnorm’
    ipdlme.hetero: no visible global function definition for ‘new’
    ipdlme.homo: no visible global function definition for ‘new’
    plot_ipdlme: no visible global function definition for ‘par’
    plot_ipdlme: no visible global function definition for ‘abline’
    plot_ipdlme: no visible global function definition for ‘axis’
    plot_ipdlme: no visible global function definition for ‘segments’
    confint,ipdlme: no visible global function definition for ‘qt’
    plot,ipdlme: no visible global function definition for ‘par’
    plot,ipdlme: no visible global function definition for ‘abline’
    plot,ipdlme: no visible global function definition for ‘axis’
    plot,ipdlme: no visible global function definition for ‘segments’
    summary,ipdlme: no visible global function definition for ‘pt’
Flavors: r-devel-linux-x86_64-debian-clang, r-devel-linux-x86_64-debian-gcc, r-devel-linux-x86_64-fedora-clang, r-devel-windows-ix86+x86_64

Version: 2.4
Check: R code for possible problems
Result: NOTE
    summary,ipdlme: warning in pt(abs(stat), df = object@df, lower =
     FALSE): partial argument match of 'lower' to 'lower.tail'
Flavors: r-devel-linux-x86_64-fedora-gcc, r-devel-osx-x86_64-clang, r-patched-linux-x86_64, r-patched-solaris-sparc, r-patched-solaris-x86, r-release-linux-x86_64, r-release-osx-x86_64-mavericks, r-release-windows-ix86+x86_64, r-oldrel-windows-ix86+x86_64