CRAN Package Check Results for Package ipdmeta

Last updated on 2014-10-21 05:48:00.

Flavor Version Tinstall Tcheck Ttotal Status Flags
r-devel-linux-x86_64-debian-clang 2.4 1.17 21.43 22.60 NOTE
r-devel-linux-x86_64-debian-gcc 2.4 1.14 21.10 22.24 NOTE
r-devel-linux-x86_64-fedora-clang 2.4 45.91 NOTE
r-devel-linux-x86_64-fedora-gcc 2.4 43.25 NOTE
r-devel-osx-x86_64-clang 2.4 43.97 NOTE
r-devel-windows-ix86+x86_64 2.4 4.00 35.00 39.00 NOTE
r-patched-linux-x86_64 2.4 1.56 22.05 23.61 NOTE
r-patched-solaris-sparc 2.4 274.80 NOTE
r-patched-solaris-x86 2.4 60.80 NOTE
r-release-linux-ix86 2.4 1.72 30.06 31.78 NOTE
r-release-linux-x86_64 2.4 1.22 23.88 25.10 NOTE
r-release-osx-x86_64-mavericks 2.4 NOTE
r-release-osx-x86_64-snowleopard 2.4 NOTE
r-release-windows-ix86+x86_64 2.4 4.00 32.00 36.00 NOTE
r-oldrel-windows-ix86+x86_64 2.4 4.00 33.00 37.00 NOTE

Check Details

Version: 2.4
Check: top-level files
Result: NOTE
    Non-standard file/directory found at top level:
     ‘beta’
Flavors: r-devel-linux-x86_64-debian-clang, r-devel-linux-x86_64-debian-gcc, r-devel-linux-x86_64-fedora-clang, r-devel-linux-x86_64-fedora-gcc, r-patched-linux-x86_64, r-release-linux-x86_64

Version: 2.4
Check: dependencies in R code
Result: NOTE
    Package in Depends field not imported from: ‘methods’
     These packages need to be imported from (in the NAMESPACE file)
     for when this namespace is loaded but not attached.
    See the information on DESCRIPTION files in the chapter ‘Creating R
    packages’ of the ‘Writing R Extensions’ manual.
Flavors: r-devel-linux-x86_64-debian-clang, r-devel-linux-x86_64-debian-gcc, r-devel-linux-x86_64-fedora-clang, r-devel-linux-x86_64-fedora-gcc, r-devel-osx-x86_64-clang, r-devel-windows-ix86+x86_64, r-patched-linux-x86_64, r-patched-solaris-sparc, r-patched-solaris-x86, r-release-linux-ix86, r-release-linux-x86_64, r-release-osx-x86_64-mavericks, r-release-windows-ix86+x86_64, r-oldrel-windows-ix86+x86_64

Version: 2.4
Check: R code for possible problems
Result: NOTE
    summary,ipdlme: warning in pt(abs(stat), df = object@df, lower =
     FALSE): partial argument match of ‘lower’ to ‘lower.tail’
Flavors: r-devel-linux-x86_64-debian-clang, r-devel-linux-x86_64-debian-gcc, r-devel-linux-x86_64-fedora-clang, r-devel-linux-x86_64-fedora-gcc, r-devel-osx-x86_64-clang, r-devel-windows-ix86+x86_64, r-patched-linux-x86_64, r-patched-solaris-sparc, r-patched-solaris-x86, r-release-linux-ix86, r-release-linux-x86_64, r-release-osx-x86_64-mavericks, r-release-osx-x86_64-snowleopard, r-release-windows-ix86+x86_64, r-oldrel-windows-ix86+x86_64

Version: 2.4
Check: dependencies in R code
Result: NOTE
    Package in Depends field not imported from: 'methods'
     These packages need to be imported from for the case when
     this namespace is loaded but not attached.
    See the information on DESCRIPTION files in the chapter 'Creating R
    packages' of the 'Writing R Extensions' manual.
Flavor: r-release-osx-x86_64-snowleopard