CRAN Package Check Results for Package ipdmeta

Last updated on 2014-04-24 11:48:48.

Flavor Version Tinstall Tcheck Ttotal Status Flags
r-devel-linux-x86_64-debian-clang 2.4 1.24 23.71 24.96 NOTE
r-devel-linux-x86_64-debian-gcc 2.4 1.23 22.89 24.12 NOTE
r-devel-linux-x86_64-fedora-clang 2.4 46.53 NOTE
r-devel-linux-x86_64-fedora-gcc 2.4 45.83 NOTE
r-devel-osx-x86_64-clang 2.4 40.32 NOTE
r-devel-osx-x86_64-gcc 2.4 NOTE
r-devel-windows-ix86+x86_64 2.4 3.00 32.00 35.00 NOTE
r-patched-linux-x86_64 2.4 1.24 22.60 23.83 NOTE
r-patched-solaris-sparc 2.4 293.40 NOTE
r-patched-solaris-x86 2.4 60.90 NOTE
r-release-linux-ix86 2.4 2.00 42.00 44.00 NOTE
r-release-linux-x86_64 2.4 1.24 22.97 24.21 NOTE
r-release-osx-x86_64-mavericks 2.4 WARN
r-release-osx-x86_64-snowleopard 2.4 NOTE
r-release-windows-ix86+x86_64 2.4 4.00 34.00 38.00 NOTE
r-oldrel-windows-ix86+x86_64 2.4 5.00 34.00 39.00 NOTE

Check Details

Version: 2.4
Check: dependencies in R code
Result: NOTE
    Package in Depends field not imported from: ‘methods’
     These packages need to be imported from (in the NAMESPACE file)
     for when this namespace is loaded but not attached.
    See the information on DESCRIPTION files in the chapter ‘Creating R
    packages’ of the ‘Writing R Extensions’ manual.
Flavors: r-devel-linux-x86_64-debian-clang, r-devel-linux-x86_64-debian-gcc, r-devel-linux-x86_64-fedora-clang, r-devel-linux-x86_64-fedora-gcc, r-devel-osx-x86_64-clang, r-devel-osx-x86_64-gcc, r-devel-windows-ix86+x86_64, r-patched-linux-x86_64, r-patched-solaris-sparc, r-patched-solaris-x86, r-release-linux-ix86, r-release-linux-x86_64, r-release-osx-x86_64-mavericks, r-release-windows-ix86+x86_64, r-oldrel-windows-ix86+x86_64

Version: 2.4
Check: R code for possible problems
Result: NOTE
    summary,ipdlme: warning in pt(abs(stat), df = object@df, lower =
     FALSE): partial argument match of 'lower' to 'lower.tail'
Flavors: r-devel-linux-x86_64-debian-clang, r-devel-linux-x86_64-debian-gcc, r-devel-linux-x86_64-fedora-clang, r-devel-linux-x86_64-fedora-gcc, r-devel-osx-x86_64-clang, r-devel-osx-x86_64-gcc, r-devel-windows-ix86+x86_64, r-patched-linux-x86_64, r-patched-solaris-sparc, r-patched-solaris-x86, r-release-linux-ix86, r-release-linux-x86_64, r-release-osx-x86_64-mavericks, r-release-osx-x86_64-snowleopard, r-release-windows-ix86+x86_64, r-oldrel-windows-ix86+x86_64

Version: 2.4
Check: top-level files
Result: NOTE
    Non-standard file/directory found at top level:
     ‘beta’
Flavors: r-devel-linux-x86_64-fedora-clang, r-devel-linux-x86_64-fedora-gcc

Version: 2.4
Check: PDF version of manual
Result: WARNING
    LaTeX errors when creating PDF version.
    This typically indicates Rd problems.
    LaTeX errors found:
    ! LaTeX Error: File `upquote.sty' not found.
    
    Type X to quit or <RETURN> to proceed,
    or enter new name. (Default extension: sty)
    
    6b172ba/Rd2.tex:8: ==> Fatal error occurred, no output PDF file produced!
Flavor: r-release-osx-x86_64-mavericks

Version: 2.4
Check: dependencies in R code
Result: NOTE
    Package in Depends field not imported from: 'methods'
     These packages need to be imported from for the case when
     this namespace is loaded but not attached.
    See the information on DESCRIPTION files in the chapter 'Creating R
    packages' of the 'Writing R Extensions' manual.
Flavor: r-release-osx-x86_64-snowleopard