CRAN Package Check Results for Package ipdmeta

Last updated on 2015-05-29 03:48:05.

Flavor Version Tinstall Tcheck Ttotal Status Flags
r-devel-linux-x86_64-debian-clang 2.4 1.46 19.67 21.13 NOTE
r-devel-linux-x86_64-debian-gcc 2.4 1.01 20.20 21.21 NOTE
r-devel-linux-x86_64-fedora-clang 2.4 41.89 NOTE
r-devel-linux-x86_64-fedora-gcc 2.4 39.27 NOTE
r-devel-osx-x86_64-clang 2.4 59.34 NOTE
r-devel-windows-ix86+x86_64 2.4 4.00 30.00 34.00 NOTE
r-patched-linux-x86_64 2.4 0.98 19.42 20.40 NOTE
r-patched-solaris-sparc 2.4 257.70 NOTE
r-patched-solaris-x86 2.4 54.00 NOTE
r-release-linux-x86_64 2.4 1.09 19.42 20.51 NOTE
r-release-osx-x86_64-mavericks 2.4 NOTE
r-release-osx-x86_64-snowleopard 2.4 NOTE
r-release-windows-ix86+x86_64 2.4 4.00 34.00 38.00 NOTE
r-oldrel-windows-ix86+x86_64 2.4 4.00 35.00 39.00 NOTE

Check Details

Version: 2.4
Check: top-level files
Result: NOTE
    Non-standard file/directory found at top level:
     ‘beta’
Flavors: r-devel-linux-x86_64-debian-clang, r-devel-linux-x86_64-debian-gcc, r-devel-linux-x86_64-fedora-clang, r-devel-linux-x86_64-fedora-gcc, r-patched-linux-x86_64, r-release-linux-x86_64

Version: 2.4
Check: dependencies in R code
Result: NOTE
    Package in Depends field not imported from: ‘methods’
     These packages need to be imported from (in the NAMESPACE file)
     for when this namespace is loaded but not attached.
Flavors: r-devel-linux-x86_64-debian-clang, r-devel-linux-x86_64-debian-gcc, r-devel-linux-x86_64-fedora-clang, r-devel-linux-x86_64-fedora-gcc, r-devel-osx-x86_64-clang, r-devel-windows-ix86+x86_64, r-patched-linux-x86_64, r-patched-solaris-sparc, r-patched-solaris-x86, r-release-linux-x86_64, r-release-osx-x86_64-mavericks, r-release-osx-x86_64-snowleopard, r-release-windows-ix86+x86_64, r-oldrel-windows-ix86+x86_64

Version: 2.4
Check: R code for possible problems
Result: NOTE
    summary,ipdlme: warning in pt(abs(stat), df = object@df, lower =
     FALSE): partial argument match of ‘lower’ to ‘lower.tail’
Flavors: r-devel-linux-x86_64-debian-clang, r-devel-linux-x86_64-debian-gcc, r-devel-linux-x86_64-fedora-clang, r-devel-linux-x86_64-fedora-gcc, r-devel-osx-x86_64-clang, r-devel-windows-ix86+x86_64, r-patched-linux-x86_64, r-patched-solaris-sparc, r-patched-solaris-x86, r-release-linux-x86_64, r-release-osx-x86_64-mavericks, r-release-osx-x86_64-snowleopard, r-release-windows-ix86+x86_64, r-oldrel-windows-ix86+x86_64