CRAN Package Check Results for Package iplots

Last updated on 2016-05-28 09:11:45.

Flavor Version Tinstall Tcheck Ttotal Status Flags
r-devel-linux-x86_64-debian-gcc 1.1-7 1.67 26.27 27.94 NOTE
r-devel-linux-x86_64-fedora-clang 1.1-7 61.60 NOTE
r-devel-linux-x86_64-fedora-gcc 1.1-7 53.46 NOTE
r-devel-osx-x86_64-clang 1.1-7 45.70 NOTE --no-examples
r-devel-windows-ix86+x86_64 1.1-7 6.00 50.00 56.00 NOTE
r-patched-linux-x86_64 1.1-7 1.66 25.25 26.91 ERROR
r-patched-solaris-sparc 1.1-7 288.50 NOTE
r-patched-solaris-x86 1.1-7 61.70 NOTE
r-release-linux-x86_64 1.1-7 1.62 26.92 28.54 NOTE
r-release-osx-x86_64-mavericks 1.1-7 NOTE --install=fake
r-release-windows-ix86+x86_64 1.1-7 7.00 70.00 77.00 NOTE
r-oldrel-windows-ix86+x86_64 1.1-7 6.00 67.00 73.00 NOTE

Check Details

Version: 1.1-7
Check: DESCRIPTION meta-information
Result: NOTE
    Malformed Description field: should contain one or more complete sentences.
Flavors: r-devel-linux-x86_64-debian-gcc, r-devel-linux-x86_64-fedora-clang, r-devel-linux-x86_64-fedora-gcc, r-devel-windows-ix86+x86_64, r-patched-linux-x86_64, r-patched-solaris-sparc, r-patched-solaris-x86, r-release-linux-x86_64, r-release-windows-ix86+x86_64, r-oldrel-windows-ix86+x86_64

Version: 1.1-7
Check: top-level files
Result: NOTE
    Non-standard file/directory found at top level:
     ‘version’
Flavors: r-devel-linux-x86_64-debian-gcc, r-devel-linux-x86_64-fedora-clang, r-devel-linux-x86_64-fedora-gcc, r-patched-linux-x86_64, r-release-linux-x86_64

Version: 1.1-7
Check: S3 generic/method consistency
Result: NOTE
    Found the following apparent S3 methods exported but not registered:
     !=.iobj ==.iobj dim.iset length.iset length.ivar names.iset
     names<-.iset print.iobj print.iplot print.iset print.ivar
    See section ‘Registering S3 methods’ in the ‘Writing R Extensions’
    manual.
Flavors: r-devel-linux-x86_64-debian-gcc, r-devel-linux-x86_64-fedora-clang, r-devel-linux-x86_64-fedora-gcc, r-patched-linux-x86_64, r-patched-solaris-sparc, r-patched-solaris-x86, r-release-linux-x86_64

Version: 1.1-7
Check: R code for possible problems
Result: NOTE
    .iabline.AB: no visible global function definition for ‘coefficients’
    .iobj.opt.PlotPolygon: no visible global function definition for
     ‘xy.coords’
    .ivar.check.length: no visible global function definition for
     ‘flush.console’
    ilines: no visible global function definition for ‘xy.coords’
    iplot: no visible global function definition for ‘xy.coords’
    itext: no visible global function definition for ‘xy.coords’
    Undefined global functions or variables:
     coefficients flush.console xy.coords
    Consider adding
     importFrom("grDevices", "xy.coords")
     importFrom("stats", "coefficients")
     importFrom("utils", "flush.console")
    to your NAMESPACE file.
Flavors: r-devel-linux-x86_64-debian-gcc, r-devel-linux-x86_64-fedora-clang, r-devel-linux-x86_64-fedora-gcc, r-devel-windows-ix86+x86_64, r-patched-linux-x86_64, r-patched-solaris-sparc, r-patched-solaris-x86, r-release-linux-x86_64, r-release-windows-ix86+x86_64

Version: 1.1-7
Flags: --no-examples
Check: DESCRIPTION meta-information
Result: NOTE
    Malformed Description field: should contain one or more complete sentences.
Flavor: r-devel-osx-x86_64-clang

Version: 1.1-7
Flags: --no-examples
Check: S3 generic/method consistency
Result: NOTE
    Found the following apparent S3 methods exported but not registered:
     !=.iobj ==.iobj dim.iset length.iset length.ivar names.iset
     names<-.iset print.iobj print.iplot print.iset print.ivar
    See section ‘Registering S3 methods’ in the ‘Writing R Extensions’
    manual.
Flavor: r-devel-osx-x86_64-clang

Version: 1.1-7
Flags: --no-examples
Check: R code for possible problems
Result: NOTE
    .iabline.AB: no visible global function definition for ‘coefficients’
    .iobj.opt.PlotPolygon: no visible global function definition for
     ‘xy.coords’
    .ivar.check.length: no visible global function definition for
     ‘flush.console’
    ilines: no visible global function definition for ‘xy.coords’
    iplot: no visible global function definition for ‘xy.coords’
    itext: no visible global function definition for ‘xy.coords’
    Undefined global functions or variables:
     coefficients flush.console xy.coords
    Consider adding
     importFrom("grDevices", "xy.coords")
     importFrom("stats", "coefficients")
     importFrom("utils", "flush.console")
    to your NAMESPACE file.
Flavor: r-devel-osx-x86_64-clang

Version: 1.1-7
Check: examples
Result: ERROR
    Running examples in ‘iplots-Ex.R’ failed
    The error most likely occurred in:
    
    > ### Name: ibar
    > ### Title: Interactive Bar Chart
    > ### Aliases: ibar
    > ### Keywords: hplot
    >
    > ### ** Examples
    >
    > data(iris)
    > attach(iris)
    > ibar(Species)
    Exception in thread "AWT-EventQueue-0" java.lang.NullPointerException
    Error in .jcall(.iplots.fw, "Lorg/rosuda/ibase/plots/BarCanvas;", "newBarchart", :
     java.lang.NullPointerException
    Calls: ibar ... .iplot.iBar -> .iplot.new -> .jcall -> .jcheck -> .Call
     at org.rosuda.ibase.toolkit.PlotTextVector.finishAdd(PlotTextVector.java:125)Execution halted
    
     at org.rosuda.ibase.toolkit.BaseCanvas.endAddingLabels(BaseCanvas.java:1441)
     at org.rosuda.ibase.plots.BarCanvas.paintBack(BarCanvas.java:254)
     at org.rosuda.ibase.toolkit.BaseCanvas.paintPoGraSS(BaseCanvas.java:324)
     at org.rosuda.ibase.toolkit.AWTGraphicsDevice.paintLayer(AWTGraphicsDevice.java:75)
     at org.rosuda.ibase.toolkit.AWTGraphicsDevice.update(AWTGraphicsDevice.java:167)
     at org.rosuda.ibase.toolkit.AWTGraphicsDevice.paint(AWTGraphicsDevice.java:90)
     at org.rosuda.ibase.toolkit.PlotCanvas.paint(PlotCanvas.java:19)
     at sun.awt.RepaintArea.paintComponent(RepaintArea.java:264)
     at sun.awt.X11.XRepaintArea.paintComponent(XRepaintArea.java:64)
     at sun.awt.RepaintArea.paint(RepaintArea.java:240)
     at sun.awt.X11.XComponentPeer.handleEvent(XComponentPeer.java:584)
     at java.awt.Component.dispatchEventImpl(Component.java:4967)
     at java.awt.Component.dispatchEvent(Component.java:4713)
     at java.awt.EventQueue.dispatchEventImpl(EventQueue.java:758)
     at java.awt.EventQueue.access$500(EventQueue.java:97)
     at java.awt.EventQueue$3.run(EventQueue.java:709)
     at java.awt.EventQueue$3.run(EventQueue.java:703)
     at java.security.AccessController.doPrivileged(Native Method)
     at java.security.ProtectionDomain$JavaSecurityAccessImpl.doIntersectionPrivilege(ProtectionDomain.java:76)
     at java.security.ProtectionDomain$JavaSecurityAccessImpl.doIntersectionPrivilege(ProtectionDomain.java:86)
     at java.awt.EventQueue$4.run(EventQueue.java:731)
     at java.awt.EventQueue$4.run(EventQueue.java:729)
     at java.security.AccessController.doPrivileged(Native Method)
     at java.security.ProtectionDomain$JavaSecurityAccessImpl.doIntersectionPrivilege(ProtectionDomain.java:76)
     at java.awt.EventQueue.dispatchEvent(EventQueue.java:728)
     at java.awt.EventDispatchThread.pumpOneEventForFilters(EventDispatchThread.java:201)
     at java.awt.EventDispatchThread.pumpEventsForFilter(EventDispatchThread.java:116)
     at java.awt.EventDispatchThread.pumpEventsForHierarchy(EventDispatchThread.java:105)
     at java.awt.EventDispatchThread.pumpEvents(EventDispatchThread.java:101)
     at java.awt.EventDispatchThread.pumpEvents(EventDispatchThread.java:93)
     at java.awt.EventDispatchThread.run(EventDispatchThread.java:82)
Flavor: r-patched-linux-x86_64

Version: 1.1-7
Flags: --install=fake
Check: DESCRIPTION meta-information
Result: NOTE
    Malformed Description field: should contain one or more complete sentences.
Flavor: r-release-osx-x86_64-mavericks

Version: 1.1-7
Flags: --install=fake
Check: dependencies in R code
Result: NOTE
    Namespace in Imports field not imported from: ‘grDevices’
     All declared Imports should be used.
Flavor: r-release-osx-x86_64-mavericks

Version: 1.1-7
Flags: --install=fake
Check: R code for possible problems
Result: NOTE
    .get.plot.obj: no visible binding for global variable ‘.iplots’
    .iDebug: no visible binding for global variable ‘.iplots.fw’
    .iabline.AB: no visible global function definition for ‘coefficients’
    .iobj.color: no visible binding for global variable ‘.iplot.current’
    .iobj.opt: no visible binding for global variable ‘.iplot.current’
    .iobj.opt.PlotPolygon: no visible global function definition for
     ‘xy.coords’
    .iplot.get.by.pm: no visible binding for global variable ‘.iplots’
    .iplot.getPar: no visible binding for global variable ‘.iplot.current’
    .iplot.iBar: no visible binding for global variable ‘.iplots.fw’
    .iplot.iBox: no visible binding for global variable ‘.iplots.fw’
    .iplot.iHammock: no visible binding for global variable ‘.iplots.fw’
    .iplot.iHist: no visible binding for global variable ‘.iplots.fw’
    .iplot.iMap: no visible binding for global variable ‘.iplots.fw’
    .iplot.iMosaic: no visible binding for global variable ‘.iplots.fw’
    .iplot.iPCP: no visible binding for global variable ‘.iplots.fw’
    .iplot.iPlot: no visible binding for global variable ‘.iplots.fw’
    .iplot.new: no visible binding for '<<-' assignment to ‘.iplots’
    .iplot.new: no visible binding for global variable ‘.iplots’
    .iplot.new: no visible binding for '<<-' assignment to ‘.iplot.current’
    .iplot.new: no visible binding for '<<-' assignment to ‘.iplot.curid’
    .iplot.opt: no visible binding for global variable ‘.iplots.fw’
    .iplot.opt: no visible binding for global variable ‘.iplots’
    .iset.save: no visible binding for '<<-' assignment to ‘.isets’
    .iset.save: no visible binding for global variable ‘.isets’
    .iset.save: no visible binding for global variable ‘.iplots’
    .iset.save: no visible binding for global variable ‘.iplot.curid’
    .iset.save: no visible binding for global variable ‘.iplot.current’
    .ivar.check.length: no visible binding for global variable ‘.iplots.fw’
    .ivar.check.length: no visible global function definition for
     ‘flush.console’
    ievent.wait: no visible binding for global variable ‘.restricted.el’
    ievent.wait: no visible binding for global variable ‘.iplots.fw’
    ilines: no visible global function definition for ‘xy.coords’
    iplot: no visible global function definition for ‘xy.coords’
    iplot.backend: no visible binding for global variable ‘.iplots.fw’
    iplot.cur: no visible binding for global variable ‘.iplot.curid’
    iplot.data: no visible binding for global variable ‘.iplot.current’
    iplot.data: no visible binding for global variable ‘.iplots.fw’
    iplot.list: no visible binding for global variable ‘.iplots’
    iplot.location: no visible binding for global variable ‘.iplots’
    iplot.next: no visible binding for global variable ‘.iplots’
    iplot.off: no visible binding for global variable ‘.iplots’
    iplot.off: no visible binding for '<<-' assignment to ‘.iplots’
    iplot.off: no visible binding for '<<-' assignment to ‘.iplot.current’
    iplot.off: no visible binding for '<<-' assignment to ‘.iplot.curid’
    iplot.opt: no visible binding for global variable ‘.iplots’
    iplot.prev: no visible binding for global variable ‘.iplots’
    iplot.resetZoom: no visible binding for global variable
     ‘.iplot.current’
    iplot.rotate: no visible binding for global variable ‘.iplot.current’
    iplot.set: no visible binding for global variable ‘.iplots’
    iplot.set: no visible binding for '<<-' assignment to ‘.iplot.current’
    iplot.set: no visible binding for '<<-' assignment to ‘.iplot.curid’
    iplot.setExtendedQuery: no visible binding for global variable
     ‘.iplot.curid’
    iplot.setExtendedQuery: no visible binding for global variable
     ‘.iplots.fw’
    iplot.size: no visible binding for global variable ‘.iplots’
    iplot.zoomIn: no visible binding for global variable ‘.iplot.current’
    iplot.zoomOut: no visible binding for global variable ‘.iplot.current’
    iset: no visible binding for global variable ‘.iplots.fw’
    iset.brush: no visible binding for global variable ‘.iplots.fw’
    iset.brush: no visible binding for global variable ‘.iplot.current’
    iset.cur: no visible binding for global variable ‘.iplots.fw’
    iset.list: no visible binding for global variable ‘.iplots.fw’
    iset.new: no visible binding for global variable ‘.iplots.fw’
    iset.new: no visible binding for '<<-' assignment to ‘.iplots’
    iset.new: no visible binding for '<<-' assignment to ‘.iplot.current’
    iset.new: no visible binding for '<<-' assignment to ‘.iplot.curid’
    iset.next: no visible binding for global variable ‘.iplots.fw’
    iset.prev: no visible binding for global variable ‘.iplots.fw’
    iset.rm: no visible binding for global variable ‘.iplots.fw’
    iset.rm: no visible binding for global variable ‘.isets’
    iset.rm: no visible binding for '<<-' assignment to ‘.isets’
    iset.rm: no visible binding for '<<-' assignment to ‘.iplots’
    iset.rm: no visible binding for '<<-' assignment to ‘.iplot.curid’
    iset.rm: no visible binding for '<<-' assignment to ‘.iplot.current’
    iset.sel.changed: no visible binding for global variable
     ‘.iset.selection’
    iset.sel.changed: no visible binding for '<<-' assignment to
     ‘.iset.selection’
    iset.select: no visible binding for global variable ‘.iplots.fw’
    iset.selectAll: no visible binding for global variable ‘.iplots.fw’
    iset.selectNone: no visible binding for global variable ‘.iplots.fw’
    iset.selected: no visible binding for global variable ‘.iplots.fw’
    iset.set: no visible binding for global variable ‘.iplots.fw’
    iset.set: no visible binding for '<<-' assignment to ‘.iplots’
    iset.set: no visible binding for global variable ‘.isets’
    iset.set: no visible binding for '<<-' assignment to ‘.iplot.curid’
    iset.set: no visible binding for '<<-' assignment to ‘.iplot.current’
    iset.updateVars: no visible binding for global variable ‘.iplots.fw’
    isets: no visible binding for global variable ‘.iplots.fw’
    itext: no visible global function definition for ‘xy.coords’
    ivar.data: no visible binding for global variable ‘.iplots.fw’
    ivar.new: no visible binding for global variable ‘.iplots.fw’
    ivar.new.map: no visible binding for global variable ‘.iplots.fw’
    ivar.update: no visible binding for global variable ‘.iplots.fw’
    Undefined global functions or variables:
     .iplot.curid .iplot.current .iplots .iplots.fw .iset.selection .isets
     .restricted.el coefficients flush.console xy.coords
    Consider adding
     importFrom("grDevices", "xy.coords")
     importFrom("stats", "coefficients")
     importFrom("utils", "flush.console")
    to your NAMESPACE file.
Flavor: r-release-osx-x86_64-mavericks