CRAN Package Check Results for Package iplots

Last updated on 2014-07-23 04:48:25.

Flavor Version Tinstall Tcheck Ttotal Status Flags
r-devel-linux-x86_64-debian-clang 1.1-7 2.83 28.61 31.44 OK
r-devel-linux-x86_64-debian-gcc 1.1-7 2.08 25.61 27.69 ERROR
r-devel-linux-x86_64-fedora-clang 1.1-7 69.80 NOTE
r-devel-linux-x86_64-fedora-gcc 1.1-7 63.80 NOTE
r-devel-osx-x86_64-clang 1.1-7 50.95 OK --no-examples
r-devel-windows-ix86+x86_64 1.1-7 6.00 41.00 47.00 OK
r-patched-linux-x86_64 1.1-7 2.02 28.33 30.35 OK
r-patched-solaris-sparc 1.1-7 394.40 OK
r-patched-solaris-x86 1.1-7 87.30 OK
r-release-linux-ix86 1.1-7 2.82 37.06 39.88 OK
r-release-linux-x86_64 1.1-7 2.00 29.62 31.63 OK
r-release-osx-x86_64-mavericks 1.1-7 NOTE --install=fake
r-release-osx-x86_64-snowleopard 1.1-7 NOTE --install=fake
r-release-windows-ix86+x86_64 1.1-7 7.00 43.00 50.00 OK
r-oldrel-windows-ix86+x86_64 1.1-7 6.00 42.00 48.00 OK

Check Details

Version: 1.1-7
Check: examples
Result: ERROR
    Running examples in ‘iplots-Ex.R’ failed
    The error most likely occurred in:
    
    > ### Name: ibar
    > ### Title: Interactive Bar Chart
    > ### Aliases: ibar
    > ### Keywords: hplot
    >
    > ### ** Examples
    >
    > data(iris)
    > attach(iris)
    > ibar(Species)
    Exception in thread "AWT-EventQueue-0" java.lang.NullPointerException
    Error in .jcall(.iplots.fw, "Lorg/rosuda/ibase/plots/BarCanvas;", "newBarchart", :
     java.lang.NullPointerException
    Calls: ibar ... .iplot.iBar -> .iplot.new -> .jcall -> .jcheck -> .Call
    Execution halted
     at org.rosuda.ibase.toolkit.PlotTextVector.finishAdd(PlotTextVector.java:125)
     at org.rosuda.ibase.toolkit.BaseCanvas.endAddingLabels(BaseCanvas.java:1441)
     at org.rosuda.ibase.plots.BarCanvas.paintBack(BarCanvas.java:254)
     at org.rosuda.ibase.toolkit.BaseCanvas.paintPoGraSS(BaseCanvas.java:324)
     at org.rosuda.ibase.toolkit.AWTGraphicsDevice.paintLayer(AWTGraphicsDevice.java:75)
     at org.rosuda.ibase.toolkit.AWTGraphicsDevice.update(AWTGraphicsDevice.java:167)
     at org.rosuda.ibase.toolkit.AWTGraphicsDevice.paint(AWTGraphicsDevice.java:90)
     at org.rosuda.ibase.toolkit.PlotCanvas.paint(PlotCanvas.java:19)
     at sun.awt.RepaintArea.paintComponent(RepaintArea.java:264)
     at sun.awt.X11.XRepaintArea.paintComponent(XRepaintArea.java:73)
     at sun.awt.RepaintArea.paint(RepaintArea.java:240)
     at sun.awt.X11.XComponentPeer.handleEvent(XComponentPeer.java:591)
     at java.awt.Component.dispatchEventImpl(Component.java:4948)
     at java.awt.Component.dispatchEvent(Component.java:4698)
     at java.awt.EventQueue.dispatchEventImpl(EventQueue.java:735)
     at java.awt.EventQueue.access$200(EventQueue.java:103)
     at java.awt.EventQueue$3.run(EventQueue.java:694)
     at java.awt.EventQueue$3.run(EventQueue.java:692)
     at java.security.AccessController.doPrivileged(Native Method)
     at java.security.ProtectionDomain$1.doIntersectionPrivilege(ProtectionDomain.java:76)
     at java.security.ProtectionDomain$1.doIntersectionPrivilege(ProtectionDomain.java:87)
     at java.awt.EventQueue$4.run(EventQueue.java:708)
     at java.awt.EventQueue$4.run(EventQueue.java:706)
     at java.security.AccessController.doPrivileged(Native Method)
     at java.security.ProtectionDomain$1.doIntersectionPrivilege(ProtectionDomain.java:76)
     at java.awt.EventQueue.dispatchEvent(EventQueue.java:705)
     at java.awt.EventDispatchThread.pumpOneEventForFilters(EventDispatchThread.java:242)
     at java.awt.EventDispatchThread.pumpEventsForFilter(EventDispatchThread.java:161)
     at java.awt.EventDispatchThread.pumpEventsForHierarchy(EventDispatchThread.java:150)
     at java.awt.EventDispatchThread.pumpEvents(EventDispatchThread.java:146)
     at java.awt.EventDispatchThread.pumpEvents(EventDispatchThread.java:138)
     at java.awt.EventDispatchThread.run(EventDispatchThread.java:91)
Flavor: r-devel-linux-x86_64-debian-gcc

Version: 1.1-7
Check: top-level files
Result: NOTE
    Non-standard file/directory found at top level:
     ‘version’
Flavors: r-devel-linux-x86_64-fedora-clang, r-devel-linux-x86_64-fedora-gcc

Version: 1.1-7
Flags: --install=fake
Check: dependencies in R code
Result: NOTE
    Namespace in Imports field not imported from: ‘grDevices’
     All declared Imports should be used.
    See the information on DESCRIPTION files in the chapter ‘Creating R
    packages’ of the ‘Writing R Extensions’ manual.
Flavor: r-release-osx-x86_64-mavericks

Version: 1.1-7
Flags: --install=fake
Check: R code for possible problems
Result: NOTE
    .get.plot.obj: no visible binding for global variable ‘.iplots’
    .iDebug: no visible binding for global variable ‘.iplots.fw’
    .iobj.color: no visible binding for global variable ‘.iplot.current’
    .iobj.opt: no visible binding for global variable ‘.iplot.current’
    .iplot.get.by.pm: no visible binding for global variable ‘.iplots’
    .iplot.getPar: no visible binding for global variable ‘.iplot.current’
    .iplot.iBar: no visible binding for global variable ‘.iplots.fw’
    .iplot.iBox: no visible binding for global variable ‘.iplots.fw’
    .iplot.iHammock: no visible binding for global variable ‘.iplots.fw’
    .iplot.iHist: no visible binding for global variable ‘.iplots.fw’
    .iplot.iMap: no visible binding for global variable ‘.iplots.fw’
    .iplot.iMosaic: no visible binding for global variable ‘.iplots.fw’
    .iplot.iPCP: no visible binding for global variable ‘.iplots.fw’
    .iplot.iPlot: no visible binding for global variable ‘.iplots.fw’
    .iplot.new: no visible binding for '<<-' assignment to ‘.iplots’
    .iplot.new: no visible binding for global variable ‘.iplots’
    .iplot.new: no visible binding for '<<-' assignment to ‘.iplot.current’
    .iplot.new: no visible binding for '<<-' assignment to ‘.iplot.curid’
    .iplot.opt: no visible binding for global variable ‘.iplots.fw’
    .iplot.opt: no visible binding for global variable ‘.iplots’
    .iset.save: no visible binding for '<<-' assignment to ‘.isets’
    .iset.save: no visible binding for global variable ‘.isets’
    .iset.save: no visible binding for global variable ‘.iplots’
    .iset.save: no visible binding for global variable ‘.iplot.curid’
    .iset.save: no visible binding for global variable ‘.iplot.current’
    .ivar.check.length: no visible binding for global variable ‘.iplots.fw’
    ievent.wait: no visible binding for global variable ‘.restricted.el’
    ievent.wait: no visible binding for global variable ‘.iplots.fw’
    iplot.backend: no visible binding for global variable ‘.iplots.fw’
    iplot.cur: no visible binding for global variable ‘.iplot.curid’
    iplot.data: no visible binding for global variable ‘.iplot.current’
    iplot.data: no visible binding for global variable ‘.iplots.fw’
    iplot.list: no visible binding for global variable ‘.iplots’
    iplot.location: no visible binding for global variable ‘.iplots’
    iplot.next: no visible binding for global variable ‘.iplots’
    iplot.off: no visible binding for global variable ‘.iplots’
    iplot.off: no visible binding for '<<-' assignment to ‘.iplots’
    iplot.off: no visible binding for '<<-' assignment to ‘.iplot.current’
    iplot.off: no visible binding for '<<-' assignment to ‘.iplot.curid’
    iplot.opt: no visible binding for global variable ‘.iplots’
    iplot.prev: no visible binding for global variable ‘.iplots’
    iplot.resetZoom: no visible binding for global variable
     ‘.iplot.current’
    iplot.rotate: no visible binding for global variable ‘.iplot.current’
    iplot.set: no visible binding for global variable ‘.iplots’
    iplot.set: no visible binding for '<<-' assignment to ‘.iplot.current’
    iplot.set: no visible binding for '<<-' assignment to ‘.iplot.curid’
    iplot.setExtendedQuery: no visible binding for global variable
     ‘.iplot.curid’
    iplot.setExtendedQuery: no visible binding for global variable
     ‘.iplots.fw’
    iplot.size: no visible binding for global variable ‘.iplots’
    iplot.zoomIn: no visible binding for global variable ‘.iplot.current’
    iplot.zoomOut: no visible binding for global variable ‘.iplot.current’
    iset: no visible binding for global variable ‘.iplots.fw’
    iset.brush: no visible binding for global variable ‘.iplots.fw’
    iset.brush: no visible binding for global variable ‘.iplot.current’
    iset.cur: no visible binding for global variable ‘.iplots.fw’
    iset.list: no visible binding for global variable ‘.iplots.fw’
    iset.new: no visible binding for global variable ‘.iplots.fw’
    iset.new: no visible binding for '<<-' assignment to ‘.iplots’
    iset.new: no visible binding for '<<-' assignment to ‘.iplot.current’
    iset.new: no visible binding for '<<-' assignment to ‘.iplot.curid’
    iset.next: no visible binding for global variable ‘.iplots.fw’
    iset.prev: no visible binding for global variable ‘.iplots.fw’
    iset.rm: no visible binding for global variable ‘.iplots.fw’
    iset.rm: no visible binding for global variable ‘.isets’
    iset.rm: no visible binding for '<<-' assignment to ‘.isets’
    iset.rm: no visible binding for '<<-' assignment to ‘.iplots’
    iset.rm: no visible binding for '<<-' assignment to ‘.iplot.curid’
    iset.rm: no visible binding for '<<-' assignment to ‘.iplot.current’
    iset.sel.changed: no visible binding for global variable
     ‘.iset.selection’
    iset.sel.changed: no visible binding for '<<-' assignment to
     ‘.iset.selection’
    iset.select: no visible binding for global variable ‘.iplots.fw’
    iset.selectAll: no visible binding for global variable ‘.iplots.fw’
    iset.selectNone: no visible binding for global variable ‘.iplots.fw’
    iset.selected: no visible binding for global variable ‘.iplots.fw’
    iset.set: no visible binding for global variable ‘.iplots.fw’
    iset.set: no visible binding for '<<-' assignment to ‘.iplots’
    iset.set: no visible binding for global variable ‘.isets’
    iset.set: no visible binding for '<<-' assignment to ‘.iplot.curid’
    iset.set: no visible binding for '<<-' assignment to ‘.iplot.current’
    iset.updateVars: no visible binding for global variable ‘.iplots.fw’
    isets: no visible binding for global variable ‘.iplots.fw’
    ivar.data: no visible binding for global variable ‘.iplots.fw’
    ivar.new: no visible binding for global variable ‘.iplots.fw’
    ivar.new.map: no visible binding for global variable ‘.iplots.fw’
    ivar.update: no visible binding for global variable ‘.iplots.fw’
Flavors: r-release-osx-x86_64-mavericks, r-release-osx-x86_64-snowleopard