CRAN Package Check Results for Package iplots

Last updated on 2015-07-06 08:48:09.

Flavor Version Tinstall Tcheck Ttotal Status Flags
r-devel-linux-x86_64-debian-clang 1.1-7 1.55 24.36 25.91 NOTE
r-devel-linux-x86_64-debian-gcc 1.1-7 1.88 24.66 26.54 NOTE
r-devel-linux-x86_64-fedora-clang 1.1-7 60.38 NOTE
r-devel-linux-x86_64-fedora-gcc 1.1-7 57.85 NOTE
r-devel-osx-x86_64-clang 1.1-7 40.08 NOTE --no-examples
r-devel-windows-ix86+x86_64 1.1-7 8.00 42.00 50.00 NOTE
r-patched-linux-x86_64 1.1-7 1.60 23.57 25.17 ERROR
r-patched-solaris-sparc 1.1-7 316.20 NOTE
r-patched-solaris-x86 1.1-7 76.30 NOTE
r-release-linux-x86_64 1.1-7 1.50 23.68 25.18 NOTE
r-release-osx-x86_64-mavericks 1.1-7 NOTE --install=fake
r-release-windows-ix86+x86_64 1.1-7 9.00 62.00 71.00 NOTE
r-oldrel-windows-ix86+x86_64 1.1-7 10.00 65.00 75.00 OK

Check Details

Version: 1.1-7
Check: DESCRIPTION meta-information
Result: NOTE
    Malformed Description field: should contain one or more complete sentences.
Flavors: r-devel-linux-x86_64-debian-clang, r-devel-linux-x86_64-debian-gcc, r-devel-linux-x86_64-fedora-clang, r-devel-linux-x86_64-fedora-gcc, r-devel-windows-ix86+x86_64, r-patched-linux-x86_64, r-patched-solaris-sparc, r-patched-solaris-x86, r-release-linux-x86_64, r-release-windows-ix86+x86_64

Version: 1.1-7
Check: top-level files
Result: NOTE
    Non-standard file/directory found at top level:
     ‘version’
Flavors: r-devel-linux-x86_64-debian-clang, r-devel-linux-x86_64-debian-gcc, r-devel-linux-x86_64-fedora-clang, r-devel-linux-x86_64-fedora-gcc, r-patched-linux-x86_64, r-release-linux-x86_64

Version: 1.1-7
Check: S3 generic/method consistency
Result: NOTE
    Found the following apparent S3 methods exported but not registered:
     !=.iobj ==.iobj dim.iset length.iset length.ivar names.iset
     names<-.iset print.iobj print.iplot print.iset print.ivar
    See section ‘Registering S3 methods’ in the ‘Writing R Extensions’
    manual.
Flavors: r-devel-linux-x86_64-debian-clang, r-devel-linux-x86_64-debian-gcc, r-devel-linux-x86_64-fedora-clang, r-devel-linux-x86_64-fedora-gcc, r-patched-linux-x86_64, r-patched-solaris-sparc, r-patched-solaris-x86, r-release-linux-x86_64

Version: 1.1-7
Check: R code for possible problems
Result: NOTE
    .iabline.AB: no visible global function definition for ‘coefficients’
    .iobj.opt.PlotPolygon: no visible global function definition for
     ‘xy.coords’
    .ivar.check.length: no visible global function definition for
     ‘flush.console’
    ilines: no visible global function definition for ‘xy.coords’
    iplot: no visible global function definition for ‘xy.coords’
    itext: no visible global function definition for ‘xy.coords’
    Undefined global functions or variables:
     coefficients flush.console xy.coords
Flavors: r-devel-linux-x86_64-debian-clang, r-devel-linux-x86_64-debian-gcc, r-devel-linux-x86_64-fedora-clang, r-devel-linux-x86_64-fedora-gcc, r-devel-windows-ix86+x86_64

Version: 1.1-7
Flags: --no-examples
Check: DESCRIPTION meta-information
Result: NOTE
    Malformed Description field: should contain one or more complete sentences.
Flavor: r-devel-osx-x86_64-clang

Version: 1.1-7
Flags: --no-examples
Check: S3 generic/method consistency
Result: NOTE
    Found the following apparent S3 methods exported but not registered:
     !=.iobj ==.iobj dim.iset length.iset length.ivar names.iset
     names<-.iset print.iobj print.iplot print.iset print.ivar
    See section ‘Registering S3 methods’ in the ‘Writing R Extensions’
    manual.
Flavor: r-devel-osx-x86_64-clang

Version: 1.1-7
Check: examples
Result: ERROR
    Running examples in ‘iplots-Ex.R’ failed
    The error most likely occurred in:
    
    > ### Name: ilines
    > ### Title: Add connected lines or polygon to the current iPlot.
    > ### Aliases: ilines
    > ### Keywords: hplot
    >
    > ### ** Examples
    >
    > data(iris)
    > attach(iris)
    > iplot(Sepal.Width,Petal.Width)
    Error in .jcall(.iplots.fw, "Lorg/rosuda/ibase/plots/ScatterCanvas;", :
     java.lang.NullPointerException
    Calls: iplot ... .iplot.iPlot -> .iplot.new -> .jcall -> .jcheck -> .Call
    Execution halted
Flavor: r-patched-linux-x86_64

Version: 1.1-7
Flags: --install=fake
Check: DESCRIPTION meta-information
Result: NOTE
    Malformed Description field: should contain one or more complete sentences.
Flavor: r-release-osx-x86_64-mavericks

Version: 1.1-7
Flags: --install=fake
Check: dependencies in R code
Result: NOTE
    Namespace in Imports field not imported from: ‘grDevices’
     All declared Imports should be used.
Flavor: r-release-osx-x86_64-mavericks

Version: 1.1-7
Flags: --install=fake
Check: R code for possible problems
Result: NOTE
    .get.plot.obj: no visible binding for global variable ‘.iplots’
    .iDebug: no visible binding for global variable ‘.iplots.fw’
    .iobj.color: no visible binding for global variable ‘.iplot.current’
    .iobj.opt: no visible binding for global variable ‘.iplot.current’
    .iplot.get.by.pm: no visible binding for global variable ‘.iplots’
    .iplot.getPar: no visible binding for global variable ‘.iplot.current’
    .iplot.iBar: no visible binding for global variable ‘.iplots.fw’
    .iplot.iBox: no visible binding for global variable ‘.iplots.fw’
    .iplot.iHammock: no visible binding for global variable ‘.iplots.fw’
    .iplot.iHist: no visible binding for global variable ‘.iplots.fw’
    .iplot.iMap: no visible binding for global variable ‘.iplots.fw’
    .iplot.iMosaic: no visible binding for global variable ‘.iplots.fw’
    .iplot.iPCP: no visible binding for global variable ‘.iplots.fw’
    .iplot.iPlot: no visible binding for global variable ‘.iplots.fw’
    .iplot.new: no visible binding for '<<-' assignment to ‘.iplots’
    .iplot.new: no visible binding for global variable ‘.iplots’
    .iplot.new: no visible binding for '<<-' assignment to ‘.iplot.current’
    .iplot.new: no visible binding for '<<-' assignment to ‘.iplot.curid’
    .iplot.opt: no visible binding for global variable ‘.iplots.fw’
    .iplot.opt: no visible binding for global variable ‘.iplots’
    .iset.save: no visible binding for '<<-' assignment to ‘.isets’
    .iset.save: no visible binding for global variable ‘.isets’
    .iset.save: no visible binding for global variable ‘.iplots’
    .iset.save: no visible binding for global variable ‘.iplot.curid’
    .iset.save: no visible binding for global variable ‘.iplot.current’
    .ivar.check.length: no visible binding for global variable ‘.iplots.fw’
    ievent.wait: no visible binding for global variable ‘.restricted.el’
    ievent.wait: no visible binding for global variable ‘.iplots.fw’
    iplot.backend: no visible binding for global variable ‘.iplots.fw’
    iplot.cur: no visible binding for global variable ‘.iplot.curid’
    iplot.data: no visible binding for global variable ‘.iplot.current’
    iplot.data: no visible binding for global variable ‘.iplots.fw’
    iplot.list: no visible binding for global variable ‘.iplots’
    iplot.location: no visible binding for global variable ‘.iplots’
    iplot.next: no visible binding for global variable ‘.iplots’
    iplot.off: no visible binding for global variable ‘.iplots’
    iplot.off: no visible binding for '<<-' assignment to ‘.iplots’
    iplot.off: no visible binding for '<<-' assignment to ‘.iplot.current’
    iplot.off: no visible binding for '<<-' assignment to ‘.iplot.curid’
    iplot.opt: no visible binding for global variable ‘.iplots’
    iplot.prev: no visible binding for global variable ‘.iplots’
    iplot.resetZoom: no visible binding for global variable
     ‘.iplot.current’
    iplot.rotate: no visible binding for global variable ‘.iplot.current’
    iplot.set: no visible binding for global variable ‘.iplots’
    iplot.set: no visible binding for '<<-' assignment to ‘.iplot.current’
    iplot.set: no visible binding for '<<-' assignment to ‘.iplot.curid’
    iplot.setExtendedQuery: no visible binding for global variable
     ‘.iplot.curid’
    iplot.setExtendedQuery: no visible binding for global variable
     ‘.iplots.fw’
    iplot.size: no visible binding for global variable ‘.iplots’
    iplot.zoomIn: no visible binding for global variable ‘.iplot.current’
    iplot.zoomOut: no visible binding for global variable ‘.iplot.current’
    iset: no visible binding for global variable ‘.iplots.fw’
    iset.brush: no visible binding for global variable ‘.iplots.fw’
    iset.brush: no visible binding for global variable ‘.iplot.current’
    iset.cur: no visible binding for global variable ‘.iplots.fw’
    iset.list: no visible binding for global variable ‘.iplots.fw’
    iset.new: no visible binding for global variable ‘.iplots.fw’
    iset.new: no visible binding for '<<-' assignment to ‘.iplots’
    iset.new: no visible binding for '<<-' assignment to ‘.iplot.current’
    iset.new: no visible binding for '<<-' assignment to ‘.iplot.curid’
    iset.next: no visible binding for global variable ‘.iplots.fw’
    iset.prev: no visible binding for global variable ‘.iplots.fw’
    iset.rm: no visible binding for global variable ‘.iplots.fw’
    iset.rm: no visible binding for global variable ‘.isets’
    iset.rm: no visible binding for '<<-' assignment to ‘.isets’
    iset.rm: no visible binding for '<<-' assignment to ‘.iplots’
    iset.rm: no visible binding for '<<-' assignment to ‘.iplot.curid’
    iset.rm: no visible binding for '<<-' assignment to ‘.iplot.current’
    iset.sel.changed: no visible binding for global variable
     ‘.iset.selection’
    iset.sel.changed: no visible binding for '<<-' assignment to
     ‘.iset.selection’
    iset.select: no visible binding for global variable ‘.iplots.fw’
    iset.selectAll: no visible binding for global variable ‘.iplots.fw’
    iset.selectNone: no visible binding for global variable ‘.iplots.fw’
    iset.selected: no visible binding for global variable ‘.iplots.fw’
    iset.set: no visible binding for global variable ‘.iplots.fw’
    iset.set: no visible binding for '<<-' assignment to ‘.iplots’
    iset.set: no visible binding for global variable ‘.isets’
    iset.set: no visible binding for '<<-' assignment to ‘.iplot.curid’
    iset.set: no visible binding for '<<-' assignment to ‘.iplot.current’
    iset.updateVars: no visible binding for global variable ‘.iplots.fw’
    isets: no visible binding for global variable ‘.iplots.fw’
    ivar.data: no visible binding for global variable ‘.iplots.fw’
    ivar.new: no visible binding for global variable ‘.iplots.fw’
    ivar.new.map: no visible binding for global variable ‘.iplots.fw’
    ivar.update: no visible binding for global variable ‘.iplots.fw’
Flavor: r-release-osx-x86_64-mavericks