CRAN Package Check Results for Package ipred

Last updated on 2015-04-27 15:46:34.

Flavor Version Tinstall Tcheck Ttotal Status Flags
r-devel-linux-x86_64-debian-clang 0.9-4 1.34 46.51 47.85 OK
r-devel-linux-x86_64-debian-gcc 0.9-4 1.31 46.42 47.74 OK
r-devel-linux-x86_64-fedora-clang 0.9-4 96.49 OK
r-devel-linux-x86_64-fedora-gcc 0.9-4 91.80 OK
r-devel-osx-x86_64-clang 0.9-4 88.99 OK
r-devel-windows-ix86+x86_64 0.9-4 6.00 111.00 117.00 OK
r-patched-linux-x86_64 0.9-4 1.38 46.38 47.76 OK
r-patched-solaris-sparc 0.9-4 608.00 OK
r-patched-solaris-x86 0.9-4 115.20 OK
r-release-linux-x86_64 0.9-4 1.34 46.14 47.48 OK
r-release-osx-x86_64-mavericks 0.9-4 OK
r-release-osx-x86_64-snowleopard 0.9-4 NOTE
r-release-windows-ix86+x86_64 0.9-4 10.00 135.00 145.00 OK
r-oldrel-windows-ix86+x86_64 0.9-4 6.00 101.00 107.00 OK

Check Details

Version: 0.9-4
Check: Rd cross-references
Result: NOTE
    Package unavailable to check Rd xrefs: ‘party’
Flavor: r-release-osx-x86_64-snowleopard