CRAN Package Check Results for Package ipred

Last updated on 2015-01-31 20:46:49.

Flavor Version Tinstall Tcheck Ttotal Status Flags
r-devel-linux-x86_64-debian-clang 0.9-3 1.36 47.62 48.98 NOTE
r-devel-linux-x86_64-debian-gcc 0.9-3 1.34 45.46 46.81 NOTE
r-devel-linux-x86_64-fedora-clang 0.9-3 103.61 NOTE
r-devel-linux-x86_64-fedora-gcc 0.9-3 96.96 NOTE
r-devel-osx-x86_64-clang 0.9-3 103.16 NOTE
r-devel-windows-ix86+x86_64 0.9-3 10.00 100.00 110.00 OK
r-patched-linux-x86_64 0.9-3 1.77 52.20 53.97 OK
r-patched-solaris-sparc 0.9-3 611.90 OK
r-patched-solaris-x86 0.9-3 131.00 OK
r-release-linux-ix86 0.9-3 2.22 67.33 69.55 OK
r-release-linux-x86_64 0.9-3 1.68 52.12 53.80 OK
r-release-osx-x86_64-mavericks 0.9-3 OK
r-release-osx-x86_64-snowleopard 0.9-3 OK
r-release-windows-ix86+x86_64 0.9-3 9.00 115.00 124.00 OK
r-oldrel-windows-ix86+x86_64 0.9-3 10.00 121.00 131.00 OK

Check Details

Version: 0.9-3
Check: S3 generic/method consistency
Result: NOTE
    Found the following apparent S3 methods exported but not registered:
     predict.ipredknn
    See section ‘Registering S3 methods’ in the ‘Writing R Extensions’
    manual.
Flavors: r-devel-linux-x86_64-debian-clang, r-devel-linux-x86_64-debian-gcc, r-devel-linux-x86_64-fedora-clang, r-devel-linux-x86_64-fedora-gcc, r-devel-osx-x86_64-clang