CRAN Package Check Results for Package ipred

Last updated on 2014-04-24 19:54:00.

Flavor Version Tinstall Tcheck Ttotal Status Flags
r-devel-linux-x86_64-debian-clang 0.9-3 1.84 53.67 55.50 OK
r-devel-linux-x86_64-debian-gcc 0.9-3 1.81 54.29 56.10 OK
r-devel-linux-x86_64-fedora-clang 0.9-3 110.24 OK
r-devel-linux-x86_64-fedora-gcc 0.9-3 106.56 OK
r-devel-osx-x86_64-clang 0.9-3 89.48 OK
r-devel-osx-x86_64-gcc 0.9-3 NOTE
r-devel-windows-ix86+x86_64 0.9-3 6.00 107.00 113.00 OK
r-patched-linux-x86_64 0.9-3 1.72 53.41 55.13 OK
r-patched-solaris-sparc 0.9-3 647.90 OK
r-patched-solaris-x86 0.9-3 128.30 OK
r-release-linux-ix86 0.9-3 4.00 97.00 101.00 OK
r-release-linux-x86_64 0.9-3 1.73 54.69 56.42 OK
r-release-osx-x86_64-mavericks 0.9-3 WARN
r-release-osx-x86_64-snowleopard 0.9-3 OK
r-release-windows-ix86+x86_64 0.9-3 8.00 116.00 124.00 OK
r-oldrel-windows-ix86+x86_64 0.9-3 7.00 120.00 127.00 OK

Check Details

Version: 0.9-3
Check: Rd cross-references
Result: NOTE
    Package unavailable to check Rd xrefs: ‘party’
Flavor: r-devel-osx-x86_64-gcc

Version: 0.9-3
Check: PDF version of manual
Result: WARNING
    LaTeX errors when creating PDF version.
    This typically indicates Rd problems.
    LaTeX errors found:
    ! LaTeX Error: File `upquote.sty' not found.
    
    Type X to quit or <RETURN> to proceed,
    or enter new name. (Default extension: sty)
    
    1fecc51/Rd2.tex:8: ==> Fatal error occurred, no output PDF file produced!
Flavor: r-release-osx-x86_64-mavericks