CRAN Package Check Results for Package ipred

Last updated on 2015-05-24 22:47:04.

Flavor Version Tinstall Tcheck Ttotal Status Flags
r-devel-linux-x86_64-debian-clang 0.9-4 1.33 46.12 47.45 OK
r-devel-linux-x86_64-debian-gcc 0.9-4 1.33 45.10 46.43 OK
r-devel-linux-x86_64-fedora-clang 0.9-4 95.78 OK
r-devel-linux-x86_64-fedora-gcc 0.9-4 90.05 OK
r-devel-osx-x86_64-clang 0.9-4 101.03 OK
r-devel-windows-ix86+x86_64 0.9-4 7.00 107.00 114.00 OK
r-patched-linux-x86_64 0.9-4 1.34 45.67 47.01 OK
r-patched-solaris-sparc 0.9-4 572.70 OK
r-patched-solaris-x86 0.9-4 116.20 OK
r-release-linux-x86_64 0.9-4 1.30 46.87 48.17 OK
r-release-osx-x86_64-mavericks 0.9-4 OK
r-release-osx-x86_64-snowleopard 0.9-4 NOTE
r-release-windows-ix86+x86_64 0.9-4 7.00 97.00 104.00 OK
r-oldrel-windows-ix86+x86_64 0.9-4 9.00 107.00 116.00 OK

Check Details

Version: 0.9-4
Check: Rd cross-references
Result: NOTE
    Package unavailable to check Rd xrefs: ‘party’
Flavor: r-release-osx-x86_64-snowleopard