CRAN Package Check Results for Package ipred

Last updated on 2015-07-04 16:46:27.

Flavor Version Tinstall Tcheck Ttotal Status Flags
r-devel-linux-x86_64-debian-clang 0.9-4 1.41 43.27 44.68 NOTE
r-devel-linux-x86_64-debian-gcc 0.9-4 1.37 42.58 43.95 NOTE
r-devel-linux-x86_64-fedora-clang 0.9-4 88.02 NOTE
r-devel-linux-x86_64-fedora-gcc 0.9-4 83.55 NOTE
r-devel-osx-x86_64-clang 0.9-4 81.89 OK
r-devel-windows-ix86+x86_64 0.9-4 8.00 90.00 98.00 NOTE
r-patched-linux-x86_64 0.9-4 1.37 42.93 44.30 OK
r-patched-solaris-sparc 0.9-4 514.10 OK
r-patched-solaris-x86 0.9-4 111.80 OK
r-release-linux-x86_64 0.9-4 1.34 42.52 43.86 OK
r-release-osx-x86_64-mavericks 0.9-4 OK
r-release-windows-ix86+x86_64 0.9-4 8.00 90.00 98.00 OK
r-oldrel-windows-ix86+x86_64 0.9-4 8.00 140.00 148.00 OK

Check Details

Version: 0.9-4
Check: R code for possible problems
Result: NOTE
    bagging.data.frame: no visible global function definition for ‘terms’
    errorest.data.frame: no visible binding for global variable ‘na.omit’
    errorest.data.frame: no visible global function definition for ‘terms’
    errorest.data.frame: no visible global function definition for
     ‘complete.cases’
    getpartition: no visible global function definition for
     ‘delete.response’
    getpartition: no visible global function definition for ‘model.frame’
    getpartition: no visible global function definition for
     ‘getFromNamespace’
    inbagg.data.frame : <anonymous>: no visible global function definition
     for ‘predict’
    inbagg.data.frame: no visible global function definition for ‘terms’
    inbagg.data.frame: no visible global function definition for
     ‘as.formula’
    inclass.data.frame: no visible global function definition for ‘terms’
    inclass.data.frame: no visible global function definition for
     ‘as.formula’
    ipredbagg.Surv: no visible global function definition for ‘predict’
    ipredbagg.factor: no visible global function definition for ‘predict’
    ipredbagg.numeric: no visible global function definition for ‘predict’
    ipredknn: no visible global function definition for ‘terms’
    ipredknn: no visible global function definition for ‘model.extract’
    ipredknn: no visible global function definition for ‘model.matrix’
    mypredict.lm: no visible global function definition for ‘terms’
    mypredict.lm: no visible global function definition for ‘na.omit’
    mypredict.lm: no visible global function definition for ‘predict’
    predict.classbagg: no visible global function definition for
     ‘delete.response’
    predict.classbagg: no visible global function definition for
     ‘model.frame’
    predict.classbagg: no visible global function definition for
     ‘getFromNamespace’
    predict.classbagg: no visible global function definition for ‘predict’
    predict.inbagg: no visible global function definition for ‘predict’
    predict.inclass: no visible global function definition for ‘predict’
    predict.ipredknn: no visible global function definition for
     ‘model.frame’
    predict.ipredknn: no visible global function definition for
     ‘as.formula’
    predict.ipredknn: no visible global function definition for
     ‘delete.response’
    predict.ipredknn: no visible global function definition for
     ‘model.matrix’
    predict.irpart: no visible global function definition for
     ‘delete.response’
    predict.irpart: no visible global function definition for ‘model.frame’
    predict.irpart: no visible global function definition for
     ‘getFromNamespace’
    predict.irpart: no visible global function definition for ‘naresid’
    predict.regbagg: no visible global function definition for
     ‘delete.response’
    predict.regbagg: no visible global function definition for
     ‘model.frame’
    predict.regbagg: no visible global function definition for
     ‘getFromNamespace’
    predict.regbagg: no visible global function definition for ‘predict’
    predict.slda: no visible global function definition for ‘model.frame’
    predict.slda: no visible global function definition for ‘as.formula’
    predict.slda: no visible global function definition for
     ‘delete.response’
    predict.slda: no visible global function definition for ‘model.matrix’
    predict.slda: no visible global function definition for ‘predict’
    predict.survbagg: no visible global function definition for
     ‘delete.response’
    predict.survbagg: no visible global function definition for
     ‘model.frame’
    predict.survbagg: no visible global function definition for
     ‘getFromNamespace’
    rsurv: no visible global function definition for ‘runif’
    rsurv: no visible global function definition for ‘rexp’
    rsurv: no visible binding for global variable ‘rexp’
    sbrier: no visible global function definition for ‘predict’
    slda.default: no visible binding for global variable ‘data’
    slda.factor: no visible global function definition for ‘cov’
    slda.formula: no visible global function definition for ‘terms’
    slda.formula: no visible global function definition for ‘model.extract’
    slda.formula: no visible global function definition for ‘model.matrix’
    varset: no visible global function definition for ‘rnorm’
    workhorse.inbagg : addclass: no visible global function definition for
     ‘terms’
    workhorse.inbagg : addclass : fct: no visible global function
     definition for ‘terms’
    workhorse.inbagg : addclass : fct: no visible global function
     definition for ‘predict’
    workhorse.inbagg: no visible global function definition for ‘terms’
    workhorse.inbagg: no visible global function definition for
     ‘as.formula’
    workhorse.inclass: no visible global function definition for ‘terms’
    workhorse.inclass: no visible global function definition for ‘predict’
    workhorse.inclass: no visible global function definition for
     ‘as.formula’
    Undefined global functions or variables:
     as.formula complete.cases cov data delete.response getFromNamespace
     model.extract model.frame model.matrix na.omit naresid predict rexp
     rnorm runif terms
Flavors: r-devel-linux-x86_64-debian-clang, r-devel-linux-x86_64-debian-gcc, r-devel-linux-x86_64-fedora-clang, r-devel-linux-x86_64-fedora-gcc, r-devel-windows-ix86+x86_64