CRAN Package Check Results for Package iptools

Last updated on 2020-02-18 19:55:02 CET.

Flavor Version Tinstall Tcheck Ttotal Status Flags
r-devel-linux-x86_64-debian-clang 0.6.1 45.07 44.88 89.95 OK
r-devel-linux-x86_64-debian-gcc 0.6.1 31.29 35.17 66.46 OK
r-devel-linux-x86_64-fedora-clang 0.6.1 118.25 NOTE
r-devel-linux-x86_64-fedora-gcc 0.6.1 114.77 NOTE
r-devel-windows-ix86+x86_64 0.6.1 78.00 87.00 165.00 OK
r-devel-windows-ix86+x86_64-gcc8 0.6.1 133.00 134.00 267.00 OK
r-patched-linux-x86_64 0.6.1 38.15 39.26 77.41 OK
r-release-linux-x86_64 0.6.1 38.80 39.35 78.15 OK
r-release-windows-ix86+x86_64 0.6.1 92.00 85.00 177.00 OK
r-release-osx-x86_64 0.6.1 NOTE
r-oldrel-windows-ix86+x86_64 0.6.1 85.00 108.00 193.00 OK
r-oldrel-osx-x86_64 0.6.1 NOTE

Additional issues

clang-UBSAN

Check Details

Version: 0.6.1
Check: data for non-ASCII characters
Result: NOTE
     Note: found 12 marked UTF-8 strings
Flavors: r-devel-linux-x86_64-fedora-clang, r-devel-linux-x86_64-fedora-gcc, r-release-osx-x86_64, r-oldrel-osx-x86_64