CRAN Package Check Results for Package iptools

Last updated on 2020-09-23 15:28:04 CEST.

Flavor Version Tinstall Tcheck Ttotal Status Flags
r-devel-linux-x86_64-debian-clang 0.6.1 46.48 46.38 92.86 OK
r-devel-linux-x86_64-debian-gcc 0.6.1 36.59 35.95 72.54 OK
r-devel-linux-x86_64-fedora-clang 0.6.1 131.64 NOTE
r-devel-linux-x86_64-fedora-gcc 0.6.1 116.83 NOTE
r-devel-windows-ix86+x86_64 0.6.1 113.00 107.00 220.00 OK
r-patched-linux-x86_64 0.6.1 37.08 43.67 80.75 OK
r-release-linux-x86_64 0.6.1 36.08 44.01 80.09 OK
r-release-macos-x86_64 0.6.1 NOTE
r-release-windows-ix86+x86_64 0.6.1 106.00 103.00 209.00 OK
r-oldrel-macos-x86_64 0.6.1 NOTE
r-oldrel-windows-ix86+x86_64 0.6.1 73.00 96.00 169.00 OK

Additional issues

clang-UBSAN

Check Details

Version: 0.6.1
Check: data for non-ASCII characters
Result: NOTE
     Note: found 12 marked UTF-8 strings
Flavors: r-devel-linux-x86_64-fedora-clang, r-devel-linux-x86_64-fedora-gcc, r-release-macos-x86_64, r-oldrel-macos-x86_64