CRAN Package Check Results for Package iptools

Last updated on 2022-12-02 13:52:25 CET.

Flavor Version Tinstall Tcheck Ttotal Status Flags
r-devel-linux-x86_64-debian-clang 0.7.2 44.74 45.34 90.08 OK
r-devel-linux-x86_64-debian-gcc 0.7.2 38.16 35.31 73.47 OK
r-devel-linux-x86_64-fedora-clang 0.7.2 138.59 NOTE
r-devel-linux-x86_64-fedora-gcc 0.7.2 137.84 NOTE
r-devel-windows-x86_64 0.7.2 65.00 109.00 174.00 OK
r-patched-linux-x86_64 0.7.2 45.19 42.61 87.80 OK
r-release-linux-x86_64 0.7.2 43.22 41.94 85.16 OK
r-release-macos-arm64 0.7.2 38.00 NOTE
r-release-macos-x86_64 0.7.2 55.00 NOTE
r-release-windows-x86_64 0.7.2 71.00 112.00 183.00 OK
r-oldrel-macos-arm64 0.7.2 39.00 NOTE
r-oldrel-macos-x86_64 0.7.2 67.00 NOTE
r-oldrel-windows-ix86+x86_64 0.7.2 123.00 106.00 229.00 OK

Additional issues

M1mac

Check Details

Version: 0.7.2
Check: data for non-ASCII characters
Result: NOTE
     Note: found 12 marked UTF-8 strings
Flavors: r-devel-linux-x86_64-fedora-clang, r-devel-linux-x86_64-fedora-gcc, r-release-macos-arm64, r-release-macos-x86_64, r-oldrel-macos-arm64, r-oldrel-macos-x86_64