CRAN Package Check Results for Package ipw

Last updated on 2014-07-30 22:47:25.

Flavor Version Tinstall Tcheck Ttotal Status Flags
r-release-linux-ix86 1.0-10 1.67 38.55 40.22 NOTE
r-release-osx-x86_64-mavericks 1.0-10 NOTE

Check Details

Version: 1.0-10
Check: package dependencies
Result: NOTE
    Depends: includes the non-default packages:
     boot geepack MASS nlme nnet survey survival
    Adding so many packages to the search path is excessive and importing
    selectively is preferable.
Flavors: r-release-linux-ix86, r-release-osx-x86_64-mavericks

Version: 1.0-10
Check: dependencies in R code
Result: NOTE
    'library' or 'require' calls to packages already attached by Depends:
     MASS geepack nnet survival
     Please remove these calls from your code.
    Packages in Depends field not imported from:
     geepack survey
     These packages need to be imported from (in the NAMESPACE file)
     for when this namespace is loaded but not attached.
    See the information on DESCRIPTION files in the chapter Creating R
    packages of the Writing R Extensions manual.
Flavors: r-release-linux-ix86, r-release-osx-x86_64-mavericks