CRAN Package Check Results for Package ipw

Last updated on 2014-04-24 17:49:46.

Flavor Version Tinstall Tcheck Ttotal Status Flags
r-devel-linux-x86_64-debian-clang 1.0-10 1.26 28.68 29.94 NOTE
r-devel-linux-x86_64-debian-gcc 1.0-10 1.26 29.47 30.73 NOTE
r-devel-linux-x86_64-fedora-clang 1.0-10 58.62 NOTE
r-devel-linux-x86_64-fedora-gcc 1.0-10 55.40 NOTE
r-devel-osx-x86_64-clang 1.0-10 50.02 NOTE
r-devel-osx-x86_64-gcc 1.0-10 ERROR
r-devel-windows-ix86+x86_64 1.0-10 5.00 43.00 48.00 NOTE
r-patched-linux-x86_64 1.0-10 1.25 27.99 29.24 NOTE
r-patched-solaris-sparc 1.0-10 321.80 NOTE
r-patched-solaris-x86 1.0-10 75.70 NOTE
r-release-linux-ix86 1.0-10 3.00 53.00 56.00 NOTE
r-release-linux-x86_64 1.0-10 1.26 28.52 29.78 NOTE
r-release-osx-x86_64-mavericks 1.0-10 WARN
r-release-osx-x86_64-snowleopard 1.0-10 WARN
r-release-windows-ix86+x86_64 1.0-10 6.00 45.00 51.00 NOTE
r-oldrel-windows-ix86+x86_64 1.0-10 6.00 48.00 54.00 NOTE

Check Details

Version: 1.0-10
Check: package dependencies
Result: NOTE
    Depends: includes the non-default packages:
     ‘boot’ ‘geepack’ ‘MASS’ ‘nlme’ ‘nnet’ ‘survey’ ‘survival’
    Adding so many packages to the search path is excessive and importing
    selectively is preferable.
Flavors: r-devel-linux-x86_64-debian-clang, r-devel-linux-x86_64-debian-gcc, r-devel-linux-x86_64-fedora-clang, r-devel-linux-x86_64-fedora-gcc, r-devel-osx-x86_64-clang, r-devel-windows-ix86+x86_64, r-patched-linux-x86_64, r-patched-solaris-sparc, r-patched-solaris-x86, r-release-linux-ix86, r-release-linux-x86_64, r-release-osx-x86_64-mavericks, r-release-osx-x86_64-snowleopard, r-release-windows-ix86+x86_64

Version: 1.0-10
Check: dependencies in R code
Result: NOTE
    'library' or 'require' calls to packages already attached by Depends:
     ‘MASS’ ‘geepack’ ‘nnet’ ‘survival’
     Please remove these calls from your code.
    Packages in Depends field not imported from:
     ‘geepack’ ‘survey’
     These packages need to be imported from (in the NAMESPACE file)
     for when this namespace is loaded but not attached.
    See the information on DESCRIPTION files in the chapter ‘Creating R
    packages’ of the ‘Writing R Extensions’ manual.
Flavors: r-devel-linux-x86_64-debian-clang, r-devel-linux-x86_64-debian-gcc, r-devel-linux-x86_64-fedora-clang, r-devel-linux-x86_64-fedora-gcc, r-devel-osx-x86_64-clang, r-devel-windows-ix86+x86_64, r-patched-linux-x86_64, r-patched-solaris-sparc, r-patched-solaris-x86, r-release-linux-ix86, r-release-linux-x86_64, r-release-osx-x86_64-mavericks, r-release-windows-ix86+x86_64, r-oldrel-windows-ix86+x86_64

Version: 1.0-10
Check: top-level files
Result: NOTE
    Non-standard file/directory found at top level:
     ‘ipw-Ex.R’
Flavors: r-devel-linux-x86_64-fedora-clang, r-devel-linux-x86_64-fedora-gcc

Version: 1.0-10
Check: Rd line widths
Result: NOTE
    Rd file 'ipwtm.Rd':
     \examples lines wider than 100 characters:
     binwidth = 100, ylim = c(-1.5, 1.5), main = "Stabilized inverse probability of censoring weights")
     # data.tm.samp <- do.call("rbind", lapply(data.samp$id.samp, function(id.samp)cbind(data.tm[data.tm$id == data.samp$id[data.samp$i ... [TRUNCATED]
     # cd4.lme <- lme(cd4.sqrt ~ fuptime + tb.lag, random = ~ fuptime | id.samp, data = data.tm.samp)
     # startstop.samp <- data.frame(id.samp = rep(data.samp$id.samp, each = length(times)), fuptime = rep(times, nrow(data.samp)))
     # startstop.samp$event <- ifelse(with(startstop.samp, !is.na(Tdeath) & fuptime >= Tdeath), 1, 0)
     # startstop.samp$cd4.sqrt <- predict(cd4.lme, newdata = data.frame(id.samp = startstop.samp$id.samp, fuptime = startstop.samp$fupt ... [TRUNCATED]
    
    These lines will be truncated in the PDF manual.
Flavors: r-devel-linux-x86_64-fedora-clang, r-devel-linux-x86_64-fedora-gcc

Version: 1.0-10
Check: package dependencies
Result: ERROR
    Package required but not available: ‘survey’
    
    Depends: includes the non-default packages:
     ‘boot’ ‘geepack’ ‘MASS’ ‘nlme’ ‘nnet’ ‘survey’ ‘survival’
    Adding so many packages to the search path is excessive and importing
    selectively is preferable.
    
    See the information on DESCRIPTION files in the chapter ‘Creating R
    packages’ of the ‘Writing R Extensions’ manual.
Flavor: r-devel-osx-x86_64-gcc

Version: 1.0-10
Check: PDF version of manual
Result: WARNING
    LaTeX errors when creating PDF version.
    This typically indicates Rd problems.
    LaTeX errors found:
    ! LaTeX Error: File `upquote.sty' not found.
    
    Type X to quit or <RETURN> to proceed,
    or enter new name. (Default extension: sty)
    
    6b2469c/Rd2.tex:8: ==> Fatal error occurred, no output PDF file produced!
Flavor: r-release-osx-x86_64-mavericks

Version: 1.0-10
Check: dependencies in R code
Result: NOTE
    'library' or 'require' calls to packages already attached by Depends:
     'MASS' 'geepack' 'nnet' 'survival'
     Please remove these calls from your code.
    Packages in Depends field not imported from:
     'geepack' 'survey'
     These packages need to be imported from for the case when
     this namespace is loaded but not attached.
    See the information on DESCRIPTION files in the chapter 'Creating R
    packages' of the 'Writing R Extensions' manual.
Flavor: r-release-osx-x86_64-snowleopard

Version: 1.0-10
Check: examples
Result: WARNING
    checking a package with encoding 'latin1' in an ASCII locale
    
     OK
Flavor: r-release-osx-x86_64-snowleopard