CRAN Package Check Results for Package irace

Last updated on 2015-07-02 07:48:39.

Flavor Version Tinstall Tcheck Ttotal Status Flags
r-devel-linux-x86_64-debian-clang 1.06 2.12 13.95 16.07 NOTE
r-devel-linux-x86_64-debian-gcc 1.06 2.10 14.00 16.09 NOTE
r-devel-linux-x86_64-fedora-clang 1.06 29.53 NOTE
r-devel-linux-x86_64-fedora-gcc 1.06 27.15 NOTE
r-devel-osx-x86_64-clang 1.06 30.03 NOTE
r-devel-windows-ix86+x86_64 1.06 6.00 32.00 38.00 NOTE
r-patched-linux-x86_64 1.06 2.04 14.26 16.30 NOTE
r-patched-solaris-sparc 1.06 182.90 NOTE
r-patched-solaris-x86 1.06 39.60 NOTE
r-release-linux-x86_64 1.06 2.12 14.44 16.57 NOTE
r-release-osx-x86_64-mavericks 1.06 NOTE
r-release-windows-ix86+x86_64 1.06 6.00 22.00 28.00 NOTE
r-oldrel-windows-ix86+x86_64 1.06 9.00 24.00 33.00 NOTE

Check Details

Version: 1.06
Check: DESCRIPTION meta-information
Result: NOTE
    Malformed Description field: should contain one or more complete sentences.
Flavors: r-devel-linux-x86_64-debian-clang, r-devel-linux-x86_64-debian-gcc, r-devel-linux-x86_64-fedora-clang, r-devel-linux-x86_64-fedora-gcc, r-devel-osx-x86_64-clang, r-devel-windows-ix86+x86_64, r-patched-linux-x86_64, r-patched-solaris-sparc, r-patched-solaris-x86, r-release-linux-x86_64, r-release-osx-x86_64-mavericks, r-release-windows-ix86+x86_64

Version: 1.06
Check: dependencies in R code
Result: NOTE
    'library' or 'require' calls in package code:
     ‘Rmpi’ ‘parallel’
     Please use :: or requireNamespace() instead.
     See section 'Suggested packages' in the 'Writing R Extensions' manual.
Flavors: r-devel-linux-x86_64-debian-clang, r-devel-linux-x86_64-debian-gcc, r-devel-linux-x86_64-fedora-clang, r-devel-linux-x86_64-fedora-gcc, r-devel-osx-x86_64-clang, r-devel-windows-ix86+x86_64, r-patched-linux-x86_64, r-patched-solaris-sparc, r-patched-solaris-x86, r-release-linux-x86_64, r-release-osx-x86_64-mavericks, r-release-windows-ix86+x86_64, r-oldrel-windows-ix86+x86_64

Version: 1.06
Check: R code for possible problems
Result: NOTE
    irace: no visible global function definition for ‘runif’
    irace.reload.debug: no visible binding for global variable ‘recover’
    race : aux2.friedman: no visible global function definition for
     ‘pchisq’
    race : aux2.friedman: no visible global function definition for ‘qt’
    race : aux.friedman: no visible global function definition for
     ‘wilcox.test’
    race : aux.friedman: no visible global function definition for ‘median’
    race : aux.ttest: no visible global function definition for ‘t.test’
    race : aux.ttest: no visible global function definition for ‘p.adjust’
    read.table.text: no visible global function definition for ‘read.table’
    readCandidatesFile: no visible global function definition for
     ‘read.table’
    rtnorm: no visible global function definition for ‘rnorm’
    rtnorm: no visible global function definition for ‘rexp’
    rtnorm: no visible global function definition for ‘runif’
    sampleModel: no visible global function definition for ‘runif’
    sampleUniform: no visible global function definition for ‘runif’
Flavors: r-devel-linux-x86_64-debian-clang, r-devel-linux-x86_64-debian-gcc, r-devel-linux-x86_64-fedora-gcc

Version: 1.06
Check: R code for possible problems
Result: NOTE
    irace: no visible global function definition for ‘runif’
    irace.reload.debug: no visible binding for global variable ‘recover’
    race : aux2.friedman: no visible global function definition for
     ‘pchisq’
    race : aux2.friedman: no visible global function definition for ‘qt’
    race : aux.friedman: no visible global function definition for
     ‘wilcox.test’
    race : aux.friedman: no visible global function definition for ‘median’
    race : aux.ttest: no visible global function definition for ‘t.test’
    race : aux.ttest: no visible global function definition for ‘p.adjust’
    read.table.text: no visible global function definition for ‘read.table’
    readCandidatesFile: no visible global function definition for
     ‘read.table’
    rtnorm: no visible global function definition for ‘rnorm’
    rtnorm: no visible global function definition for ‘rexp’
    rtnorm: no visible global function definition for ‘runif’
    sampleModel: no visible global function definition for ‘runif’
    sampleUniform: no visible global function definition for ‘runif’
    Undefined global functions or variables:
     median p.adjust pchisq qt read.table recover rexp rnorm runif t.test
     wilcox.test
Flavor: r-devel-linux-x86_64-fedora-clang

Version: 1.06
Check: package dependencies
Result: NOTE
    Package suggested but not available for checking: ‘Rmpi’
Flavor: r-release-osx-x86_64-mavericks