CRAN Package Check Results for Package irace

Last updated on 2014-09-16 21:47:36.

Flavor Version Tinstall Tcheck Ttotal Status Flags
r-devel-linux-x86_64-debian-clang 1.05 0.70 14.41 15.11 WARN
r-devel-linux-x86_64-debian-gcc 1.05 0.70 14.10 14.80 WARN
r-devel-linux-x86_64-fedora-clang 1.05 28.29 WARN
r-devel-linux-x86_64-fedora-gcc 1.05 26.38 WARN
r-devel-osx-x86_64-clang 1.05 28.64 WARN
r-devel-windows-ix86+x86_64 1.05 3.00 23.00 26.00 WARN
r-patched-linux-x86_64 1.05 0.72 14.62 15.34 WARN
r-patched-solaris-sparc 1.05 175.50 WARN
r-patched-solaris-x86 1.05 38.10 WARN
r-release-linux-ix86 1.05 1.14 21.84 22.98 OK
r-release-linux-x86_64 1.05 0.74 14.77 15.51 OK
r-release-osx-x86_64-mavericks 1.05 NOTE
r-release-osx-x86_64-snowleopard 1.05 OK
r-release-windows-ix86+x86_64 1.05 5.00 31.00 36.00 OK
r-oldrel-windows-ix86+x86_64 1.05 3.00 30.00 33.00 OK

Check Details

Version: 1.05
Check: dependencies in R code
Result: WARN
    'library' or 'require' call not declared from: ‘parallel’
    See the information on DESCRIPTION files in the chapter ‘Creating R
    packages’ of the ‘Writing R Extensions’ manual.
Flavors: r-devel-linux-x86_64-debian-clang, r-devel-linux-x86_64-debian-gcc, r-devel-linux-x86_64-fedora-clang, r-devel-linux-x86_64-fedora-gcc, r-devel-osx-x86_64-clang, r-devel-windows-ix86+x86_64, r-patched-linux-x86_64, r-patched-solaris-sparc, r-patched-solaris-x86

Version: 1.05
Check: package dependencies
Result: NOTE
    Package suggested but not available for checking: ‘Rmpi’
Flavor: r-release-osx-x86_64-mavericks