CRAN Package Check Results for Package irace

Last updated on 2015-05-26 10:49:19.

Flavor Version Tinstall Tcheck Ttotal Status Flags
r-devel-linux-x86_64-debian-clang 1.06 2.13 14.74 16.88 NOTE
r-devel-linux-x86_64-debian-gcc 1.06 2.16 14.08 16.25 NOTE
r-devel-linux-x86_64-fedora-clang 1.06 30.28 NOTE
r-devel-linux-x86_64-fedora-gcc 1.06 29.07 NOTE
r-devel-osx-x86_64-clang 1.06 33.33 NOTE
r-devel-windows-ix86+x86_64 1.06 5.00 24.00 29.00 NOTE
r-patched-linux-x86_64 1.06 2.43 14.21 16.64 NOTE
r-patched-solaris-sparc 1.06 182.90 NOTE
r-patched-solaris-x86 1.06 39.70 NOTE
r-release-linux-x86_64 1.06 2.08 14.07 16.16 NOTE
r-release-osx-x86_64-mavericks 1.06 NOTE
r-release-osx-x86_64-snowleopard 1.06 NOTE
r-release-windows-ix86+x86_64 1.06 5.00 26.00 31.00 NOTE
r-oldrel-windows-ix86+x86_64 1.06 9.00 24.00 33.00 NOTE

Check Details

Version: 1.06
Check: DESCRIPTION meta-information
Result: NOTE
    Malformed Description field: should contain one or more complete sentences.
Flavors: r-devel-linux-x86_64-debian-clang, r-devel-linux-x86_64-debian-gcc, r-devel-linux-x86_64-fedora-clang, r-devel-linux-x86_64-fedora-gcc, r-devel-osx-x86_64-clang, r-devel-windows-ix86+x86_64, r-patched-linux-x86_64, r-patched-solaris-sparc, r-patched-solaris-x86, r-release-linux-x86_64, r-release-osx-x86_64-mavericks, r-release-osx-x86_64-snowleopard, r-release-windows-ix86+x86_64

Version: 1.06
Check: dependencies in R code
Result: NOTE
    'library' or 'require' calls in package code:
     ‘Rmpi’ ‘parallel’
     Please use :: or requireNamespace() instead.
     See section 'Suggested packages' in the 'Writing R Extensions' manual.
Flavors: r-devel-linux-x86_64-debian-clang, r-devel-linux-x86_64-debian-gcc, r-devel-linux-x86_64-fedora-clang, r-devel-linux-x86_64-fedora-gcc, r-devel-osx-x86_64-clang, r-devel-windows-ix86+x86_64, r-patched-linux-x86_64, r-patched-solaris-sparc, r-patched-solaris-x86, r-release-linux-x86_64, r-release-osx-x86_64-mavericks, r-release-osx-x86_64-snowleopard, r-release-windows-ix86+x86_64, r-oldrel-windows-ix86+x86_64

Version: 1.06
Check: package dependencies
Result: NOTE
    Package suggested but not available for checking: ‘Rmpi’
Flavors: r-release-osx-x86_64-mavericks, r-release-osx-x86_64-snowleopard