CRAN Package Check Results for Package irace

Last updated on 2014-08-21 17:46:48.

Flavor Version Tinstall Tcheck Ttotal Status Flags
r-devel-linux-x86_64-debian-clang 1.05 0.71 14.58 15.29 WARN
r-devel-linux-x86_64-debian-gcc 1.05 0.70 14.96 15.66 WARN
r-devel-linux-x86_64-fedora-clang 1.05 30.06 WARN
r-devel-linux-x86_64-fedora-gcc 1.05 25.95 WARN
r-devel-osx-x86_64-clang 1.05 29.29 WARN
r-devel-windows-ix86+x86_64 1.05 3.00 22.00 25.00 WARN
r-patched-linux-x86_64 1.05 0.72 15.00 15.72 WARN
r-patched-solaris-sparc 1.05 175.50 WARN
r-patched-solaris-x86 1.05 37.60 WARN
r-release-linux-ix86 1.05 1.18 21.77 22.95 OK
r-release-linux-x86_64 1.05 0.74 14.63 15.37 OK
r-release-osx-x86_64-mavericks 1.05 NOTE
r-release-osx-x86_64-snowleopard 1.05 OK
r-release-windows-ix86+x86_64 1.05 5.00 31.00 36.00 OK
r-oldrel-windows-ix86+x86_64 1.05 3.00 30.00 33.00 OK

Check Details

Version: 1.05
Check: dependencies in R code
Result: WARN
    'library' or 'require' call not declared from: ‘parallel’
    See the information on DESCRIPTION files in the chapter ‘Creating R
    packages’ of the ‘Writing R Extensions’ manual.
Flavors: r-devel-linux-x86_64-debian-clang, r-devel-linux-x86_64-debian-gcc, r-devel-linux-x86_64-fedora-clang, r-devel-linux-x86_64-fedora-gcc, r-devel-osx-x86_64-clang, r-devel-windows-ix86+x86_64, r-patched-linux-x86_64, r-patched-solaris-sparc, r-patched-solaris-x86

Version: 1.05
Check: package dependencies
Result: NOTE
    Package suggested but not available for checking: ‘Rmpi’
Flavor: r-release-osx-x86_64-mavericks