CRAN Package Check Results for Package irace

Last updated on 2017-09-19 20:47:09.

Flavor Version Tinstall Tcheck Ttotal Status Flags
r-devel-linux-x86_64-debian-clang 2.4 3.19 36.93 40.12 OK
r-devel-linux-x86_64-debian-gcc 2.4 3.23 36.23 39.46 OK
r-devel-linux-x86_64-fedora-clang 2.4 74.47 OK
r-devel-linux-x86_64-fedora-gcc 2.4 72.28 OK
r-devel-windows-ix86+x86_64 2.4 8.00 88.00 96.00 OK
r-patched-linux-x86_64 2.4 3.26 36.26 39.52 OK
r-patched-solaris-x86 2.4 79.40 OK
r-release-linux-x86_64 2.4 3.40 36.56 39.95 OK
r-release-windows-ix86+x86_64 2.4 7.00 68.00 75.00 OK
r-release-osx-x86_64 2.4 WARN
r-oldrel-windows-ix86+x86_64 2.4 7.00 55.00 62.00 OK
r-oldrel-osx-x86_64 2.4 NOTE

Check Details

Version: 2.4
Check: package dependencies
Result: NOTE
    Package suggested but not available for checking: ‘Rmpi’
Flavors: r-release-osx-x86_64, r-oldrel-osx-x86_64

Version: 2.4
Check: re-building of vignette outputs
Result: WARN
    Error in re-building vignettes:
     ...
    Warning: running command 'kpsewhich framed.sty' had status 1
    Warning in test_latex_pkg("framed", system.file("misc", "framed.sty", package = "knitr")) :
     unable to find LaTeX package 'framed'; will use a copy from knitr
    Error in texi2dvi(file = file, pdf = TRUE, clean = clean, quiet = quiet, :
     Running 'texi2dvi' on 'irace-package.tex' failed.
    LaTeX errors:
    ! LaTeX Error: File `algorithm.sty' not found.
    
    Type X to quit or <RETURN> to proceed,
    or enter new name. (Default extension: sty)
    
    ! Emergency stop.
    <read *>
    
    l.70 \usepackage
     {booktabs}^^M
    ! ==> Fatal error occurred, no output PDF file produced!
    Calls: buildVignettes -> texi2pdf -> texi2dvi
    Execution halted
Flavor: r-release-osx-x86_64