CRAN Package Check Results for Package irace

Last updated on 2017-02-23 07:47:41.

Flavor Version Tinstall Tcheck Ttotal Status Flags
r-devel-linux-x86_64-debian-clang 2.1 3.07 33.70 36.77 OK
r-devel-linux-x86_64-debian-gcc 2.1 3.06 33.20 36.25 OK
r-devel-linux-x86_64-fedora-clang 2.1 67.73 OK --no-stop-on-test-error
r-devel-linux-x86_64-fedora-gcc 2.1 63.58 OK --no-stop-on-test-error
r-devel-macos-x86_64-clang 2.1 56.99 OK --no-stop-on-test-error
r-devel-windows-ix86+x86_64 2.1 10.00 122.00 132.00 OK
r-patched-linux-x86_64 2.1 2.78 30.12 32.90 OK
r-patched-solaris-sparc 2.1 347.30 OK
r-patched-solaris-x86 2.1 65.90 OK
r-release-linux-x86_64 2.1 2.82 30.32 33.14 OK
r-release-osx-x86_64-mavericks 2.1 NOTE
r-release-windows-ix86+x86_64 2.1 10.00 76.00 86.00 OK
r-oldrel-windows-ix86+x86_64 2.1 10.00 78.00 88.00 OK

Check Details

Version: 2.1
Check: package dependencies
Result: NOTE
    Package suggested but not available for checking: ‘Rmpi’
Flavor: r-release-osx-x86_64-mavericks