CRAN Package Check Results for Package irace

Last updated on 2015-03-31 03:48:32.

Flavor Version Tinstall Tcheck Ttotal Status Flags
r-devel-linux-x86_64-debian-clang 1.06 2.14 14.38 16.52 NOTE
r-devel-linux-x86_64-debian-gcc 1.06 2.10 14.61 16.70 NOTE
r-devel-linux-x86_64-fedora-clang 1.06 31.84 NOTE
r-devel-linux-x86_64-fedora-gcc 1.06 29.51 NOTE
r-devel-osx-x86_64-clang 1.06 35.91 NOTE
r-prerel-windows-ix86+x86_64 1.06 8.00 21.00 29.00 NOTE
r-prerel-linux-x86_64 1.06 2.29 15.14 17.42 NOTE
r-prerel-solaris-sparc 1.06 187.60 NOTE
r-prerel-solaris-x86 1.06 38.70 NOTE
r-release-linux-x86_64 1.06 2.50 14.88 17.37 NOTE
r-release-osx-x86_64-mavericks 1.06 NOTE
r-release-osx-x86_64-snowleopard 1.06 OK
r-release-windows-ix86+x86_64 1.06 9.00 24.00 33.00 NOTE
r-oldrel-windows-ix86+x86_64 1.06 6.00 29.00 35.00 OK

Check Details

Version: 1.06
Check: DESCRIPTION meta-information
Result: NOTE
    Malformed Description field: should contain one or more complete sentences.
Flavors: r-devel-linux-x86_64-debian-clang, r-devel-linux-x86_64-debian-gcc, r-devel-linux-x86_64-fedora-clang, r-devel-linux-x86_64-fedora-gcc, r-devel-osx-x86_64-clang, r-prerel-windows-ix86+x86_64, r-prerel-linux-x86_64, r-prerel-solaris-sparc, r-prerel-solaris-x86

Version: 1.06
Check: dependencies in R code
Result: NOTE
    'library' or 'require' calls in package code:
     ‘Rmpi’ ‘parallel’
     Please use :: or requireNamespace() instead.
     See section 'Suggested packages' in the 'Writing R Extensions' manual.
Flavors: r-devel-linux-x86_64-debian-clang, r-devel-linux-x86_64-debian-gcc, r-devel-linux-x86_64-fedora-clang, r-devel-linux-x86_64-fedora-gcc, r-devel-osx-x86_64-clang, r-prerel-windows-ix86+x86_64, r-prerel-linux-x86_64, r-prerel-solaris-sparc, r-prerel-solaris-x86, r-release-linux-x86_64, r-release-windows-ix86+x86_64

Version: 1.06
Check: package dependencies
Result: NOTE
    Package suggested but not available for checking: ‘Rmpi’
Flavor: r-release-osx-x86_64-mavericks