CRAN Package Check Results for Package irace

Last updated on 2016-07-24 14:48:02.

Flavor Version Tinstall Tcheck Ttotal Status Flags
r-devel-linux-x86_64-debian-clang 1.07 2.68 18.72 21.40 OK
r-devel-linux-x86_64-debian-gcc 1.07 2.70 19.14 21.84 OK
r-devel-linux-x86_64-fedora-clang 1.07 31.86 OK
r-devel-linux-x86_64-fedora-gcc 1.07 29.27 OK
r-devel-osx-x86_64-clang 1.07 27.89 OK
r-devel-windows-ix86+x86_64 1.07 6.00 35.00 41.00 OK
r-patched-linux-x86_64 1.07 3.15 17.91 21.06 OK
r-patched-solaris-sparc 1.07 193.70 OK
r-patched-solaris-x86 1.07 37.80 OK
r-release-linux-x86_64 1.07 2.66 19.01 21.67 OK
r-release-osx-x86_64-mavericks 1.07 NOTE
r-release-windows-ix86+x86_64 1.07 6.00 32.00 38.00 OK
r-oldrel-windows-ix86+x86_64 1.07 6.00 26.00 32.00 OK

Check Details

Version: 1.07
Check: package dependencies
Result: NOTE
    Package suggested but not available for checking: ‘Rmpi’
Flavor: r-release-osx-x86_64-mavericks