CRAN Package Check Results for Package irace

Last updated on 2016-06-28 14:48:27.

Flavor Version Tinstall Tcheck Ttotal Status Flags
r-devel-linux-x86_64-debian-gcc 1.07 2.31 15.92 18.23 OK
r-devel-linux-x86_64-fedora-clang 1.07 31.13 OK
r-devel-linux-x86_64-fedora-gcc 1.07 28.45 OK
r-devel-osx-x86_64-clang 1.07 27.75 OK
r-devel-windows-ix86+x86_64 1.07 6.00 35.00 41.00 OK
r-patched-linux-x86_64 1.07 2.33 16.55 18.88 OK
r-patched-solaris-sparc 1.07 193.70 OK
r-patched-solaris-x86 1.07 39.00 OK
r-release-linux-x86_64 1.07 2.28 15.83 18.11 OK
r-release-osx-x86_64-mavericks 1.07 NOTE
r-release-windows-ix86+x86_64 1.07 6.00 32.00 38.00 OK
r-oldrel-windows-ix86+x86_64 1.07 6.00 26.00 32.00 OK

Check Details

Version: 1.07
Check: package dependencies
Result: NOTE
    Package suggested but not available for checking: ‘Rmpi’
Flavor: r-release-osx-x86_64-mavericks