CRAN Package Check Results for Package irace

Last updated on 2015-01-31 08:49:44.

Flavor Version Tinstall Tcheck Ttotal Status Flags
r-devel-linux-x86_64-debian-clang 1.06 2.12 14.15 16.27 NOTE
r-devel-linux-x86_64-debian-gcc 1.06 2.06 14.15 16.21 NOTE
r-devel-linux-x86_64-fedora-clang 1.06 33.84 NOTE
r-devel-linux-x86_64-fedora-gcc 1.06 31.19 NOTE
r-devel-osx-x86_64-clang 1.06 34.74 NOTE
r-devel-windows-ix86+x86_64 1.06 6.00 21.00 27.00 NOTE
r-patched-linux-x86_64 1.06 2.46 15.00 17.46 OK
r-patched-solaris-sparc 1.06 199.60 OK
r-patched-solaris-x86 1.06 43.40 OK
r-release-linux-ix86 1.06 2.79 20.54 23.33 OK
r-release-linux-x86_64 1.06 2.44 15.12 17.57 OK
r-release-osx-x86_64-mavericks 1.06 NOTE
r-release-osx-x86_64-snowleopard 1.06 OK
r-release-windows-ix86+x86_64 1.06 5.00 26.00 31.00 OK
r-oldrel-windows-ix86+x86_64 1.06 6.00 29.00 35.00 OK

Check Details

Version: 1.06
Check: dependencies in R code
Result: NOTE
    'library' or 'require' calls in package code:
     ‘Rmpi’ ‘parallel’
     Please use :: or requireNamespace() instead.
     See section 'Suggested packages' in the 'Writing R Extensions' manual.
Flavors: r-devel-linux-x86_64-debian-clang, r-devel-linux-x86_64-debian-gcc, r-devel-linux-x86_64-fedora-clang, r-devel-linux-x86_64-fedora-gcc, r-devel-osx-x86_64-clang, r-devel-windows-ix86+x86_64

Version: 1.06
Check: package dependencies
Result: NOTE
    Package suggested but not available for checking: ‘Rmpi’
Flavor: r-release-osx-x86_64-mavericks