CRAN Package Check Results for Package irace

Last updated on 2014-11-28 17:51:37.

Flavor Version Tinstall Tcheck Ttotal Status Flags
r-devel-linux-x86_64-debian-clang 1.06 2.30 15.36 17.66 OK
r-devel-linux-x86_64-debian-gcc 1.06 2.12 14.57 16.70 OK
r-devel-linux-x86_64-fedora-clang 1.06 33.90 OK
r-devel-linux-x86_64-fedora-gcc 1.06 31.91 OK
r-devel-osx-x86_64-clang 1.06 33.39 OK
r-devel-windows-ix86+x86_64 1.06 5.00 23.00 28.00 OK
r-patched-linux-x86_64 1.06 2.41 14.62 17.03 OK
r-patched-solaris-sparc 1.06 198.20 OK
r-patched-solaris-x86 1.06 41.70 OK
r-release-linux-ix86 1.05 1.06 20.51 21.58 WARN
r-release-linux-x86_64 1.06 2.43 16.54 18.97 OK
r-release-osx-x86_64-mavericks 1.06 NOTE
r-release-osx-x86_64-snowleopard 1.06 OK
r-release-windows-ix86+x86_64 1.06 5.00 26.00 31.00 OK
r-oldrel-windows-ix86+x86_64 1.06 6.00 29.00 35.00 OK

Check Details

Version: 1.05
Check: dependencies in R code
Result: WARN
    'library' or 'require' call not declared from: ‘parallel’
    See the information on DESCRIPTION files in the chapter ‘Creating R
    packages’ of the ‘Writing R Extensions’ manual.
Flavor: r-release-linux-ix86

Version: 1.06
Check: package dependencies
Result: NOTE
    Package suggested but not available for checking: ‘Rmpi’
Flavor: r-release-osx-x86_64-mavericks