CRAN Package Check Results for Package irace

Last updated on 2014-12-22 12:49:47.

Flavor Version Tinstall Tcheck Ttotal Status Flags
r-devel-linux-x86_64-debian-clang 1.06 2.33 14.78 17.10 OK
r-devel-linux-x86_64-debian-gcc 1.06 2.08 15.50 17.58 OK
r-devel-linux-x86_64-fedora-clang 1.06 33.62 OK
r-devel-linux-x86_64-fedora-gcc 1.06 31.15 OK
r-devel-osx-x86_64-clang 1.06 33.62 OK
r-devel-windows-ix86+x86_64 1.06 6.00 46.00 52.00 OK
r-patched-linux-x86_64 1.06 2.44 15.52 17.96 OK
r-patched-solaris-sparc 1.06 200.30 OK
r-patched-solaris-x86 1.06 42.90 OK
r-release-linux-ix86 1.06 2.80 20.60 23.40 OK
r-release-linux-x86_64 1.06 2.62 14.52 17.14 OK
r-release-osx-x86_64-mavericks 1.06 NOTE
r-release-osx-x86_64-snowleopard 1.06 OK
r-release-windows-ix86+x86_64 1.06 5.00 26.00 31.00 OK
r-oldrel-windows-ix86+x86_64 1.06 6.00 29.00 35.00 OK

Check Details

Version: 1.06
Check: package dependencies
Result: NOTE
    Package suggested but not available for checking: ‘Rmpi’
Flavor: r-release-osx-x86_64-mavericks