CRAN Package Check Results for Package irace

Last updated on 2014-10-01 11:47:49.

Flavor Version Tinstall Tcheck Ttotal Status Flags
r-devel-linux-x86_64-debian-clang 1.05 0.72 14.23 14.96 WARN
r-devel-linux-x86_64-debian-gcc 1.05 0.72 14.42 15.15 WARN
r-devel-linux-x86_64-fedora-clang 1.05 29.71 WARN
r-devel-linux-x86_64-fedora-gcc 1.05 27.23 WARN
r-devel-osx-x86_64-clang 1.05 29.91 WARN
r-devel-windows-ix86+x86_64 1.05 3.00 23.00 26.00 WARN
r-patched-linux-x86_64 1.05 0.75 15.52 16.28 WARN
r-patched-solaris-sparc 1.05 175.50 WARN
r-patched-solaris-x86 1.05 40.10 WARN
r-release-linux-ix86 1.05 1.19 21.87 23.06 OK
r-release-linux-x86_64 1.05 0.75 15.25 16.00 OK
r-release-osx-x86_64-mavericks 1.05 NOTE
r-release-osx-x86_64-snowleopard 1.05 OK
r-release-windows-ix86+x86_64 1.05 5.00 31.00 36.00 OK
r-oldrel-windows-ix86+x86_64 1.05 3.00 30.00 33.00 OK

Check Details

Version: 1.05
Check: dependencies in R code
Result: WARN
    'library' or 'require' call not declared from: ‘parallel’
    See the information on DESCRIPTION files in the chapter ‘Creating R
    packages’ of the ‘Writing R Extensions’ manual.
Flavors: r-devel-linux-x86_64-debian-clang, r-devel-linux-x86_64-debian-gcc, r-devel-linux-x86_64-fedora-clang, r-devel-linux-x86_64-fedora-gcc, r-devel-osx-x86_64-clang, r-devel-windows-ix86+x86_64, r-patched-linux-x86_64, r-patched-solaris-sparc, r-patched-solaris-x86

Version: 1.05
Check: package dependencies
Result: NOTE
    Package suggested but not available for checking: ‘Rmpi’
Flavor: r-release-osx-x86_64-mavericks