CRAN Package Check Results for Package irace

Last updated on 2017-07-23 17:47:13.

Flavor Version Tinstall Tcheck Ttotal Status Flags
r-devel-linux-x86_64-debian-clang 2.3 3.12 43.01 46.13 OK
r-devel-linux-x86_64-debian-gcc 2.3 3.12 42.13 45.25 OK
r-devel-linux-x86_64-fedora-clang 2.3 71.51 OK
r-devel-linux-x86_64-fedora-gcc 2.3 67.85 OK
r-devel-windows-ix86+x86_64 2.3 12.00 83.00 95.00 OK
r-patched-linux-x86_64 2.3 3.28 42.87 46.15 OK
r-patched-solaris-x86 2.3 77.90 OK
r-release-linux-x86_64 2.3 3.28 41.47 44.75 OK
r-release-windows-ix86+x86_64 2.3 8.00 75.00 83.00 OK
r-release-osx-x86_64 2.3 WARN
r-oldrel-windows-ix86+x86_64 2.3 9.00 82.00 91.00 OK
r-oldrel-osx-x86_64 2.3 NOTE

Check Details

Version: 2.3
Check: package dependencies
Result: NOTE
    Package suggested but not available for checking: ‘Rmpi’
Flavors: r-release-osx-x86_64, r-oldrel-osx-x86_64

Version: 2.3
Check: re-building of vignette outputs
Result: WARN
    Error in re-building vignettes:
     ...
    Warning: running command 'kpsewhich framed.sty' had status 1
    Warning in test_latex_pkg("framed", system.file("misc", "framed.sty", package = "knitr")) :
     unable to find LaTeX package 'framed'; will use a copy from knitr
    Error in texi2dvi(file = file, pdf = TRUE, clean = clean, quiet = quiet, :
     Running 'texi2dvi' on 'irace-package.tex' failed.
    LaTeX errors:
    ! LaTeX Error: File `algorithm.sty' not found.
    
    Type X to quit or <RETURN> to proceed,
    or enter new name. (Default extension: sty)
    
    ! Emergency stop.
    <read *>
    
    l.70 \usepackage
     {booktabs}^^M
    ! ==> Fatal error occurred, no output PDF file produced!
    Calls: buildVignettes -> texi2pdf -> texi2dvi
    Execution halted
Flavor: r-release-osx-x86_64