CRAN Package Check Results for Package irace

Last updated on 2014-07-24 16:48:00.

Flavor Version Tinstall Tcheck Ttotal Status Flags
r-devel-linux-x86_64-debian-clang 1.05 0.72 14.62 15.34 OK
r-devel-linux-x86_64-debian-gcc 1.05 0.71 14.61 15.32 OK
r-devel-linux-x86_64-fedora-clang 1.05 31.46 OK
r-devel-linux-x86_64-fedora-gcc 1.05 27.70 OK
r-devel-osx-x86_64-clang 1.05 30.05 OK
r-devel-windows-ix86+x86_64 1.05 3.00 22.00 25.00 OK
r-patched-linux-x86_64 1.05 0.76 14.86 15.63 OK
r-patched-solaris-sparc 1.05 157.10 OK
r-patched-solaris-x86 1.05 37.70 OK
r-release-linux-ix86 1.05 1.05 21.09 22.14 OK
r-release-linux-x86_64 1.05 0.86 14.40 15.26 OK
r-release-osx-x86_64-mavericks 1.05 NOTE
r-release-osx-x86_64-snowleopard 1.05 OK
r-release-windows-ix86+x86_64 1.05 5.00 31.00 36.00 OK
r-oldrel-windows-ix86+x86_64 1.05 3.00 30.00 33.00 OK

Check Details

Version: 1.05
Check: package dependencies
Result: NOTE
    Package suggested but not available for checking: ‘Rmpi’
Flavor: r-release-osx-x86_64-mavericks