CRAN Package Check Results for Package irace

Last updated on 2016-09-26 17:48:18.

Flavor Version Tinstall Tcheck Ttotal Status Flags
r-devel-linux-x86_64-debian-clang 1.07 2.17 16.13 18.30 OK
r-devel-linux-x86_64-debian-gcc 1.07 2.16 16.07 18.22 OK
r-devel-linux-x86_64-fedora-clang 1.07 31.88 OK
r-devel-linux-x86_64-fedora-gcc 1.07 30.00 OK
r-devel-macos-x86_64-clang 1.07 27.26 OK
r-devel-windows-ix86+x86_64 1.07 9.00 48.00 57.00 OK
r-patched-linux-x86_64 1.07 2.68 16.03 18.72 OK
r-patched-solaris-sparc 1.07 193.70 OK
r-patched-solaris-x86 1.07 38.10 OK
r-release-linux-x86_64 1.07 2.42 16.13 18.55 OK
r-release-osx-x86_64-mavericks 1.07 NOTE
r-release-windows-ix86+x86_64 1.07 7.00 111.00 118.00 OK
r-oldrel-windows-ix86+x86_64 1.07 6.00 26.00 32.00 OK

Check Details

Version: 1.07
Check: package dependencies
Result: NOTE
    Package suggested but not available for checking: ‘Rmpi’
Flavor: r-release-osx-x86_64-mavericks