CRAN Package Check Results for Package irace

Last updated on 2017-03-29 23:53:11.

Flavor Version Tinstall Tcheck Ttotal Status Flags
r-devel-linux-x86_64-debian-clang 2.2 3.20 35.37 38.56 OK
r-devel-linux-x86_64-debian-gcc 2.2 3.10 33.66 36.76 OK
r-devel-linux-x86_64-fedora-clang 2.2 49.00 OK --no-stop-on-test-error
r-devel-linux-x86_64-fedora-gcc 2.2 47.79 OK --no-stop-on-test-error
r-devel-macos-x86_64-clang 2.2 52.83 OK --no-stop-on-test-error
r-devel-windows-ix86+x86_64 2.2 8.00 62.00 70.00 OK
r-patched-linux-x86_64 2.2 3.46 34.97 38.43 OK
r-patched-solaris-sparc 2.2 398.70 OK
r-patched-solaris-x86 2.2 74.70 OK
r-release-linux-x86_64 2.2 3.18 31.69 34.87 OK
r-release-osx-x86_64-mavericks 2.2 NOTE
r-release-windows-ix86+x86_64 2.2 17.00 93.00 110.00 OK
r-oldrel-windows-ix86+x86_64 2.2 17.00 49.00 66.00 OK

Check Details

Version: 2.2
Check: package dependencies
Result: NOTE
    Package suggested but not available for checking: ‘Rmpi’
Flavor: r-release-osx-x86_64-mavericks