CRAN Package Check Results for Package irace

Last updated on 2014-04-18 01:47:47.

Flavor Version Tinstall Tcheck Ttotal Status Flags
r-devel-linux-x86_64-debian-clang 1.04 0.73 14.78 15.51 OK
r-devel-linux-x86_64-debian-gcc 1.04 0.74 15.36 16.10 OK
r-devel-linux-x86_64-fedora-clang 1.04 30.02 NOTE
r-devel-linux-x86_64-fedora-gcc 1.04 27.38 NOTE
r-devel-macosx-x86_64-clang 1.04 31.74 OK
r-devel-macosx-x86_64-gcc 1.04 NOTE
r-devel-windows-ix86+x86_64 1.04 3.00 23.00 26.00 NOTE
r-patched-linux-x86_64 1.04 0.74 15.78 16.52 OK
r-patched-solaris-sparc 1.04 201.40 OK
r-patched-solaris-x86 1.04 38.50 OK
r-release-linux-ix86 1.04 2.00 29.00 31.00 OK
r-release-linux-x86_64 1.04 0.73 15.59 16.32 OK
r-release-windows-ix86+x86_64 1.04 6.00 31.00 37.00 NOTE
r-oldrel-windows-ix86+x86_64 1.04 3.00 26.00 29.00 NOTE

Check Details

Version: 1.04
Check: top-level files
Result: NOTE
    Non-standard file/directory found at top level:
     ‘svn_version’
Flavors: r-devel-linux-x86_64-fedora-clang, r-devel-linux-x86_64-fedora-gcc

Version: 1.04
Check: package dependencies
Result: NOTE
    Package suggested but not available for checking: ‘Rmpi’
Flavor: r-devel-macosx-x86_64-gcc

Version: 1.04
Check: R code for possible problems
Result: NOTE
    Error : .onLoad failed in loadNamespace() for 'Rmpi', details:
     call: inDL(x, as.logical(local), as.logical(now), ...)
     error: unable to load shared object 'd:/RCompile/CRANpkg/lib/3.2/Rmpi/libs/x64/Rmpi.dll':
     LoadLibrary failure: Das angegebene Modul wurde nicht gefunden.
Flavor: r-devel-windows-ix86+x86_64

Version: 1.04
Check: R code for possible problems
Result: NOTE
    Error : .onLoad failed in loadNamespace() for 'Rmpi', details:
     call: inDL(x, as.logical(local), as.logical(now), ...)
     error: unable to load shared object 'd:/RCompile/CRANpkg/lib/3.1/Rmpi/libs/x64/Rmpi.dll':
     LoadLibrary failure: Das angegebene Modul wurde nicht gefunden.
Flavor: r-release-windows-ix86+x86_64

Version: 1.04
Check: R code for possible problems
Result: NOTE
    Error : .onLoad failed in loadNamespace() for 'Rmpi', details:
     call: inDL(x, as.logical(local), as.logical(now), ...)
     error: unable to load shared object 'd:/RCompile/CRANpkg/lib/3.0/Rmpi/libs/x64/Rmpi.dll':
     LoadLibrary failure: Das angegebene Modul wurde nicht gefunden.
Flavor: r-oldrel-windows-ix86+x86_64