CRAN Package Check Results for Package irace

Last updated on 2017-01-18 16:47:42.

Flavor Version Tinstall Tcheck Ttotal Status Flags
r-devel-linux-x86_64-debian-clang 2.1 3.53 33.12 36.65 OK
r-devel-linux-x86_64-debian-gcc 2.1 3.30 32.39 35.69 OK
r-devel-linux-x86_64-fedora-clang 2.1 66.28 OK --no-stop-on-test-error
r-devel-linux-x86_64-fedora-gcc 2.1 65.83 OK --no-stop-on-test-error
r-devel-macos-x86_64-clang 2.1 56.57 OK --no-stop-on-test-error
r-devel-windows-ix86+x86_64 2.1 11.00 59.00 70.00 OK
r-patched-linux-x86_64 2.1 3.14 30.25 33.39 OK
r-patched-solaris-sparc 2.1 347.30 OK
r-patched-solaris-x86 2.1 64.20 OK
r-release-linux-x86_64 2.1 3.06 29.85 32.91 OK
r-release-osx-x86_64-mavericks 2.1 NOTE
r-release-windows-ix86+x86_64 2.1 6.00 57.00 63.00 OK
r-oldrel-windows-ix86+x86_64 2.1 8.00 80.00 88.00 OK

Check Details

Version: 2.1
Check: package dependencies
Result: NOTE
    Package suggested but not available for checking: ‘Rmpi’
Flavor: r-release-osx-x86_64-mavericks