CRAN Package Check Results for Package irace

Last updated on 2016-02-13 07:49:49.

Flavor Version Tinstall Tcheck Ttotal Status Flags
r-devel-linux-x86_64-debian-gcc 1.07 2.23 15.05 17.27 OK
r-devel-linux-x86_64-fedora-clang 1.07 30.47 OK
r-devel-linux-x86_64-fedora-gcc 1.07 28.43 OK
r-devel-osx-x86_64-clang 1.07 35.79 OK
r-devel-windows-ix86+x86_64 1.07 9.00 27.00 36.00 OK
r-patched-linux-x86_64 1.07 2.21 15.59 17.81 OK
r-patched-solaris-sparc 1.07 193.10 OK
r-patched-solaris-x86 1.07 38.80 OK
r-release-linux-x86_64 1.07 2.24 15.67 17.90 OK
r-release-osx-x86_64-mavericks 1.07 NOTE
r-release-windows-ix86+x86_64 1.07 6.00 26.00 32.00 OK
r-oldrel-windows-ix86+x86_64 1.07 9.00 35.00 44.00 OK

Check Details

Version: 1.07
Check: package dependencies
Result: NOTE
    Package suggested but not available for checking: ‘Rmpi’
Flavor: r-release-osx-x86_64-mavericks