Last updated on 2023-03-24 00:51:33 CET.
Flavor | Version | Tinstall | Tcheck | Ttotal | Status | Flags |
---|---|---|---|---|---|---|
r-devel-linux-x86_64-debian-clang | 3.5 | 12.98 | 107.25 | 120.23 | OK | |
r-devel-linux-x86_64-debian-gcc | 3.5 | 8.22 | 79.36 | 87.58 | OK | |
r-devel-linux-x86_64-fedora-clang | 3.5 | 134.65 | OK | |||
r-devel-linux-x86_64-fedora-gcc | 3.5 | 149.12 | OK | |||
r-patched-linux-x86_64 | 3.5 | 11.61 | 101.27 | 112.88 | OK | |
r-release-linux-x86_64 | 3.5 | 10.47 | 98.23 | 108.70 | OK | |
r-release-macos-arm64 | 3.5 | 48.00 | NOTE | |||
r-release-macos-x86_64 | 3.5 | 56.00 | NOTE | |||
r-release-windows-x86_64 | 3.5 | 101.00 | 225.00 | 326.00 | OK | |
r-oldrel-macos-arm64 | 3.5 | 48.00 | NOTE | |||
r-oldrel-macos-x86_64 | 3.5 | 61.00 | NOTE | |||
r-oldrel-windows-ix86+x86_64 | 3.5 | 22.00 | 123.00 | 145.00 | WARN |
Version: 3.5
Check: package dependencies
Result: NOTE
Package suggested but not available for checking: ‘Rmpi’
Flavors: r-release-macos-arm64, r-release-macos-x86_64, r-oldrel-macos-arm64, r-oldrel-macos-x86_64
Version: 3.5
Check: re-building of vignette outputs
Result: WARN
Error(s) in re-building vignettes:
--- re-building 'irace-package.Rnw' using knitr
Warning in system(paste(shQuote(texi2dvi), if (quiet) "--quiet" else "", :
running command '"D:\compiler\texmf\miktex\bin\texify.exe" --quiet --pdf "irace-package.tex" --max-iterations=20 -I "D:/RCompile/recent/R-4.1.3/share/texmf/tex/latex" -I "D:/RCompile/recent/R-4.1.3/share/texmf/bibtex/bst"' had status 1
Error: processing vignette 'irace-package.Rnw' failed with diagnostics:
running 'texi2dvi' on 'irace-package.tex' failed
LaTeX errors:
age.tex:1021: Package enumitem Error: left undefined.
See the enumitem package documentation for explanation.
Type H <return> for immediate help
Try typing <return> to proceed.
--- failed re-building 'irace-package.Rnw'
SUMMARY: processing the following file failed:
'irace-package.Rnw'
Error: Vignette re-building failed.
Execution halted
Flavor: r-oldrel-windows-ix86+x86_64