CRAN Package Check Results for Package irace

Last updated on 2016-12-06 03:47:16.

Flavor Version Tinstall Tcheck Ttotal Status Flags
r-devel-linux-x86_64-debian-clang 2.1 3.36 34.14 37.49 OK
r-devel-linux-x86_64-debian-gcc 2.1 3.38 33.73 37.11 OK
r-devel-linux-x86_64-fedora-clang 2.1 68.53 OK --no-stop-on-test-error
r-devel-linux-x86_64-fedora-gcc 2.1 67.49 OK --no-stop-on-test-error
r-devel-macos-x86_64-clang 2.1 53.00 OK
r-devel-windows-ix86+x86_64 2.1 8.00 64.00 72.00 OK
r-patched-linux-x86_64 2.1 2.76 30.50 33.26 OK
r-patched-solaris-sparc 2.1 344.10 OK
r-patched-solaris-x86 2.1 63.90 OK
r-release-linux-x86_64 2.1 3.17 30.79 33.96 OK
r-release-osx-x86_64-mavericks 2.1 NOTE
r-release-windows-ix86+x86_64 2.1 13.00 60.00 73.00 OK
r-oldrel-windows-ix86+x86_64 2.1 10.00 59.00 69.00 OK

Check Details

Version: 2.1
Check: package dependencies
Result: NOTE
    Package suggested but not available for checking: ‘Rmpi’
Flavor: r-release-osx-x86_64-mavericks