CRAN Package Check Results for Package irace

Last updated on 2016-05-06 17:47:13.

Flavor Version Tinstall Tcheck Ttotal Status Flags
r-devel-linux-x86_64-debian-gcc 1.07 2.18 15.97 18.14 OK
r-devel-linux-x86_64-fedora-clang 1.07 31.76 OK
r-devel-linux-x86_64-fedora-gcc 1.07 28.98 OK
r-devel-osx-x86_64-clang 1.07 37.13 OK
r-devel-windows-ix86+x86_64 1.07 7.00 44.00 51.00 OK
r-patched-linux-x86_64 1.07 2.20 15.59 17.79 OK
r-patched-solaris-sparc 1.07 192.80 OK
r-patched-solaris-x86 1.07 39.40 OK
r-release-linux-x86_64 1.07 2.26 15.67 17.93 OK
r-release-osx-x86_64-mavericks 1.07 NOTE
r-release-windows-ix86+x86_64 1.07 7.00 44.00 51.00 OK
r-oldrel-windows-ix86+x86_64 1.07 6.00 26.00 32.00 OK

Check Details

Version: 1.07
Check: package dependencies
Result: NOTE
    Package suggested but not available for checking: ‘Rmpi’
Flavor: r-release-osx-x86_64-mavericks