CRAN Package Check Results for Package ircor

Last updated on 2022-01-26 21:50:12 CET.

Flavor Version Tinstall Tcheck Ttotal Status Flags
r-devel-linux-x86_64-debian-clang 1.0 2.07 30.56 32.63 NOTE
r-devel-linux-x86_64-debian-gcc 1.0 1.50 23.85 25.35 NOTE
r-devel-linux-x86_64-fedora-clang 1.0 40.08 NOTE
r-devel-linux-x86_64-fedora-gcc 1.0 29.41 NOTE
r-devel-windows-x86_64-new-UL 1.0 16.00 46.00 62.00 NOTE
r-devel-windows-x86_64-new-TK 1.0 NOTE
r-patched-linux-x86_64 1.0 1.53 30.10 31.63 NOTE
r-release-linux-x86_64 1.0 1.86 29.30 31.16 NOTE
r-release-macos-arm64 1.0 NOTE
r-release-macos-x86_64 1.0 NOTE
r-release-windows-ix86+x86_64 1.0 5.00 39.00 44.00 NOTE
r-oldrel-macos-x86_64 1.0 OK
r-oldrel-windows-ix86+x86_64 1.0 5.00 40.00 45.00 OK

Check Details

Version: 1.0
Check: LazyData
Result: NOTE
     'LazyData' is specified without a 'data' directory
Flavors: r-devel-linux-x86_64-debian-clang, r-devel-linux-x86_64-debian-gcc, r-devel-linux-x86_64-fedora-clang, r-devel-linux-x86_64-fedora-gcc, r-devel-windows-x86_64-new-UL, r-devel-windows-x86_64-new-TK, r-patched-linux-x86_64, r-release-linux-x86_64, r-release-macos-arm64, r-release-macos-x86_64, r-release-windows-ix86+x86_64