CRAN Package Check Results for Package irlba

Last updated on 2017-04-27 23:49:56.

Flavor Version Tinstall Tcheck Ttotal Status Flags
r-devel-linux-x86_64-debian-clang 2.1.2 3.26 41.33 44.59 NOTE
r-devel-linux-x86_64-debian-gcc 2.1.2 3.59 39.60 43.19 NOTE
r-devel-linux-x86_64-fedora-clang 2.1.2 95.21 NOTE --no-stop-on-test-error
r-devel-linux-x86_64-fedora-gcc 2.1.2 93.15 NOTE --no-stop-on-test-error
r-devel-windows-ix86+x86_64 2.1.2 11.00 131.00 142.00 OK
r-patched-linux-x86_64 2.1.2 3.44 39.95 43.39 NOTE
r-patched-solaris-sparc 2.1.2 569.60 OK
r-patched-solaris-x86 2.1.2 126.60 OK
r-release-linux-x86_64 2.1.2 3.16 39.77 42.93 NOTE
r-release-windows-ix86+x86_64 2.1.2 13.00 118.00 131.00 OK
r-release-osx-x86_64 2.1.2 OK
r-oldrel-windows-ix86+x86_64 2.1.2 13.00 85.00 98.00 OK
r-oldrel-osx-x86_64 2.1.2 OK

Check Details

Version: 2.1.2
Check: compiled code
Result: NOTE
    File ‘irlba/libs/irlba.so’:
     Found no calls to: ‘R_registerRoutines’, ‘R_useDynamicSymbols’
    
    It is good practice to register native routines and to disable symbol
    search.
    
    See ‘Writing portable packages’ in the ‘Writing R Extensions’ manual.
Flavors: r-devel-linux-x86_64-debian-clang, r-devel-linux-x86_64-debian-gcc, r-patched-linux-x86_64, r-release-linux-x86_64

Version: 2.1.2
Flags: --no-stop-on-test-error
Check: compiled code
Result: NOTE
    File ‘irlba/libs/irlba.so’:
     Found no calls to: ‘R_registerRoutines’, ‘R_useDynamicSymbols’
    
    It is good practice to register native routines and to disable symbol
    search.
    
    See ‘Writing portable packages’ in the ‘Writing R Extensions’ manual.
Flavors: r-devel-linux-x86_64-fedora-clang, r-devel-linux-x86_64-fedora-gcc