CRAN Package Check Results for Package irlba

Last updated on 2015-09-01 10:50:56.

Flavor Version Tinstall Tcheck Ttotal Status Flags
r-devel-linux-x86_64-debian-clang 1.0.3 2.27 31.46 33.73 NOTE
r-devel-linux-x86_64-debian-gcc 1.0.3 2.32 30.71 33.03 NOTE
r-devel-linux-x86_64-fedora-clang 1.0.3 71.14 NOTE
r-devel-linux-x86_64-fedora-gcc 1.0.3 67.58 NOTE
r-devel-osx-x86_64-clang 1.0.3 59.84 OK
r-devel-windows-ix86+x86_64 1.0.3 8.00 61.00 69.00 NOTE
r-patched-linux-x86_64 1.0.3 2.60 33.03 35.63 OK
r-patched-solaris-sparc 1.0.3 445.90 OK
r-patched-solaris-x86 1.0.3 103.40 OK
r-release-linux-x86_64 1.0.3 2.50 34.14 36.65 OK
r-release-osx-x86_64-mavericks 1.0.3 OK
r-release-windows-ix86+x86_64 1.0.3 8.00 58.00 66.00 OK
r-oldrel-windows-ix86+x86_64 1.0.3 12.00 68.00 80.00 OK

Check Details

Version: 1.0.3
Check: R code for possible problems
Result: NOTE
    irlba: no visible global function definition for ‘rnorm’
    Undefined global functions or variables:
     rnorm
    Consider adding
     importFrom("stats", "rnorm")
    to your NAMESPACE.
Flavors: r-devel-linux-x86_64-debian-clang, r-devel-linux-x86_64-debian-gcc, r-devel-linux-x86_64-fedora-clang, r-devel-linux-x86_64-fedora-gcc, r-devel-windows-ix86+x86_64