CRAN Package Check Results for Package irlba

Last updated on 2015-07-30 22:49:54.

Flavor Version Tinstall Tcheck Ttotal Status Flags
r-devel-linux-x86_64-debian-clang 1.0.3 2.67 32.47 35.14 NOTE
r-devel-linux-x86_64-debian-gcc 1.0.3 2.69 31.59 34.28 NOTE
r-devel-linux-x86_64-fedora-clang 1.0.3 75.31 NOTE
r-devel-linux-x86_64-fedora-gcc 1.0.3 68.58 NOTE
r-devel-osx-x86_64-clang 1.0.3 58.64 OK
r-devel-windows-ix86+x86_64 1.0.3 9.00 78.00 87.00 NOTE
r-patched-linux-x86_64 1.0.3 2.43 33.10 35.53 OK
r-patched-solaris-sparc 1.0.3 445.90 OK
r-patched-solaris-x86 1.0.3 100.50 OK
r-release-linux-x86_64 1.0.3 2.54 33.33 35.87 OK
r-release-osx-x86_64-mavericks 1.0.3 OK
r-release-windows-ix86+x86_64 1.0.3 9.00 75.00 84.00 OK
r-oldrel-windows-ix86+x86_64 1.0.3 11.00 66.00 77.00 OK

Check Details

Version: 1.0.3
Check: R code for possible problems
Result: NOTE
    irlba: no visible global function definition for ‘rnorm’
    Undefined global functions or variables:
     rnorm
    Consider adding
     importFrom("stats", "rnorm")
    to your NAMESPACE.
Flavors: r-devel-linux-x86_64-debian-clang, r-devel-linux-x86_64-debian-gcc, r-devel-linux-x86_64-fedora-clang, r-devel-linux-x86_64-fedora-gcc, r-devel-windows-ix86+x86_64