CRAN Package Check Results for Package irlba

Last updated on 2017-12-16 05:47:54 CET.

Flavor Version Tinstall Tcheck Ttotal Status Flags
r-devel-linux-x86_64-debian-clang 2.3.1 4.39 68.38 72.77 OK
r-devel-linux-x86_64-debian-gcc 2.3.1 3.06 54.14 57.20 OK
r-devel-linux-x86_64-fedora-clang 2.3.1 96.10 OK
r-devel-linux-x86_64-fedora-gcc 2.3.1 94.16 OK
r-devel-windows-ix86+x86_64 2.3.1 17.00 151.00 168.00 OK
r-patched-linux-x86_64 2.3.1 5.27 74.26 79.53 OK
r-patched-solaris-x86 2.3.1 146.10 OK
r-release-linux-x86_64 2.3.1 4.32 73.60 77.92 OK
r-release-windows-ix86+x86_64 2.3.1 12.00 113.00 125.00 OK
r-release-osx-x86_64 2.3.1 NOTE
r-oldrel-windows-ix86+x86_64 2.3.1 14.00 125.00 139.00 OK
r-oldrel-osx-x86_64 2.3.1 OK

Check Details

Version: 2.3.1
Check: package dependencies
Result: NOTE
    Package suggested but not available for checking: ‘PMA’
Flavor: r-release-osx-x86_64