CRAN Package Check Results for Package irlba

Last updated on 2018-07-23 06:46:42 CEST.

Flavor Version Tinstall Tcheck Ttotal Status Flags
r-devel-linux-x86_64-debian-clang 2.3.2 7.41 73.87 81.28 OK
r-devel-linux-x86_64-debian-gcc 2.3.2 5.43 65.17 70.60 OK
r-devel-linux-x86_64-fedora-clang 2.3.2 102.83 OK
r-devel-linux-x86_64-fedora-gcc 2.3.2 102.30 OK
r-devel-windows-ix86+x86_64 2.3.2 19.00 126.00 145.00 OK
r-patched-linux-x86_64 2.3.2 OK
r-patched-solaris-x86 2.3.2 144.10 OK
r-release-linux-x86_64 2.3.2 6.11 70.36 76.47 OK
r-release-windows-ix86+x86_64 2.3.2 12.00 157.00 169.00 OK
r-release-osx-x86_64 2.3.2 OK
r-oldrel-windows-ix86+x86_64 2.3.2 11.00 155.00 166.00 OK
r-oldrel-osx-x86_64 2.3.2 NOTE

Check Details

Version: 2.3.2
Check: package dependencies
Result: NOTE
    Package suggested but not available for checking: ‘PMA’
Flavor: r-oldrel-osx-x86_64