CRAN Package Check Results for Package irlba

Last updated on 2017-02-28 03:47:37.

Flavor Version Tinstall Tcheck Ttotal Status Flags
r-devel-linux-x86_64-debian-clang 2.1.2 3.07 40.21 43.28 NOTE
r-devel-linux-x86_64-debian-gcc 2.1.2 3.24 39.89 43.13 NOTE
r-devel-linux-x86_64-fedora-clang 2.1.2 95.84 NOTE --no-stop-on-test-error
r-devel-linux-x86_64-fedora-gcc 2.1.2 94.26 NOTE --no-stop-on-test-error
r-devel-macos-x86_64-clang 2.1.2 76.32 NOTE --no-stop-on-test-error
r-devel-windows-ix86+x86_64 2.1.2 11.00 169.00 180.00 WARN
r-patched-linux-x86_64 2.1.2 2.96 35.05 38.01 OK
r-patched-solaris-sparc 2.1.2 501.50 OK
r-patched-solaris-x86 2.1.2 92.10 OK
r-release-linux-x86_64 2.1.2 3.08 36.41 39.49 OK
r-release-osx-x86_64-mavericks 2.1.2 OK
r-release-windows-ix86+x86_64 2.1.2 15.00 94.00 109.00 OK
r-oldrel-windows-ix86+x86_64 2.1.2 12.00 129.00 141.00 OK

Check Details

Version: 2.1.2
Check: compiled code
Result: NOTE
    File ‘irlba/libs/irlba.so’:
     Found no calls to: ‘R_registerRoutines’, ‘R_useDynamicSymbols’
    
    It is good practice to register native routines and to disable symbol
    search.
    
    See ‘Writing portable packages’ in the ‘Writing R Extensions’ manual.
Flavors: r-devel-linux-x86_64-debian-clang, r-devel-linux-x86_64-debian-gcc

Version: 2.1.2
Flags: --no-stop-on-test-error
Check: compiled code
Result: NOTE
    File ‘irlba/libs/irlba.so’:
     Found no calls to: ‘R_registerRoutines’, ‘R_useDynamicSymbols’
    
    It is good practice to register native routines and to disable symbol
    search.
    
    See ‘Writing portable packages’ in the ‘Writing R Extensions’ manual.
Flavors: r-devel-linux-x86_64-fedora-clang, r-devel-linux-x86_64-fedora-gcc, r-devel-macos-x86_64-clang

Version: 2.1.2
Check: Rd cross-references
Result: WARN
    Warning in gzfile(file, "rb") :
     cannot open compressed file 'd:/RCompile/CRANpkg/lib/3.4/cluster/Meta/Rd.rds', probable reason 'Permission denied'
    Error in gzfile(file, "rb") : cannot open the connection
    Calls: <Anonymous> -> lapply -> FUN -> readRDS -> gzfile
    Execution halted
Flavor: r-devel-windows-ix86+x86_64