CRAN Package Check Results for Package irr

Last updated on 2015-04-01 19:48:26.

Flavor Version Tinstall Tcheck Ttotal Status Flags
r-devel-linux-x86_64-debian-clang 0.84 0.73 13.80 14.53 NOTE
r-devel-linux-x86_64-debian-gcc 0.84 0.76 13.41 14.16 NOTE
r-devel-linux-x86_64-fedora-clang 0.84 28.79 NOTE
r-devel-linux-x86_64-fedora-gcc 0.84 26.46 NOTE
r-devel-osx-x86_64-clang 0.84 33.47 NOTE
r-prerel-windows-ix86+x86_64 0.84 5.00 23.00 28.00 NOTE
r-prerel-linux-x86_64 0.84 0.74 13.67 14.41 NOTE
r-prerel-solaris-sparc 0.84 180.30 NOTE
r-prerel-solaris-x86 0.84 37.40 NOTE
r-release-linux-x86_64 0.84 0.80 15.50 16.30 NOTE
r-release-osx-x86_64-mavericks 0.84 NOTE
r-release-windows-ix86+x86_64 0.84 5.00 26.00 31.00 NOTE
r-oldrel-windows-ix86+x86_64 0.84 3.00 26.00 29.00 NOTE

Check Details

Version: 0.84
Check: dependencies in R code
Result: NOTE
    'library' or 'require' call to ‘lpSolve’ which was already attached by Depends.
     Please remove these calls from your code.
Flavors: r-devel-linux-x86_64-debian-clang, r-devel-linux-x86_64-debian-gcc, r-devel-linux-x86_64-fedora-clang, r-devel-linux-x86_64-fedora-gcc, r-devel-osx-x86_64-clang, r-prerel-windows-ix86+x86_64, r-prerel-linux-x86_64, r-prerel-solaris-sparc, r-prerel-solaris-x86, r-release-linux-x86_64, r-release-windows-ix86+x86_64

Version: 0.84
Check: S3 generic/method consistency
Result: NOTE
    Found the following apparent S3 methods exported but not registered:
     print.icclist print.irrlist
    See section ‘Registering S3 methods’ in the ‘Writing R Extensions’
    manual.
Flavors: r-devel-linux-x86_64-debian-clang, r-devel-linux-x86_64-debian-gcc, r-devel-linux-x86_64-fedora-clang, r-devel-linux-x86_64-fedora-gcc, r-devel-osx-x86_64-clang, r-prerel-linux-x86_64

Version: 0.84
Check: Rd line widths
Result: NOTE
    Rd file 'N2.cohen.kappa.Rd':
     \examples lines wider than 100 characters:
     N2.cohen.kappa(c(0.2, 0.25, 0.55), k1=0.6, k0=0.4)
    
    These lines will be truncated in the PDF manual.
Flavors: r-devel-linux-x86_64-debian-clang, r-devel-linux-x86_64-debian-gcc, r-devel-linux-x86_64-fedora-clang, r-devel-linux-x86_64-fedora-gcc, r-prerel-linux-x86_64, r-release-linux-x86_64

Version: 0.84
Check: dependencies in R code
Result: NOTE
    'library' or 'require' call to ‘lpSolve’ which was already attached by Depends.
     Please remove these calls from your code.
    See the information on DESCRIPTION files in the chapter ‘Creating R
    packages’ of the ‘Writing R Extensions’ manual.
Flavors: r-release-osx-x86_64-mavericks, r-oldrel-windows-ix86+x86_64