CRAN Package Check Results for Package irr

Last updated on 2015-05-23 09:48:26.

Flavor Version Tinstall Tcheck Ttotal Status Flags
r-devel-linux-x86_64-debian-clang 0.84 0.74 13.84 14.59 NOTE
r-devel-linux-x86_64-debian-gcc 0.84 0.76 14.25 15.02 NOTE
r-devel-linux-x86_64-fedora-clang 0.84 27.78 NOTE
r-devel-linux-x86_64-fedora-gcc 0.84 25.73 NOTE
r-devel-osx-x86_64-clang 0.84 31.17 NOTE
r-devel-windows-ix86+x86_64 0.84 4.00 24.00 28.00 NOTE
r-patched-linux-x86_64 0.84 0.73 13.89 14.62 NOTE
r-patched-solaris-sparc 0.84 172.20 NOTE
r-patched-solaris-x86 0.84 38.30 NOTE
r-release-linux-x86_64 0.84 0.74 14.22 14.96 NOTE
r-release-osx-x86_64-mavericks 0.84 NOTE
r-release-osx-x86_64-snowleopard 0.84 NOTE
r-release-windows-ix86+x86_64 0.84 2.00 27.00 29.00 NOTE
r-oldrel-windows-ix86+x86_64 0.84 6.00 34.00 40.00 NOTE

Check Details

Version: 0.84
Check: dependencies in R code
Result: NOTE
    'library' or 'require' call to ‘lpSolve’ which was already attached by Depends.
     Please remove these calls from your code.
Flavors: r-devel-linux-x86_64-debian-clang, r-devel-linux-x86_64-debian-gcc, r-devel-linux-x86_64-fedora-clang, r-devel-linux-x86_64-fedora-gcc, r-devel-osx-x86_64-clang, r-devel-windows-ix86+x86_64, r-patched-linux-x86_64, r-patched-solaris-sparc, r-patched-solaris-x86, r-release-linux-x86_64, r-release-osx-x86_64-mavericks, r-release-osx-x86_64-snowleopard, r-release-windows-ix86+x86_64, r-oldrel-windows-ix86+x86_64

Version: 0.84
Check: S3 generic/method consistency
Result: NOTE
    Found the following apparent S3 methods exported but not registered:
     print.icclist print.irrlist
    See section ‘Registering S3 methods’ in the ‘Writing R Extensions’
    manual.
Flavors: r-devel-linux-x86_64-debian-clang, r-devel-linux-x86_64-debian-gcc, r-devel-linux-x86_64-fedora-clang, r-devel-linux-x86_64-fedora-gcc, r-devel-osx-x86_64-clang, r-patched-linux-x86_64, r-patched-solaris-sparc, r-patched-solaris-x86, r-release-linux-x86_64

Version: 0.84
Check: Rd line widths
Result: NOTE
    Rd file 'N2.cohen.kappa.Rd':
     \examples lines wider than 100 characters:
     N2.cohen.kappa(c(0.2, 0.25, 0.55), k1=0.6, k0=0.4)
    
    These lines will be truncated in the PDF manual.
Flavors: r-devel-linux-x86_64-debian-clang, r-devel-linux-x86_64-debian-gcc, r-devel-linux-x86_64-fedora-clang, r-devel-linux-x86_64-fedora-gcc, r-patched-linux-x86_64, r-release-linux-x86_64