Last updated on 2018-04-25 01:46:43 CEST.
Flavor | Version | Tinstall | Tcheck | Ttotal | Status | Flags |
---|---|---|---|---|---|---|
r-devel-linux-x86_64-debian-clang | 0.84 | 3.03 | 24.63 | 27.66 | NOTE | |
r-devel-linux-x86_64-debian-gcc | 0.84 | 2.36 | 19.40 | 21.76 | NOTE | |
r-devel-linux-x86_64-fedora-clang | 0.84 | 33.32 | NOTE | |||
r-devel-linux-x86_64-fedora-gcc | 0.84 | 31.77 | NOTE | |||
r-devel-windows-ix86+x86_64 | 0.84 | 7.00 | 37.00 | 44.00 | NOTE | |
r-patched-linux-x86_64 | 0.84 | 2.93 | 24.26 | 27.19 | NOTE | |
r-patched-solaris-x86 | 0.84 | 45.90 | NOTE | |||
r-release-linux-x86_64 | 0.84 | 3.55 | 24.28 | 27.83 | NOTE | |
r-release-windows-ix86+x86_64 | 0.84 | 7.00 | 37.00 | 44.00 | NOTE | |
r-release-osx-x86_64 | 0.84 | NOTE | ||||
r-oldrel-windows-ix86+x86_64 | 0.84 | 3.00 | 35.00 | 38.00 | NOTE | |
r-oldrel-osx-x86_64 | 0.84 | NOTE |
Version: 0.84
Check: dependencies in R code
Result: NOTE
'library' or 'require' call to ‘lpSolve’ which was already attached by Depends.
Please remove these calls from your code.
Flavors: r-devel-linux-x86_64-debian-clang, r-devel-linux-x86_64-debian-gcc, r-devel-linux-x86_64-fedora-clang, r-devel-linux-x86_64-fedora-gcc, r-devel-windows-ix86+x86_64, r-patched-linux-x86_64, r-patched-solaris-x86, r-release-linux-x86_64, r-release-windows-ix86+x86_64, r-release-osx-x86_64, r-oldrel-windows-ix86+x86_64, r-oldrel-osx-x86_64
Version: 0.84
Check: S3 generic/method consistency
Result: NOTE
Found the following apparent S3 methods exported but not registered:
print.icclist print.irrlist
See section ‘Registering S3 methods’ in the ‘Writing R Extensions’
manual.
Flavors: r-devel-linux-x86_64-debian-clang, r-devel-linux-x86_64-debian-gcc, r-devel-linux-x86_64-fedora-clang, r-devel-linux-x86_64-fedora-gcc, r-patched-linux-x86_64, r-patched-solaris-x86, r-release-linux-x86_64
Version: 0.84
Check: R code for possible problems
Result: NOTE
N.cohen.kappa: no visible global function definition for ‘qnorm’
N2.cohen.kappa: no visible global function definition for ‘qnorm’
agree: no visible global function definition for ‘na.omit’
bhapkar: no visible global function definition for ‘na.omit’
bhapkar: no visible global function definition for ‘pchisq’
finn: no visible global function definition for ‘na.omit’
finn: no visible global function definition for ‘var’
finn: no visible binding for global variable ‘var’
finn: no visible global function definition for ‘pf’
icc: no visible global function definition for ‘na.omit’
icc: no visible global function definition for ‘var’
icc: no visible binding for global variable ‘var’
icc: no visible global function definition for ‘pf’
icc: no visible global function definition for ‘qf’
iota: no visible global function definition for ‘na.omit’
iota: no visible global function definition for ‘sd’
iota: no visible global function definition for ‘var’
iota: no visible binding for global variable ‘var’
kappa2: no visible global function definition for ‘na.omit’
kappa2: no visible global function definition for ‘pnorm’
kappam.fleiss: no visible global function definition for ‘na.omit’
kappam.fleiss: no visible binding for global variable ‘var’
kappam.fleiss: no visible global function definition for ‘pnorm’
kappam.light: no visible global function definition for ‘na.omit’
kappam.light: no visible global function definition for ‘pnorm’
kendall: no visible global function definition for ‘na.omit’
kendall: no visible global function definition for ‘var’
kendall: no visible global function definition for ‘pchisq’
maxwell: no visible global function definition for ‘na.omit’
meancor: no visible global function definition for ‘na.omit’
meancor: no visible global function definition for ‘cor’
meancor: no visible global function definition for ‘pnorm’
meanrho: no visible global function definition for ‘na.omit’
meanrho: no visible global function definition for ‘cor’
meanrho: no visible global function definition for ‘pnorm’
rater.bias: no visible global function definition for ‘pchisq’
relInterIntra: no visible global function definition for ‘aov’
relInterIntra: no visible global function definition for ‘pf’
relInterIntra: no visible global function definition for ‘qf’
robinson: no visible global function definition for ‘na.omit’
robinson: no visible global function definition for ‘var’
stuart.maxwell.mh: no visible global function definition for ‘pchisq’
Undefined global functions or variables:
aov cor na.omit pchisq pf pnorm qf qnorm sd var
Consider adding
importFrom("stats", "aov", "cor", "na.omit", "pchisq", "pf", "pnorm",
"qf", "qnorm", "sd", "var")
to your NAMESPACE file.
Flavors: r-devel-linux-x86_64-debian-clang, r-devel-linux-x86_64-debian-gcc, r-devel-linux-x86_64-fedora-clang, r-devel-linux-x86_64-fedora-gcc, r-devel-windows-ix86+x86_64, r-patched-linux-x86_64, r-patched-solaris-x86, r-release-linux-x86_64, r-release-windows-ix86+x86_64, r-release-osx-x86_64, r-oldrel-windows-ix86+x86_64, r-oldrel-osx-x86_64
Version: 0.84
Check: Rd line widths
Result: NOTE
Rd file 'N2.cohen.kappa.Rd':
\examples lines wider than 100 characters:
N2.cohen.kappa(c(0.2, 0.25, 0.55), k1=0.6, k0=0.4)
These lines will be truncated in the PDF manual.
Flavors: r-devel-linux-x86_64-debian-clang, r-devel-linux-x86_64-debian-gcc, r-devel-linux-x86_64-fedora-clang, r-devel-linux-x86_64-fedora-gcc, r-patched-linux-x86_64, r-release-linux-x86_64