CRAN Package Check Results for Package irregulAR1

Last updated on 2019-08-18 00:46:14 CEST.

Flavor Version Tinstall Tcheck Ttotal Status Flags
r-devel-linux-x86_64-debian-clang 1.0.0 57.19 56.34 113.53 NOTE
r-devel-linux-x86_64-debian-gcc 1.0.0 46.61 45.53 92.14 NOTE
r-devel-linux-x86_64-fedora-clang 1.0.0 166.22 NOTE
r-devel-linux-x86_64-fedora-gcc 1.0.0 158.15 NOTE
r-devel-windows-ix86+x86_64 1.0.0 160.00 140.00 300.00 OK
r-patched-linux-x86_64 1.0.0 59.89 56.01 115.90 NOTE
r-patched-solaris-x86 1.0.0 183.60 OK
r-release-linux-x86_64 1.0.0 51.12 55.40 106.52 NOTE
r-release-windows-ix86+x86_64 1.0.0 157.00 137.00 294.00 OK
r-release-osx-x86_64 1.0.0 OK
r-oldrel-windows-ix86+x86_64 1.0.0 152.00 133.00 285.00 OK
r-oldrel-osx-x86_64 1.0.0 OK

Check Details

Version: 1.0.0
Check: use of SHLIB_OPENMP_*FLAGS in Makefiles
Result: NOTE
     src/Makevars: SHLIB_OPENMP_CXXFLAGS is included in PKG_CXXFLAGS but not in PKG_LIBS
     src/Makevars: SHLIB_OPENMP_CFLAGS is included in PKG_LIBS but linking is by C++
     src/Makevars.win: SHLIB_OPENMP_CXXFLAGS is included in PKG_CXXFLAGS but not in PKG_LIBS
     src/Makevars.win: SHLIB_OPENMP_CFLAGS is included in PKG_LIBS but linking is by C++
    Use of these macros is discussed in sect 1.2.1.1 of 'Writing R
    Extensions'. The macros for different languages may differ so the
    matching macro must be used in PKG_CXXFLAGS (etc) and match that used
    in PKG_LIBS (except for Fortran: see the manual).
Flavors: r-devel-linux-x86_64-debian-clang, r-devel-linux-x86_64-debian-gcc, r-devel-linux-x86_64-fedora-clang, r-devel-linux-x86_64-fedora-gcc, r-patched-linux-x86_64, r-release-linux-x86_64